CRAN Package Check Results for Package A3

Last updated on 2014-07-23 23:48:20.

Flavor Version Tinstall Tcheck Ttotal Status Flags
r-devel-linux-x86_64-debian-clang 0.9.2 0.69 14.55 15.24 NOTE
r-devel-linux-x86_64-debian-gcc 0.9.2 0.68 14.40 15.08 NOTE
r-devel-linux-x86_64-fedora-clang 0.9.2 34.55 NOTE
r-devel-linux-x86_64-fedora-gcc 0.9.2 29.42 NOTE
r-devel-osx-x86_64-clang 0.9.2 32.24 NOTE
r-devel-windows-ix86+x86_64 0.9.2 3.00 23.00 26.00 NOTE
r-patched-linux-x86_64 0.9.2 0.74 14.93 15.66 NOTE
r-patched-solaris-sparc 0.9.2 163.80 NOTE
r-patched-solaris-x86 0.9.2 40.60 NOTE
r-release-linux-ix86 0.9.2 1.03 25.30 26.34 NOTE
r-release-linux-x86_64 0.9.2 0.74 14.64 15.38 NOTE
r-release-osx-x86_64-mavericks 0.9.2 NOTE
r-release-windows-ix86+x86_64 0.9.2 3.00 21.00 24.00 NOTE
r-oldrel-windows-ix86+x86_64 0.9.2 3.00 25.00 28.00 NOTE

Check Details

Version: 0.9.2
Check: dependencies in R code
Result: NOTE
    'library' or 'require' calls to packages already attached by Depends:
     ‘pbapply’ ‘xtable’
     Please remove these calls from your code.
    See the information on DESCRIPTION files in the chapter ‘Creating R
    packages’ of the ‘Writing R Extensions’ manual.
Flavors: r-devel-linux-x86_64-debian-clang, r-devel-linux-x86_64-debian-gcc, r-devel-linux-x86_64-fedora-clang, r-devel-linux-x86_64-fedora-gcc, r-devel-osx-x86_64-clang, r-devel-windows-ix86+x86_64, r-patched-linux-x86_64, r-patched-solaris-sparc, r-patched-solaris-x86, r-release-linux-ix86, r-release-linux-x86_64, r-release-osx-x86_64-mavericks, r-release-windows-ix86+x86_64, r-oldrel-windows-ix86+x86_64

Version: 0.9.2
Check: top-level files
Result: NOTE
    Non-standard files/directories found at top level:
     ‘xtable.html’ ‘xtable.tex’
Flavors: r-devel-linux-x86_64-fedora-clang, r-devel-linux-x86_64-fedora-gcc

Version: 0.9.2
Check: Rd line widths
Result: NOTE
    Rd file 'a3.gen.default.Rd':
     \examples lines wider than 100 characters:
     a3.lm(rating ~ ., attitude, p.acc = 0.1, data.generating.fn = replicate(ncol(attitude), a3.gen.autocor))
    
    Rd file 'plotSlopes.Rd':
     \examples lines wider than 100 characters:
     x <- a3(MED.VALUE ~ NOX + PUPIL.TEACHER + ROOMS + AGE + HIGHWAY + 0, housing, randomForest, p.acc = NULL, n.folds = 2)
    
    These lines will be truncated in the PDF manual.
Flavors: r-devel-linux-x86_64-fedora-clang, r-devel-linux-x86_64-fedora-gcc