CRAN Package Check Results for Package A3

Last updated on 2015-05-29 23:47:40.

Flavor Version Tinstall Tcheck Ttotal Status Flags
r-devel-linux-x86_64-debian-clang 0.9.2 0.68 12.82 13.50 NOTE
r-devel-linux-x86_64-debian-gcc 0.9.2 0.70 12.97 13.67 NOTE
r-devel-linux-x86_64-fedora-clang 0.9.2 28.33 NOTE
r-devel-linux-x86_64-fedora-gcc 0.9.2 25.50 NOTE
r-devel-osx-x86_64-clang 0.9.2 31.15 NOTE
r-devel-windows-ix86+x86_64 0.9.2 3.00 21.00 24.00 NOTE
r-patched-linux-x86_64 0.9.2 0.62 12.94 13.56 NOTE
r-patched-solaris-sparc 0.9.2 183.10 NOTE
r-patched-solaris-x86 0.9.2 37.20 NOTE
r-release-linux-x86_64 0.9.2 0.73 12.75 13.48 NOTE
r-release-osx-x86_64-mavericks 0.9.2 NOTE
r-release-osx-x86_64-snowleopard 0.9.2 NOTE
r-release-windows-ix86+x86_64 0.9.2 3.00 22.00 25.00 NOTE
r-oldrel-windows-ix86+x86_64 0.9.2 3.00 39.00 42.00 NOTE

Check Details

Version: 0.9.2
Check: top-level files
Result: NOTE
    Non-standard files/directories found at top level:
     ‘xtable.html’ ‘xtable.tex’
Flavors: r-devel-linux-x86_64-debian-clang, r-devel-linux-x86_64-debian-gcc, r-devel-linux-x86_64-fedora-clang, r-devel-linux-x86_64-fedora-gcc, r-patched-linux-x86_64, r-release-linux-x86_64

Version: 0.9.2
Check: dependencies in R code
Result: NOTE
    'library' or 'require' calls to packages already attached by Depends:
     ‘pbapply’ ‘xtable’
     Please remove these calls from your code.
Flavors: r-devel-linux-x86_64-debian-clang, r-devel-linux-x86_64-debian-gcc, r-devel-linux-x86_64-fedora-clang, r-devel-linux-x86_64-fedora-gcc, r-devel-osx-x86_64-clang, r-devel-windows-ix86+x86_64, r-patched-linux-x86_64, r-patched-solaris-sparc, r-patched-solaris-x86, r-release-linux-x86_64, r-release-osx-x86_64-mavericks, r-release-osx-x86_64-snowleopard, r-release-windows-ix86+x86_64, r-oldrel-windows-ix86+x86_64

Version: 0.9.2
Check: S3 generic/method consistency
Result: NOTE
    Found the following apparent S3 methods exported but not registered:
     plot.A3 print.A3 xtable.A3
    See section ‘Registering S3 methods’ in the ‘Writing R Extensions’
    manual.
Flavors: r-devel-linux-x86_64-debian-clang, r-devel-linux-x86_64-debian-gcc, r-devel-linux-x86_64-fedora-clang, r-devel-linux-x86_64-fedora-gcc, r-devel-osx-x86_64-clang, r-patched-linux-x86_64, r-patched-solaris-sparc, r-patched-solaris-x86, r-release-linux-x86_64

Version: 0.9.2
Check: Rd line widths
Result: NOTE
    Rd file 'a3.gen.default.Rd':
     \examples lines wider than 100 characters:
     a3.lm(rating ~ ., attitude, p.acc = 0.1, data.generating.fn = replicate(ncol(attitude), a3.gen.autocor))
    
    Rd file 'plotSlopes.Rd':
     \examples lines wider than 100 characters:
     x <- a3(MED.VALUE ~ NOX + PUPIL.TEACHER + ROOMS + AGE + HIGHWAY + 0, housing, randomForest, p.acc = NULL, n.folds = 2)
    
    These lines will be truncated in the PDF manual.
Flavors: r-devel-linux-x86_64-debian-clang, r-devel-linux-x86_64-debian-gcc, r-devel-linux-x86_64-fedora-clang, r-devel-linux-x86_64-fedora-gcc, r-patched-linux-x86_64, r-release-linux-x86_64