CRAN Package Check Results for Package A3

Last updated on 2015-03-27 15:47:06.

Flavor Version Tinstall Tcheck Ttotal Status Flags
r-devel-linux-x86_64-debian-clang 0.9.2 0.66 14.76 15.42 NOTE
r-devel-linux-x86_64-debian-gcc 0.9.2 0.63 12.92 13.55 NOTE
r-devel-linux-x86_64-fedora-clang 0.9.2 28.09 NOTE
r-devel-linux-x86_64-fedora-gcc 0.9.2 27.02 NOTE
r-devel-osx-x86_64-clang 0.9.2 37.22 NOTE
r-prerel-windows-ix86+x86_64 0.9.2 3.00 21.00 24.00 NOTE
r-prerel-linux-x86_64 0.9.2 0.62 12.90 13.51 NOTE
r-prerel-solaris-sparc 0.9.2 191.10 NOTE
r-prerel-solaris-x86 0.9.2 36.70 NOTE
r-release-linux-x86_64 0.9.2 0.74 14.82 15.55 NOTE
r-release-osx-x86_64-mavericks 0.9.2 NOTE
r-release-windows-ix86+x86_64 0.9.2 3.00 23.00 26.00 NOTE
r-oldrel-windows-ix86+x86_64 0.9.2 4.00 25.00 29.00 NOTE

Check Details

Version: 0.9.2
Check: top-level files
Result: NOTE
    Non-standard files/directories found at top level:
     ‘xtable.html’ ‘xtable.tex’
Flavors: r-devel-linux-x86_64-debian-clang, r-devel-linux-x86_64-debian-gcc, r-devel-linux-x86_64-fedora-clang, r-devel-linux-x86_64-fedora-gcc, r-prerel-linux-x86_64, r-release-linux-x86_64

Version: 0.9.2
Check: dependencies in R code
Result: NOTE
    'library' or 'require' calls to packages already attached by Depends:
     ‘pbapply’ ‘xtable’
     Please remove these calls from your code.
Flavors: r-devel-linux-x86_64-debian-clang, r-devel-linux-x86_64-debian-gcc, r-devel-linux-x86_64-fedora-clang, r-devel-linux-x86_64-fedora-gcc, r-devel-osx-x86_64-clang, r-prerel-windows-ix86+x86_64, r-prerel-linux-x86_64, r-prerel-solaris-sparc, r-prerel-solaris-x86, r-release-linux-x86_64, r-release-windows-ix86+x86_64

Version: 0.9.2
Check: S3 generic/method consistency
Result: NOTE
    Found the following apparent S3 methods exported but not registered:
     plot.A3 print.A3 xtable.A3
    See section ‘Registering S3 methods’ in the ‘Writing R Extensions’
    manual.
Flavors: r-devel-linux-x86_64-debian-clang, r-devel-linux-x86_64-debian-gcc, r-devel-linux-x86_64-fedora-clang, r-devel-linux-x86_64-fedora-gcc, r-devel-osx-x86_64-clang, r-prerel-linux-x86_64

Version: 0.9.2
Check: Rd line widths
Result: NOTE
    Rd file 'a3.gen.default.Rd':
     \examples lines wider than 100 characters:
     a3.lm(rating ~ ., attitude, p.acc = 0.1, data.generating.fn = replicate(ncol(attitude), a3.gen.autocor))
    
    Rd file 'plotSlopes.Rd':
     \examples lines wider than 100 characters:
     x <- a3(MED.VALUE ~ NOX + PUPIL.TEACHER + ROOMS + AGE + HIGHWAY + 0, housing, randomForest, p.acc = NULL, n.folds = 2)
    
    These lines will be truncated in the PDF manual.
Flavors: r-devel-linux-x86_64-debian-clang, r-devel-linux-x86_64-debian-gcc, r-devel-linux-x86_64-fedora-clang, r-devel-linux-x86_64-fedora-gcc, r-prerel-linux-x86_64, r-release-linux-x86_64

Version: 0.9.2
Check: dependencies in R code
Result: NOTE
    'library' or 'require' calls to packages already attached by Depends:
     ‘pbapply’ ‘xtable’
     Please remove these calls from your code.
    See the information on DESCRIPTION files in the chapter ‘Creating R
    packages’ of the ‘Writing R Extensions’ manual.
Flavors: r-release-osx-x86_64-mavericks, r-oldrel-windows-ix86+x86_64