CRAN Package Check Results for Package A3

Last updated on 2015-08-02 23:47:52.

Flavor Version Tinstall Tcheck Ttotal Status Flags
r-devel-linux-x86_64-debian-clang 0.9.2 0.66 12.89 13.55 NOTE
r-devel-linux-x86_64-debian-gcc 0.9.2 0.60 13.08 13.68 NOTE
r-devel-linux-x86_64-fedora-clang 0.9.2 26.31 NOTE
r-devel-linux-x86_64-fedora-gcc 0.9.2 24.36 NOTE
r-devel-osx-x86_64-clang 0.9.2 28.10 NOTE
r-devel-windows-ix86+x86_64 0.9.2 3.00 26.00 29.00 NOTE
r-patched-linux-x86_64 0.9.2 0.69 12.62 13.30 NOTE
r-patched-solaris-sparc 0.9.2 170.40 NOTE
r-patched-solaris-x86 0.9.2 36.70 NOTE
r-release-linux-x86_64 0.9.2 0.78 12.59 13.37 NOTE
r-release-osx-x86_64-mavericks 0.9.2 NOTE
r-release-windows-ix86+x86_64 0.9.2 4.00 33.00 37.00 NOTE
r-oldrel-windows-ix86+x86_64 0.9.2 5.00 26.00 31.00 NOTE

Check Details

Version: 0.9.2
Check: top-level files
Result: NOTE
    Non-standard files/directories found at top level:
     ‘xtable.html’ ‘xtable.tex’
Flavors: r-devel-linux-x86_64-debian-clang, r-devel-linux-x86_64-debian-gcc, r-devel-linux-x86_64-fedora-clang, r-devel-linux-x86_64-fedora-gcc, r-patched-linux-x86_64, r-release-linux-x86_64

Version: 0.9.2
Check: dependencies in R code
Result: NOTE
    'library' or 'require' calls to packages already attached by Depends:
     ‘pbapply’ ‘xtable’
     Please remove these calls from your code.
Flavors: r-devel-linux-x86_64-debian-clang, r-devel-linux-x86_64-debian-gcc, r-devel-linux-x86_64-fedora-clang, r-devel-linux-x86_64-fedora-gcc, r-devel-osx-x86_64-clang, r-devel-windows-ix86+x86_64, r-patched-linux-x86_64, r-patched-solaris-sparc, r-patched-solaris-x86, r-release-linux-x86_64, r-release-osx-x86_64-mavericks, r-release-windows-ix86+x86_64, r-oldrel-windows-ix86+x86_64

Version: 0.9.2
Check: S3 generic/method consistency
Result: NOTE
    Found the following apparent S3 methods exported but not registered:
     plot.A3 print.A3 xtable.A3
    See section ‘Registering S3 methods’ in the ‘Writing R Extensions’
    manual.
Flavors: r-devel-linux-x86_64-debian-clang, r-devel-linux-x86_64-debian-gcc, r-devel-linux-x86_64-fedora-clang, r-devel-linux-x86_64-fedora-gcc, r-devel-osx-x86_64-clang, r-patched-linux-x86_64, r-patched-solaris-sparc, r-patched-solaris-x86, r-release-linux-x86_64

Version: 0.9.2
Check: R code for possible problems
Result: NOTE
    a3 : simulate.fn: no visible global function definition for ‘predict’
    a3.base: no visible global function definition for ‘model.frame’
    a3.base: no visible global function definition for ‘model.matrix’
    a3.base: no visible global function definition for ‘model.response’
    a3.base : get.names: no visible global function definition for ‘terms’
    a3.base : getSlopes: no visible global function definition for
     ‘predict’
    a3.base : <anonymous>: no visible global function definition for
     ‘median’
    a3.gen.autocor: no visible global function definition for ‘cor’
    a3.gen.autocor : <anonymous>: no visible global function definition for
     ‘rnorm’
    a3.gen.normal : <anonymous>: no visible global function definition for
     ‘rnorm’
    a3.lm: no visible binding for global variable ‘gaussian’
    a3.lm: no visible binding for global variable ‘glm’
    plot.A3: no visible global function definition for ‘par’
    plotPredictions: no visible global function definition for ‘plot’
    plotPredictions: no visible global function definition for ‘abline’
    plotSlopes: no visible global function definition for ‘par’
    plotSlopes: no visible global function definition for ‘plot’
    plotSlopes: no visible global function definition for ‘density’
    plotSlopes: no visible global function definition for ‘rug’
    plotSlopes: no visible global function definition for ‘abline’
    Undefined global functions or variables:
     abline cor density gaussian glm median model.frame model.matrix
     model.response par plot predict rnorm rug terms
    Consider adding
     importFrom("graphics", "abline", "par", "plot", "rug")
     importFrom("stats", "cor", "density", "gaussian", "glm", "median",
     "model.frame", "model.matrix", "model.response", "predict",
     "rnorm", "terms")
    to your NAMESPACE.
Flavors: r-devel-linux-x86_64-debian-clang, r-devel-linux-x86_64-debian-gcc, r-devel-linux-x86_64-fedora-clang, r-devel-linux-x86_64-fedora-gcc, r-devel-windows-ix86+x86_64

Version: 0.9.2
Check: Rd line widths
Result: NOTE
    Rd file 'a3.gen.default.Rd':
     \examples lines wider than 100 characters:
     a3.lm(rating ~ ., attitude, p.acc = 0.1, data.generating.fn = replicate(ncol(attitude), a3.gen.autocor))
    
    Rd file 'plotSlopes.Rd':
     \examples lines wider than 100 characters:
     x <- a3(MED.VALUE ~ NOX + PUPIL.TEACHER + ROOMS + AGE + HIGHWAY + 0, housing, randomForest, p.acc = NULL, n.folds = 2)
    
    These lines will be truncated in the PDF manual.
Flavors: r-devel-linux-x86_64-debian-clang, r-devel-linux-x86_64-debian-gcc, r-devel-linux-x86_64-fedora-clang, r-devel-linux-x86_64-fedora-gcc, r-patched-linux-x86_64, r-release-linux-x86_64