CRAN Package Check Results for Package ABACUS

Last updated on 2024-03-02 14:48:15 CET.

Flavor Version Tinstall Tcheck Ttotal Status Flags
r-devel-linux-x86_64-debian-clang 1.0.0 4.43 58.11 62.54 NOTE
r-devel-linux-x86_64-debian-gcc 1.0.0 5.12 43.95 49.07 NOTE
r-devel-linux-x86_64-fedora-clang 1.0.0 78.49 NOTE
r-devel-linux-x86_64-fedora-gcc 1.0.0 89.26 NOTE
r-devel-windows-x86_64 1.0.0 7.00 64.00 71.00 NOTE
r-patched-linux-x86_64 1.0.0 5.77 55.35 61.12 NOTE
r-release-linux-x86_64 1.0.0 4.99 56.75 61.74 NOTE
r-release-macos-arm64 1.0.0 35.00 NOTE
r-release-macos-x86_64 1.0.0 53.00 NOTE
r-release-windows-x86_64 1.0.0 10.00 73.00 83.00 NOTE
r-oldrel-macos-arm64 1.0.0 28.00 NOTE
r-oldrel-windows-x86_64 1.0.0 11.00 82.00 93.00 NOTE

Check Details

Version: 1.0.0
Check: LazyData
Result: NOTE 'LazyData' is specified without a 'data' directory Flavors: r-devel-linux-x86_64-debian-clang, r-devel-linux-x86_64-debian-gcc, r-devel-linux-x86_64-fedora-clang, r-devel-linux-x86_64-fedora-gcc, r-devel-windows-x86_64, r-patched-linux-x86_64, r-release-linux-x86_64, r-release-macos-arm64, r-release-macos-x86_64, r-release-windows-x86_64, r-oldrel-macos-arm64, r-oldrel-windows-x86_64