CRAN Package Check Results for Package ABM

Last updated on 2024-03-05 00:51:30 CET.

Flavor Version Tinstall Tcheck Ttotal Status Flags
r-devel-linux-x86_64-debian-clang 0.3 120.10 36.83 156.93 OK
r-devel-linux-x86_64-debian-gcc 0.3 92.19 27.83 120.02 OK
r-devel-linux-x86_64-fedora-clang 0.3 218.35 OK
r-devel-linux-x86_64-fedora-gcc 0.3 218.27 OK
r-devel-windows-x86_64 0.3 84.00 82.00 166.00 OK
r-patched-linux-x86_64 0.3 109.24 35.56 144.80 OK
r-release-linux-x86_64 0.3 113.89 42.82 156.71 OK
r-release-macos-arm64 0.3 57.00 NOTE
r-release-macos-x86_64 0.3 91.00 OK
r-release-windows-x86_64 0.3 82.00 89.00 171.00 OK
r-oldrel-macos-arm64 0.3 53.00 OK
r-oldrel-windows-x86_64 0.3 104.00 74.00 178.00 OK

Check Details

Version: 0.3
Check: installed package size
Result: NOTE installed size is 5.1Mb sub-directories of 1Mb or more: libs 4.7Mb Flavor: r-release-macos-arm64