CRAN Package Check Results for Package ACD

Last updated on 2021-10-17 11:49:08 CEST.

Flavor Version Tinstall Tcheck Ttotal Status Flags
r-devel-linux-x86_64-debian-clang 1.5.3 8.49 34.43 42.92 NOTE
r-devel-linux-x86_64-debian-gcc 1.5.3 6.81 40.72 47.53 NOTE
r-devel-linux-x86_64-fedora-clang 1.5.3 85.44 NOTE
r-devel-linux-x86_64-fedora-gcc 1.5.3 73.36 NOTE
r-devel-windows-x86_64 1.5.3 12.00 70.00 82.00 NOTE
r-devel-windows-x86_64-gcc10-UCRT 1.5.3 NOTE
r-patched-linux-x86_64 1.5.3 7.83 31.95 39.78 NOTE
r-patched-solaris-x86 1.5.3 94.60 NOTE
r-release-linux-x86_64 1.5.3 7.50 30.40 37.90 NOTE
r-release-macos-arm64 1.5.3 NOTE
r-release-macos-x86_64 1.5.3 NOTE
r-release-windows-ix86+x86_64 1.5.3 15.00 66.00 81.00 NOTE
r-oldrel-macos-x86_64 1.5.3 NOTE
r-oldrel-windows-ix86+x86_64 1.5.3 11.00 66.00 77.00 NOTE

Check Details

Version: 1.5.3
Check: DESCRIPTION meta-information
Result: NOTE
    Malformed Description field: should contain one or more complete sentences.
Flavors: r-devel-linux-x86_64-debian-clang, r-devel-linux-x86_64-debian-gcc, r-devel-linux-x86_64-fedora-clang, r-devel-linux-x86_64-fedora-gcc, r-devel-windows-x86_64, r-devel-windows-x86_64-gcc10-UCRT, r-patched-linux-x86_64, r-patched-solaris-x86, r-release-linux-x86_64, r-release-macos-arm64, r-release-macos-x86_64, r-release-windows-ix86+x86_64, r-oldrel-macos-x86_64, r-oldrel-windows-ix86+x86_64

Version: 1.5.3
Check: R code for possible problems
Result: NOTE
    print.funlinWLS: no visible global function definition for 'pchisq'
    print.linML: no visible global function definition for 'pchisq'
    print.loglinML: no visible global function definition for 'pchisq'
    print.satMarML: no visible global function definition for 'pchisq'
    print.satMcarWLS: no visible global function definition for 'pchisq'
    summary.funlinWLS: no visible global function definition for 'pchisq'
    summary.linML: no visible global function definition for 'pchisq'
    summary.loglinML: no visible global function definition for 'pchisq'
    summary.satMarML: no visible global function definition for 'pchisq'
    summary.satMcarWLS: no visible global function definition for 'pchisq'
    summary.waldTest: no visible global function definition for 'pchisq'
    Undefined global functions or variables:
     pchisq
    Consider adding
     importFrom("stats", "pchisq")
    to your NAMESPACE file.
Flavors: r-devel-linux-x86_64-debian-clang, r-devel-linux-x86_64-debian-gcc, r-devel-linux-x86_64-fedora-clang, r-devel-linux-x86_64-fedora-gcc, r-devel-windows-x86_64, r-devel-windows-x86_64-gcc10-UCRT, r-patched-linux-x86_64, r-patched-solaris-x86, r-release-linux-x86_64, r-release-macos-arm64, r-release-macos-x86_64, r-release-windows-ix86+x86_64, r-oldrel-macos-x86_64, r-oldrel-windows-ix86+x86_64