CRAN Package Check Results for Package ACD

Last updated on 2019-12-15 13:46:29 CET.

Flavor Version Tinstall Tcheck Ttotal Status Flags
r-devel-linux-x86_64-debian-clang 1.5.3 8.57 36.93 45.50 NOTE
r-devel-linux-x86_64-debian-gcc 1.5.3 4.76 38.35 43.11 NOTE
r-devel-linux-x86_64-fedora-clang 1.5.3 72.74 NOTE
r-devel-linux-x86_64-fedora-gcc 1.5.3 60.36 NOTE
r-devel-windows-ix86+x86_64 1.5.3 12.00 61.00 73.00 NOTE
r-devel-windows-ix86+x86_64-gcc8 1.5.3 13.00 62.00 75.00 NOTE
r-patched-linux-x86_64 1.5.3 7.03 25.33 32.36 NOTE
r-patched-solaris-x86 1.5.3 81.90 NOTE
r-release-linux-x86_64 1.5.3 7.42 24.99 32.41 NOTE
r-release-windows-ix86+x86_64 1.5.3 11.00 76.00 87.00 NOTE
r-release-osx-x86_64 1.5.3 NOTE
r-oldrel-windows-ix86+x86_64 1.5.3 9.00 54.00 63.00 NOTE
r-oldrel-osx-x86_64 1.5.3 NOTE

Check Details

Version: 1.5.3
Check: DESCRIPTION meta-information
Result: NOTE
    Malformed Description field: should contain one or more complete sentences.
Flavors: r-devel-linux-x86_64-debian-clang, r-devel-linux-x86_64-debian-gcc, r-devel-linux-x86_64-fedora-clang, r-devel-linux-x86_64-fedora-gcc, r-devel-windows-ix86+x86_64, r-devel-windows-ix86+x86_64-gcc8, r-patched-linux-x86_64, r-patched-solaris-x86, r-release-linux-x86_64, r-release-windows-ix86+x86_64, r-release-osx-x86_64, r-oldrel-windows-ix86+x86_64, r-oldrel-osx-x86_64

Version: 1.5.3
Check: R code for possible problems
Result: NOTE
    print.funlinWLS: no visible global function definition for 'pchisq'
    print.linML: no visible global function definition for 'pchisq'
    print.loglinML: no visible global function definition for 'pchisq'
    print.satMarML: no visible global function definition for 'pchisq'
    print.satMcarWLS: no visible global function definition for 'pchisq'
    summary.funlinWLS: no visible global function definition for 'pchisq'
    summary.linML: no visible global function definition for 'pchisq'
    summary.loglinML: no visible global function definition for 'pchisq'
    summary.satMarML: no visible global function definition for 'pchisq'
    summary.satMcarWLS: no visible global function definition for 'pchisq'
    summary.waldTest: no visible global function definition for 'pchisq'
    Undefined global functions or variables:
     pchisq
    Consider adding
     importFrom("stats", "pchisq")
    to your NAMESPACE file.
Flavors: r-devel-linux-x86_64-debian-clang, r-devel-linux-x86_64-debian-gcc, r-devel-linux-x86_64-fedora-clang, r-devel-linux-x86_64-fedora-gcc, r-devel-windows-ix86+x86_64, r-devel-windows-ix86+x86_64-gcc8, r-patched-linux-x86_64, r-patched-solaris-x86, r-release-linux-x86_64, r-release-windows-ix86+x86_64, r-release-osx-x86_64, r-oldrel-windows-ix86+x86_64, r-oldrel-osx-x86_64