CRAN Package Check Results for Package ACNE

Last updated on 2017-08-21 02:48:43.

Flavor Version Tinstall Tcheck Ttotal Status Flags
r-devel-linux-x86_64-debian-clang 0.8.1 4.40 59.15 63.55 OK
r-devel-linux-x86_64-debian-gcc 0.8.1 4.82 57.05 61.87 OK
r-devel-linux-x86_64-fedora-clang 0.8.1 139.84 OK
r-devel-linux-x86_64-fedora-gcc 0.8.1 122.15 OK
r-devel-windows-ix86+x86_64 0.8.1 11.00 88.00 99.00 OK
r-patched-linux-x86_64 0.8.1 4.31 56.81 61.12 OK
r-patched-solaris-x86 0.8.1 126.90 OK
r-release-linux-x86_64 0.8.1 4.44 62.72 67.16 OK
r-release-windows-ix86+x86_64 0.8.1 21.00 86.00 107.00 OK
r-release-osx-x86_64 0.8.1 ERROR
r-oldrel-windows-ix86+x86_64 0.8.1 8.00 61.00 69.00 OK
r-oldrel-osx-x86_64 0.8.1 OK

Check Details

Version: 0.8.1
Check: package dependencies
Result: ERROR
    Packages required but not available: ‘aroma.affymetrix’ ‘aroma.core’
    
    See section ‘The DESCRIPTION file’ in the ‘Writing R Extensions’
    manual.
Flavor: r-release-osx-x86_64