CRAN Package Check Results for Package ACNE

Last updated on 2014-08-22 13:46:46.

Flavor Version Tinstall Tcheck Ttotal Status Flags
r-devel-linux-x86_64-debian-clang 0.7.0 2.64 40.64 43.28 OK
r-devel-linux-x86_64-debian-gcc 0.7.0 2.66 39.70 42.35 OK
r-devel-linux-x86_64-fedora-clang 0.7.0 89.12 NOTE
r-devel-linux-x86_64-fedora-gcc 0.7.0 89.53 NOTE
r-devel-osx-x86_64-clang 0.7.0 79.61 NOTE
r-devel-windows-ix86+x86_64 0.7.0 12.00 64.00 76.00 OK
r-patched-linux-x86_64 0.7.0 3.26 42.98 46.24 OK
r-patched-solaris-sparc 0.7.0 590.60 OK
r-patched-solaris-x86 0.7.0 126.20 OK
r-release-linux-ix86 0.7.0 4.72 60.78 65.49 OK
r-release-linux-x86_64 0.7.0 3.68 48.18 51.86 OK
r-release-osx-x86_64-mavericks 0.7.0 OK
r-release-osx-x86_64-snowleopard 0.7.0 OK
r-release-windows-ix86+x86_64 0.7.0 12.00 82.00 94.00 OK
r-oldrel-windows-ix86+x86_64 0.7.0 15.00 74.00 89.00 OK

Check Details

Version: 0.7.0
Check: R code for possible problems
Result: NOTE
    .onAttach: no visible global function definition for ‘startupMessage’
    NmfPlm: no visible binding for global variable ‘Arguments’
    doACNE.AffymetrixCelSet: no visible binding for global variable
     ‘Arguments’
    doACNE.AffymetrixCelSet: no visible global function definition for
     ‘process’
    doACNE.AffymetrixCelSet: no visible global function definition for
     ‘findUnitsTodo’
    doACNE.AffymetrixCelSet: no visible global function definition for
     ‘fit’
    doACNE.default: no visible binding for global variable ‘Arguments’
    doACNE.default: no visible binding for global variable
     ‘AffymetrixCelSet’
    plot.SnpNmfFit: no visible binding for global variable ‘fit’
Flavors: r-devel-linux-x86_64-fedora-clang, r-devel-linux-x86_64-fedora-gcc, r-devel-osx-x86_64-clang