CRAN Package Check Results for Package ACNE

Last updated on 2015-01-25 17:47:56.

Flavor Version Tinstall Tcheck Ttotal Status Flags
r-devel-linux-x86_64-debian-clang 0.7.0 3.26 44.17 47.42 NOTE
r-devel-linux-x86_64-debian-gcc 0.7.0 2.98 42.05 45.03 NOTE
r-devel-linux-x86_64-fedora-clang 0.7.0 102.70 NOTE
r-devel-linux-x86_64-fedora-gcc 0.7.0 105.59 NOTE
r-devel-osx-x86_64-clang 0.7.0 93.07 NOTE
r-devel-windows-ix86+x86_64 0.7.0 12.00 79.00 91.00 NOTE
r-patched-linux-x86_64 0.7.0 3.79 48.64 52.43 NOTE
r-patched-solaris-sparc 0.7.0 619.60 NOTE
r-patched-solaris-x86 0.7.0 139.00 NOTE
r-release-linux-ix86 0.7.0 3.97 56.08 60.04 NOTE
r-release-linux-x86_64 0.7.0 3.24 46.86 50.09 NOTE
r-release-osx-x86_64-mavericks 0.7.0 NOTE
r-release-osx-x86_64-snowleopard 0.7.0 OK
r-release-windows-ix86+x86_64 0.7.0 16.00 80.00 96.00 NOTE
r-oldrel-windows-ix86+x86_64 0.7.0 17.00 86.00 103.00 OK

Check Details

Version: 0.7.0
Check: R code for possible problems
Result: NOTE
    .onAttach: no visible global function definition for ‘startupMessage’
    NmfPlm: no visible binding for global variable ‘Arguments’
    doACNE.AffymetrixCelSet: no visible binding for global variable
     ‘Arguments’
    doACNE.AffymetrixCelSet: no visible global function definition for
     ‘process’
    doACNE.AffymetrixCelSet: no visible global function definition for
     ‘findUnitsTodo’
    doACNE.AffymetrixCelSet: no visible global function definition for
     ‘fit’
    doACNE.default: no visible binding for global variable ‘Arguments’
    doACNE.default: no visible binding for global variable
     ‘AffymetrixCelSet’
    plot.SnpNmfFit: no visible binding for global variable ‘fit’
Flavors: r-devel-linux-x86_64-debian-clang, r-devel-linux-x86_64-debian-gcc, r-devel-linux-x86_64-fedora-clang, r-devel-linux-x86_64-fedora-gcc, r-devel-osx-x86_64-clang, r-devel-windows-ix86+x86_64, r-patched-linux-x86_64, r-patched-solaris-sparc, r-patched-solaris-x86, r-release-linux-ix86, r-release-linux-x86_64, r-release-osx-x86_64-mavericks, r-release-windows-ix86+x86_64