CRAN Package Check Results for Package ACNE

Last updated on 2018-09-24 09:54:17 CEST.

Flavor Version Tinstall Tcheck Ttotal Status Flags
r-devel-linux-x86_64-debian-clang 0.8.1 3.90 57.09 60.99 OK
r-devel-linux-x86_64-debian-gcc 0.8.1 3.59 47.34 50.93 OK
r-devel-linux-x86_64-fedora-clang 0.8.1 77.99 OK
r-devel-linux-x86_64-fedora-gcc 0.8.1 79.51 OK
r-devel-windows-ix86+x86_64 0.8.1 15.00 103.00 118.00 OK
r-patched-linux-x86_64 0.8.1 3.11 54.27 57.38 OK
r-patched-solaris-x86 0.8.1 100.70 OK
r-release-linux-x86_64 0.8.1 4.68 54.39 59.07 OK
r-release-windows-ix86+x86_64 0.8.1 15.00 99.00 114.00 OK
r-release-osx-x86_64 0.8.1 OK
r-oldrel-windows-ix86+x86_64 0.8.1 11.00 144.00 155.00 OK
r-oldrel-osx-x86_64 0.8.1 ERROR

Check Details

Version: 0.8.1
Check: package dependencies
Result: ERROR
    Packages required but not available: ‘aroma.affymetrix’ ‘aroma.core’
    
    See section ‘The DESCRIPTION file’ in the ‘Writing R Extensions’
    manual.
Flavor: r-oldrel-osx-x86_64