CRAN Package Check Results for Package ACNE

Last updated on 2015-04-19 02:48:15.

Flavor Version Tinstall Tcheck Ttotal Status Flags
r-devel-linux-x86_64-debian-clang 0.8.0 2.59 33.24 35.82 OK
r-devel-linux-x86_64-debian-gcc 0.8.0 2.69 33.78 36.47 OK
r-devel-linux-x86_64-fedora-clang 0.8.0 74.23 OK
r-devel-linux-x86_64-fedora-gcc 0.8.0 75.75 OK
r-devel-osx-x86_64-clang 0.8.0 75.33 OK
r-patched-linux-x86_64 0.8.0 2.62 34.48 37.11 OK
r-patched-solaris-sparc 0.8.0 465.20 OK
r-patched-solaris-x86 0.8.0 96.80 OK
r-release-linux-x86_64 0.8.0 2.48 34.47 36.96 OK
r-release-osx-x86_64-mavericks 0.8.0 ERROR
r-release-osx-x86_64-snowleopard 0.8.0 ERROR
r-release-windows-ix86+x86_64 0.8.0 8.00 51.00 59.00 OK
r-oldrel-windows-ix86+x86_64 0.8.0 22.00 124.00 146.00 OK

Check Details

Version: 0.8.0
Check: package dependencies
Result: ERROR
    Packages required but not available: ‘aroma.affymetrix’ ‘aroma.core’
    
    See section ‘The DESCRIPTION file’ in the ‘Writing R Extensions’
    manual.
Flavor: r-release-osx-x86_64-mavericks

Version: 0.8.0
Check: package dependencies
Result: ERROR
    Packages required but not available: ‘aroma.affymetrix’ ‘aroma.core’
    
    Package suggested but not available for checking: ‘DNAcopy’
    
    See section ‘The DESCRIPTION file’ in the ‘Writing R Extensions’
    manual.
Flavor: r-release-osx-x86_64-snowleopard