CRAN Package Check Results for Package ACNE

Last updated on 2017-06-28 03:48:17.

Flavor Version Tinstall Tcheck Ttotal Status Flags
r-devel-linux-x86_64-debian-clang 0.8.1 5.01 54.42 59.43 OK
r-devel-linux-x86_64-debian-gcc 0.8.1 4.35 52.56 56.92 OK
r-devel-linux-x86_64-fedora-clang 0.8.1 114.04 OK
r-devel-linux-x86_64-fedora-gcc 0.8.1 110.62 OK
r-devel-windows-ix86+x86_64 0.8.1 18.00 84.00 102.00 OK
r-patched-linux-x86_64 0.8.1 4.58 56.71 61.29 OK
r-patched-solaris-sparc 0.8.1 658.60 OK
r-patched-solaris-x86 0.8.1 127.90 OK
r-release-linux-x86_64 0.8.1 4.37 60.31 64.68 OK
r-release-windows-ix86+x86_64 0.8.1 11.00 134.00 145.00 OK
r-release-osx-x86_64 0.8.1 ERROR
r-oldrel-windows-ix86+x86_64 0.8.1 10.00 86.00 96.00 OK
r-oldrel-osx-x86_64 0.8.1 OK

Check Details

Version: 0.8.1
Check: package dependencies
Result: ERROR
    Packages required but not available: ‘aroma.affymetrix’ ‘aroma.core’
    
    See section ‘The DESCRIPTION file’ in the ‘Writing R Extensions’
    manual.
Flavor: r-release-osx-x86_64