CRAN Package Check Results for Package ACNE

Last updated on 2017-05-24 05:49:47.

Flavor Version Tinstall Tcheck Ttotal Status Flags
r-devel-linux-x86_64-debian-clang 0.8.1 4.79 58.30 63.09 OK
r-devel-linux-x86_64-debian-gcc 0.8.1 4.34 55.30 59.63 OK
r-devel-linux-x86_64-fedora-clang 0.8.1 122.36 OK --no-stop-on-test-error
r-devel-linux-x86_64-fedora-gcc 0.8.1 112.41 OK --no-stop-on-test-error
r-devel-windows-ix86+x86_64 0.8.1 11.00 91.00 102.00 OK
r-patched-linux-x86_64 0.8.1 4.46 55.80 60.26 OK
r-patched-solaris-sparc 0.8.1 658.60 OK
r-patched-solaris-x86 0.8.1 128.00 OK
r-release-linux-x86_64 0.8.1 4.51 53.44 57.94 OK
r-release-windows-ix86+x86_64 0.8.1 11.00 125.00 136.00 OK
r-release-osx-x86_64 0.8.1 ERROR
r-oldrel-windows-ix86+x86_64 0.8.1 12.00 143.00 155.00 OK
r-oldrel-osx-x86_64 0.8.1 OK

Check Details

Version: 0.8.1
Check: package dependencies
Result: ERROR
    Packages required but not available: ‘aroma.affymetrix’ ‘aroma.core’
    
    See section ‘The DESCRIPTION file’ in the ‘Writing R Extensions’
    manual.
Flavor: r-release-osx-x86_64