CRAN Package Check Results for Package ACNE

Last updated on 2018-06-22 10:50:13 CEST.

Flavor Version Tinstall Tcheck Ttotal Status Flags
r-devel-linux-x86_64-debian-clang 0.8.1 3.50 51.97 55.47 OK
r-devel-linux-x86_64-debian-gcc 0.8.1 4.01 46.91 50.92 OK
r-devel-linux-x86_64-fedora-clang 0.8.1 76.11 OK
r-devel-linux-x86_64-fedora-gcc 0.8.1 73.37 OK
r-devel-windows-ix86+x86_64 0.8.1 9.00 66.00 75.00 OK
r-patched-linux-x86_64 0.8.1 3.81 54.97 58.78 OK
r-patched-solaris-x86 0.8.1 101.10 OK
r-release-linux-x86_64 0.8.1 4.55 54.36 58.91 OK
r-release-windows-ix86+x86_64 0.8.1 10.00 63.00 73.00 OK
r-release-osx-x86_64 0.8.1 OK
r-oldrel-windows-ix86+x86_64 0.8.1 14.00 99.00 113.00 OK
r-oldrel-osx-x86_64 0.8.1 ERROR

Check Details

Version: 0.8.1
Check: package dependencies
Result: ERROR
    Packages required but not available: ‘aroma.affymetrix’ ‘aroma.core’
    
    See section ‘The DESCRIPTION file’ in the ‘Writing R Extensions’
    manual.
Flavor: r-oldrel-osx-x86_64