CRAN Package Check Results for Package ACNE

Last updated on 2018-12-14 01:46:18 CET.

Flavor Version Tinstall Tcheck Ttotal Status Flags
r-devel-linux-x86_64-debian-clang 0.8.1 4.94 55.41 60.35 OK
r-devel-linux-x86_64-debian-gcc 0.8.1 4.06 45.71 49.77 OK
r-devel-linux-x86_64-fedora-clang 0.8.1 72.20 OK
r-devel-linux-x86_64-fedora-gcc 0.8.1 69.52 OK
r-devel-windows-ix86+x86_64 0.8.1 21.00 112.00 133.00 OK
r-patched-linux-x86_64 0.8.1 3.97 54.13 58.10 OK
r-patched-solaris-x86 0.8.1 104.00 OK
r-release-linux-x86_64 0.8.1 3.27 54.91 58.18 OK
r-release-windows-ix86+x86_64 0.8.1 17.00 90.00 107.00 OK
r-release-osx-x86_64 0.8.1 OK
r-oldrel-windows-ix86+x86_64 0.8.1 11.00 144.00 155.00 OK
r-oldrel-osx-x86_64 0.8.1 ERROR

Check Details

Version: 0.8.1
Check: package dependencies
Result: ERROR
    Packages required but not available: ‘aroma.affymetrix’ ‘aroma.core’
    
    See section ‘The DESCRIPTION file’ in the ‘Writing R Extensions’
    manual.
Flavor: r-oldrel-osx-x86_64