CRAN Package Check Results for Package ACNE

Last updated on 2015-07-31 10:47:16.

Flavor Version Tinstall Tcheck Ttotal Status Flags
r-devel-linux-x86_64-debian-clang 0.8.0 2.60 33.88 36.48 NOTE
r-devel-linux-x86_64-debian-gcc 0.8.0 2.52 33.68 36.20 NOTE
r-devel-linux-x86_64-fedora-clang 0.8.0 72.20 NOTE
r-devel-linux-x86_64-fedora-gcc 0.8.0 72.08 NOTE
r-devel-osx-x86_64-clang 0.8.0 70.38 OK
r-devel-windows-ix86+x86_64 0.8.0 8.00 53.00 61.00 NOTE
r-patched-linux-x86_64 0.8.0 2.62 37.84 40.47 OK
r-patched-solaris-sparc 0.8.0 444.90 OK
r-patched-solaris-x86 0.8.0 99.50 OK
r-release-linux-x86_64 0.8.0 2.68 35.33 38.01 OK
r-release-osx-x86_64-mavericks 0.8.0 OK
r-release-windows-ix86+x86_64 0.8.0 12.00 55.00 67.00 OK
r-oldrel-windows-ix86+x86_64 0.8.0 17.00 89.00 106.00 OK

Check Details

Version: 0.8.0
Check: R code for possible problems
Result: NOTE
    WHInit: no visible global function definition for ‘cor’
    doACNE.AffymetrixCelSet: no visible global function definition for
     ‘str’
    fitSnpNmf: no visible global function definition for ‘median’
    plot.SnpNmfFit: no visible global function definition for ‘str’
    plot.SnpNmfFit: no visible global function definition for ‘layout’
    plot.SnpNmfFit: no visible global function definition for ‘par’
    plot.SnpNmfFit: no visible global function definition for ‘plot’
    plot.SnpNmfFit: no visible global function definition for ‘abline’
    plot.SnpNmfFit: no visible global function definition for ‘title’
    plot.SnpNmfFit: no visible binding for global variable ‘points’
    plot.SnpNmfFit: no visible global function definition for ‘lines’
    plot.SnpNmfFit: no visible global function definition for ‘points’
    plot.SnpNmfFit: no visible global function definition for ‘legend’
    plotFreqB: no visible global function definition for ‘plot’
    plotFreqB: no visible global function definition for ‘density’
    plotFreqB: no visible global function definition for ‘na.omit’
    plotFreqB: no visible global function definition for ‘lines’
    plotFreqB: no visible global function definition for ‘text’
    Undefined global functions or variables:
     abline cor density layout legend lines median na.omit par plot points
     str text title
    Consider adding
     importFrom("graphics", "abline", "layout", "legend", "lines", "par",
     "plot", "points", "text", "title")
     importFrom("stats", "cor", "density", "median", "na.omit")
     importFrom("utils", "str")
    to your NAMESPACE.
Flavors: r-devel-linux-x86_64-debian-clang, r-devel-linux-x86_64-debian-gcc, r-devel-linux-x86_64-fedora-clang, r-devel-linux-x86_64-fedora-gcc, r-devel-windows-ix86+x86_64