CRAN Package Check Results for Package ACNE

Last updated on 2018-01-16 19:48:49 CET.

Flavor Version Tinstall Tcheck Ttotal Status Flags
r-devel-linux-x86_64-debian-clang 0.8.1 6.77 89.19 95.96 OK
r-devel-linux-x86_64-debian-gcc 0.8.1 5.13 68.02 73.15 OK
r-devel-windows-ix86+x86_64 0.8.1 25.00 86.00 111.00 OK
r-patched-linux-x86_64 0.8.1 6.14 87.27 93.41 OK
r-patched-solaris-x86 0.8.1 145.30 OK
r-release-linux-x86_64 0.8.1 6.71 86.56 93.27 OK
r-release-windows-ix86+x86_64 0.8.1 19.00 124.00 143.00 OK
r-release-osx-x86_64 0.8.1 ERROR
r-oldrel-windows-ix86+x86_64 0.8.1 14.00 61.00 75.00 OK
r-oldrel-osx-x86_64 0.8.1 OK

Check Details

Version: 0.8.1
Check: package dependencies
Result: ERROR
    Packages required but not available: ‘aroma.affymetrix’ ‘aroma.core’
    
    See section ‘The DESCRIPTION file’ in the ‘Writing R Extensions’
    manual.
Flavor: r-release-osx-x86_64