CRAN Package Check Results for Package ACNE

Last updated on 2017-10-23 10:49:37.

Flavor Version Tinstall Tcheck Ttotal Status Flags
r-devel-linux-x86_64-debian-clang 0.8.1 4.34 57.38 61.72 OK
r-devel-linux-x86_64-debian-gcc 0.8.1 5.92 58.28 64.19 OK
r-devel-linux-x86_64-fedora-clang 0.8.1 117.46 OK
r-devel-linux-x86_64-fedora-gcc 0.8.1 119.50 OK
r-devel-windows-ix86+x86_64 0.8.1 21.00 133.00 154.00 OK
r-patched-linux-x86_64 0.8.1 4.73 57.82 62.55 OK
r-patched-solaris-x86 0.8.1 129.30 OK
r-release-linux-x86_64 0.8.1 4.40 58.92 63.32 OK
r-release-windows-ix86+x86_64 0.8.1 18.00 124.00 142.00 OK
r-release-osx-x86_64 0.8.1 ERROR
r-oldrel-windows-ix86+x86_64 0.8.1 8.00 65.00 73.00 OK
r-oldrel-osx-x86_64 0.8.1 OK

Check Details

Version: 0.8.1
Check: package dependencies
Result: ERROR
    Packages required but not available: ‘aroma.affymetrix’ ‘aroma.core’
    
    See section ‘The DESCRIPTION file’ in the ‘Writing R Extensions’
    manual.
Flavor: r-release-osx-x86_64