CRAN Package Check Results for Package ACNE

Last updated on 2014-12-19 20:48:10.

Flavor Version Tinstall Tcheck Ttotal Status Flags
r-devel-linux-x86_64-debian-clang 0.7.0 3.08 45.36 48.44 NOTE
r-devel-linux-x86_64-debian-gcc 0.7.0 2.77 41.88 44.65 NOTE
r-devel-linux-x86_64-fedora-clang 0.7.0 103.26 NOTE
r-devel-linux-x86_64-fedora-gcc 0.7.0 98.80 NOTE
r-devel-osx-x86_64-clang 0.7.0 92.13 NOTE
r-devel-windows-ix86+x86_64 0.7.0 16.00 72.00 88.00 NOTE
r-patched-linux-x86_64 0.7.0 3.39 46.64 50.03 NOTE
r-patched-solaris-sparc 0.7.0 529.10 NOTE
r-patched-solaris-x86 0.7.0 141.00 NOTE
r-release-linux-ix86 0.7.0 3.93 54.78 58.71 NOTE
r-release-linux-x86_64 0.7.0 3.39 48.02 51.41 NOTE
r-release-osx-x86_64-mavericks 0.7.0 OK
r-release-osx-x86_64-snowleopard 0.7.0 OK
r-release-windows-ix86+x86_64 0.7.0 16.00 79.00 95.00 NOTE
r-oldrel-windows-ix86+x86_64 0.7.0 17.00 87.00 104.00 OK

Check Details

Version: 0.7.0
Check: R code for possible problems
Result: NOTE
    .onAttach: no visible global function definition for ‘startupMessage’
    NmfPlm: no visible binding for global variable ‘Arguments’
    doACNE.AffymetrixCelSet: no visible binding for global variable
     ‘Arguments’
    doACNE.AffymetrixCelSet: no visible global function definition for
     ‘process’
    doACNE.AffymetrixCelSet: no visible global function definition for
     ‘findUnitsTodo’
    doACNE.AffymetrixCelSet: no visible global function definition for
     ‘fit’
    doACNE.default: no visible binding for global variable ‘Arguments’
    doACNE.default: no visible binding for global variable
     ‘AffymetrixCelSet’
    plot.SnpNmfFit: no visible binding for global variable ‘fit’
Flavors: r-devel-linux-x86_64-debian-clang, r-devel-linux-x86_64-debian-gcc, r-devel-linux-x86_64-fedora-clang, r-devel-linux-x86_64-fedora-gcc, r-devel-osx-x86_64-clang, r-devel-windows-ix86+x86_64, r-patched-linux-x86_64, r-patched-solaris-sparc, r-patched-solaris-x86, r-release-linux-ix86, r-release-linux-x86_64, r-release-windows-ix86+x86_64