CRAN Package Check Results for Package ACNE

Last updated on 2014-04-25 09:52:09.

Flavor Version Tinstall Tcheck Ttotal Status Flags
r-devel-linux-x86_64-debian-clang 0.7.0 3.68 50.59 54.27 OK
r-devel-linux-x86_64-debian-gcc 0.7.0 3.91 49.24 53.15 OK
r-devel-linux-x86_64-fedora-clang 0.7.0 106.18 OK
r-devel-linux-x86_64-fedora-gcc 0.7.0 99.81 OK
r-devel-osx-x86_64-clang 0.7.0 110.48 OK
r-devel-osx-x86_64-gcc 0.7.0 ERROR
r-devel-windows-ix86+x86_64 0.7.0 11.00 67.00 78.00 OK
r-patched-linux-x86_64 0.7.0 3.61 49.48 53.09 OK
r-patched-solaris-sparc 0.7.0 640.40 OK
r-patched-solaris-x86 0.7.0 146.50 OK
r-release-linux-ix86 0.7.0 6.00 82.00 88.00 OK
r-release-linux-x86_64 0.7.0 3.59 47.69 51.28 OK
r-release-osx-x86_64-mavericks 0.7.0 ERROR
r-release-osx-x86_64-snowleopard 0.7.0 OK
r-release-windows-ix86+x86_64 0.7.0 13.00 75.00 88.00 OK
r-oldrel-windows-ix86+x86_64 0.7.0 14.00 74.00 88.00 OK

Check Details

Version: 0.7.0
Check: package dependencies
Result: ERROR
    Package required but not available: ‘aroma.affymetrix’
    
    See the information on DESCRIPTION files in the chapter ‘Creating R
    packages’ of the ‘Writing R Extensions’ manual.
Flavors: r-devel-osx-x86_64-gcc, r-release-osx-x86_64-mavericks