CRAN Package Check Results for Package ACNE

Last updated on 2015-05-27 11:49:14.

Flavor Version Tinstall Tcheck Ttotal Status Flags
r-devel-linux-x86_64-debian-clang 0.8.0 3.30 33.54 36.84 OK
r-devel-linux-x86_64-debian-gcc 0.8.0 2.46 33.06 35.52 OK
r-devel-linux-x86_64-fedora-clang 0.8.0 72.43 OK
r-devel-linux-x86_64-fedora-gcc 0.8.0 69.95 OK
r-devel-osx-x86_64-clang 0.8.0 72.06 OK
r-devel-windows-ix86+x86_64 0.8.0 9.00 59.00 68.00 OK
r-patched-linux-x86_64 0.8.0 3.28 31.99 35.27 OK
r-patched-solaris-sparc 0.8.0 455.70 OK
r-patched-solaris-x86 0.8.0 98.90 OK
r-release-linux-x86_64 0.8.0 2.54 31.78 34.32 OK
r-release-osx-x86_64-mavericks 0.8.0 OK
r-release-osx-x86_64-snowleopard 0.8.0 ERROR
r-release-windows-ix86+x86_64 0.8.0 9.00 56.00 65.00 OK
r-oldrel-windows-ix86+x86_64 0.8.0 15.00 90.00 105.00 OK

Check Details

Version: 0.8.0
Check: package dependencies
Result: ERROR
    Packages required but not available: ‘aroma.affymetrix’ ‘aroma.core’
    
    Package suggested but not available for checking: ‘DNAcopy’
    
    See section ‘The DESCRIPTION file’ in the ‘Writing R Extensions’
    manual.
Flavor: r-release-osx-x86_64-snowleopard