CRAN Package Check Results for Package ACV

Last updated on 2024-06-12 22:56:13 CEST.

Flavor Version Tinstall Tcheck Ttotal Status Flags
r-devel-linux-x86_64-debian-clang 1.0.2 1.81 45.17 46.98 OK
r-devel-linux-x86_64-debian-gcc 1.0.2 0.32 1.58 1.90 ERROR
r-devel-linux-x86_64-fedora-clang 1.0.2 58.77 OK
r-devel-linux-x86_64-fedora-gcc 1.0.2 54.84 OK
r-devel-windows-x86_64 1.0.2 4.00 68.00 72.00 OK
r-patched-linux-x86_64 1.0.2 2.71 42.89 45.60 OK
r-release-linux-x86_64 1.0.2 2.75 46.22 48.97 OK
r-release-macos-arm64 1.0.2 22.00 OK
r-release-macos-x86_64 1.0.2 31.00 OK
r-release-windows-x86_64 1.0.2 4.00 57.00 61.00 OK
r-oldrel-macos-arm64 1.0.2 23.00 OK
r-oldrel-macos-x86_64 1.0.2 30.00 OK
r-oldrel-windows-x86_64 1.0.2 4.00 59.00 63.00 OK

Check Details

Version: 1.0.2
Check: package dependencies
Result: ERROR Package required but not available: ‘forecast’ Package suggested but not available for checking: ‘testthat’ See section ‘The DESCRIPTION file’ in the ‘Writing R Extensions’ manual. Flavor: r-devel-linux-x86_64-debian-gcc