CRAN Package Check Results for Package ADGofTest

Last updated on 2016-02-08 02:47:13.

Flavor Version Tinstall Tcheck Ttotal Status Flags
r-devel-linux-x86_64-debian-gcc 0.3 0.54 8.76 9.31 NOTE
r-devel-linux-x86_64-fedora-clang 0.3 13.24 NOTE
r-devel-linux-x86_64-fedora-gcc 0.3 11.17 NOTE
r-devel-osx-x86_64-clang 0.3 16.48 NOTE
r-devel-windows-ix86+x86_64 0.3 4.00 18.00 22.00 NOTE
r-patched-linux-x86_64 0.3 0.52 9.63 10.16 NOTE
r-patched-solaris-sparc 0.3 88.10 NOTE
r-patched-solaris-x86 0.3 20.20 NOTE
r-release-linux-x86_64 0.3 0.63 9.74 10.37 NOTE
r-release-osx-x86_64-mavericks 0.3 NOTE
r-release-windows-ix86+x86_64 0.3 3.00 15.00 18.00 NOTE
r-oldrel-windows-ix86+x86_64 0.3 4.00 22.00 26.00 OK

Check Details

Version: 0.3
Check: DESCRIPTION meta-information
Result: NOTE
    Malformed Description field: should contain one or more complete sentences.
Flavors: r-devel-linux-x86_64-debian-gcc, r-devel-linux-x86_64-fedora-clang, r-devel-linux-x86_64-fedora-gcc, r-devel-osx-x86_64-clang, r-devel-windows-ix86+x86_64, r-patched-linux-x86_64, r-patched-solaris-sparc, r-patched-solaris-x86, r-release-linux-x86_64, r-release-osx-x86_64-mavericks, r-release-windows-ix86+x86_64