CRAN Package Check Results for Package ADGofTest

Last updated on 2015-03-26 21:46:49.

Flavor Version Tinstall Tcheck Ttotal Status Flags
r-devel-linux-x86_64-debian-clang 0.3 0.47 9.42 9.90 NOTE
r-devel-linux-x86_64-debian-gcc 0.3 0.47 8.24 8.71 NOTE
r-devel-linux-x86_64-fedora-clang 0.3 17.28 NOTE
r-devel-linux-x86_64-fedora-gcc 0.3 16.86 NOTE
r-devel-osx-x86_64-clang 0.3 22.15 NOTE
r-prerel-windows-ix86+x86_64 0.3 3.00 16.00 19.00 NOTE
r-prerel-linux-x86_64 0.3 0.46 8.07 8.53 NOTE
r-prerel-solaris-sparc 0.3 113.20 NOTE
r-prerel-solaris-x86 0.3 25.40 NOTE
r-release-linux-x86_64 0.3 0.52 9.23 9.75 OK
r-release-osx-x86_64-mavericks 0.3 OK
r-release-windows-ix86+x86_64 0.3 4.00 22.00 26.00 OK
r-oldrel-windows-ix86+x86_64 0.3 2.00 17.00 19.00 OK

Check Details

Version: 0.3
Check: DESCRIPTION meta-information
Result: NOTE
    Malformed Description field: should contain one or more complete sentences.
Flavors: r-devel-linux-x86_64-debian-clang, r-devel-linux-x86_64-debian-gcc, r-devel-linux-x86_64-fedora-clang, r-devel-linux-x86_64-fedora-gcc, r-devel-osx-x86_64-clang, r-prerel-windows-ix86+x86_64, r-prerel-linux-x86_64, r-prerel-solaris-sparc, r-prerel-solaris-x86