CRAN Package Check Results for Package ADGofTest

Last updated on 2018-05-28 04:49:03 CEST.

Flavor Version Tinstall Tcheck Ttotal Status Flags
r-devel-linux-x86_64-debian-clang 0.3 0.99 13.26 14.25 NOTE
r-devel-linux-x86_64-debian-gcc 0.3 0.52 9.68 10.20 NOTE
r-devel-linux-x86_64-fedora-clang 0.3 19.56 NOTE
r-devel-linux-x86_64-fedora-gcc 0.3 20.19 NOTE
r-devel-windows-ix86+x86_64 0.3 4.00 24.00 28.00 NOTE
r-patched-linux-x86_64 0.3 0.73 14.43 15.16 NOTE
r-patched-solaris-x86 0.3 30.20 NOTE
r-release-linux-x86_64 0.3 0.87 14.22 15.09 NOTE
r-release-windows-ix86+x86_64 0.3 4.00 33.00 37.00 NOTE
r-release-osx-x86_64 0.3 NOTE
r-oldrel-windows-ix86+x86_64 0.3 3.00 25.00 28.00 NOTE
r-oldrel-osx-x86_64 0.3 NOTE

Check Details

Version: 0.3
Check: DESCRIPTION meta-information
Result: NOTE
    Malformed Description field: should contain one or more complete sentences.
Flavors: r-devel-linux-x86_64-debian-clang, r-devel-linux-x86_64-debian-gcc, r-devel-linux-x86_64-fedora-clang, r-devel-linux-x86_64-fedora-gcc, r-devel-windows-ix86+x86_64, r-patched-linux-x86_64, r-patched-solaris-x86, r-release-linux-x86_64, r-release-windows-ix86+x86_64, r-release-osx-x86_64, r-oldrel-windows-ix86+x86_64, r-oldrel-osx-x86_64