CRAN Package Check Results for Package ADGofTest

Last updated on 2015-02-28 07:49:54.

Flavor Version Tinstall Tcheck Ttotal Status Flags
r-devel-linux-x86_64-debian-clang 0.3 0.56 8.80 9.36 NOTE
r-devel-linux-x86_64-debian-gcc 0.3 0.49 7.98 8.47 NOTE
r-devel-linux-x86_64-fedora-clang 0.3 16.64 NOTE
r-devel-linux-x86_64-fedora-gcc 0.3 14.80 NOTE
r-devel-osx-x86_64-clang 0.3 20.03 NOTE
r-devel-windows-ix86+x86_64 0.3 4.00 16.00 20.00 NOTE
r-patched-linux-x86_64 0.3 0.58 10.81 11.39 OK
r-patched-solaris-sparc 0.3 114.20 OK
r-patched-solaris-x86 0.3 28.90 OK
r-release-linux-ix86 0.3 1.06 13.71 14.77 OK
r-release-linux-x86_64 0.3 0.50 10.01 10.51 OK
r-release-osx-x86_64-mavericks 0.3 OK
r-release-windows-ix86+x86_64 0.3 3.00 16.00 19.00 OK
r-oldrel-windows-ix86+x86_64 0.3 2.00 17.00 19.00 OK

Check Details

Version: 0.3
Check: DESCRIPTION meta-information
Result: NOTE
    Malformed Description field: should contain one or more complete sentences.
Flavors: r-devel-linux-x86_64-debian-clang, r-devel-linux-x86_64-debian-gcc, r-devel-linux-x86_64-fedora-clang, r-devel-linux-x86_64-fedora-gcc, r-devel-osx-x86_64-clang, r-devel-windows-ix86+x86_64