CRAN Package Check Results for Package ADGofTest

Last updated on 2016-06-29 15:47:41.

Flavor Version Tinstall Tcheck Ttotal Status Flags
r-devel-linux-x86_64-debian-gcc 0.3 0.52 9.49 10.01 NOTE
r-devel-linux-x86_64-fedora-clang 0.3 13.62 NOTE
r-devel-linux-x86_64-fedora-gcc 0.3 12.46 NOTE
r-devel-osx-x86_64-clang 0.3 12.79 NOTE
r-devel-windows-ix86+x86_64 0.3 3.00 22.00 25.00 NOTE
r-patched-linux-x86_64 0.3 0.66 12.29 12.95 NOTE
r-patched-solaris-sparc 0.3 80.40 NOTE
r-patched-solaris-x86 0.3 19.40 NOTE
r-release-linux-x86_64 0.3 0.60 10.13 10.72 NOTE
r-release-osx-x86_64-mavericks 0.3 NOTE
r-release-windows-ix86+x86_64 0.3 4.00 24.00 28.00 NOTE
r-oldrel-windows-ix86+x86_64 0.3 3.00 15.00 18.00 NOTE

Check Details

Version: 0.3
Check: DESCRIPTION meta-information
Result: NOTE
    Malformed Description field: should contain one or more complete sentences.
Flavors: r-devel-linux-x86_64-debian-gcc, r-devel-linux-x86_64-fedora-clang, r-devel-linux-x86_64-fedora-gcc, r-devel-osx-x86_64-clang, r-devel-windows-ix86+x86_64, r-patched-linux-x86_64, r-patched-solaris-sparc, r-patched-solaris-x86, r-release-linux-x86_64, r-release-osx-x86_64-mavericks, r-release-windows-ix86+x86_64, r-oldrel-windows-ix86+x86_64