CRAN Package Check Results for Package ADGofTest

Last updated on 2017-01-22 19:46:44.

Flavor Version Tinstall Tcheck Ttotal Status Flags
r-devel-linux-x86_64-debian-clang 0.3 0.59 9.81 10.40 NOTE
r-devel-linux-x86_64-debian-gcc 0.3 0.53 9.55 10.08 NOTE
r-devel-linux-x86_64-fedora-clang 0.3 15.90 NOTE --no-stop-on-test-error
r-devel-linux-x86_64-fedora-gcc 0.3 17.57 NOTE --no-stop-on-test-error
r-devel-macos-x86_64-clang 0.3 14.75 NOTE --no-stop-on-test-error
r-devel-windows-ix86+x86_64 0.3 2.00 23.00 25.00 NOTE
r-patched-linux-x86_64 0.3 0.48 7.89 8.38 NOTE
r-patched-solaris-sparc 0.3 82.20 NOTE
r-patched-solaris-x86 0.3 20.50 NOTE
r-release-linux-x86_64 0.3 0.52 8.00 8.52 NOTE
r-release-osx-x86_64-mavericks 0.3 NOTE
r-release-windows-ix86+x86_64 0.3 2.00 22.00 24.00 NOTE
r-oldrel-windows-ix86+x86_64 0.3 2.00 20.00 22.00 NOTE

Check Details

Version: 0.3
Check: DESCRIPTION meta-information
Result: NOTE
    Malformed Description field: should contain one or more complete sentences.
Flavors: r-devel-linux-x86_64-debian-clang, r-devel-linux-x86_64-debian-gcc, r-devel-windows-ix86+x86_64, r-patched-linux-x86_64, r-patched-solaris-sparc, r-patched-solaris-x86, r-release-linux-x86_64, r-release-osx-x86_64-mavericks, r-release-windows-ix86+x86_64, r-oldrel-windows-ix86+x86_64

Version: 0.3
Flags: --no-stop-on-test-error
Check: DESCRIPTION meta-information
Result: NOTE
    Malformed Description field: should contain one or more complete sentences.
Flavors: r-devel-linux-x86_64-fedora-clang, r-devel-linux-x86_64-fedora-gcc, r-devel-macos-x86_64-clang