CRAN Package Check Results for Package ADGofTest

Last updated on 2015-05-22 15:46:25.

Flavor Version Tinstall Tcheck Ttotal Status Flags
r-devel-linux-x86_64-debian-clang 0.3 0.45 8.70 9.15 NOTE
r-devel-linux-x86_64-debian-gcc 0.3 0.52 8.65 9.16 NOTE
r-devel-linux-x86_64-fedora-clang 0.3 16.97 NOTE
r-devel-linux-x86_64-fedora-gcc 0.3 16.54 NOTE
r-devel-osx-x86_64-clang 0.3 20.02 NOTE
r-devel-windows-ix86+x86_64 0.3 4.00 22.00 26.00 NOTE
r-patched-linux-x86_64 0.3 0.48 10.20 10.67 NOTE
r-patched-solaris-sparc 0.3 113.20 NOTE
r-patched-solaris-x86 0.3 25.20 NOTE
r-release-linux-x86_64 0.3 0.55 12.26 12.81 NOTE
r-release-osx-x86_64-mavericks 0.3 NOTE
r-release-osx-x86_64-snowleopard 0.3 NOTE
r-release-windows-ix86+x86_64 0.3 1.00 13.00 14.00 NOTE
r-oldrel-windows-ix86+x86_64 0.3 4.00 22.00 26.00 OK

Check Details

Version: 0.3
Check: DESCRIPTION meta-information
Result: NOTE
    Malformed Description field: should contain one or more complete sentences.
Flavors: r-devel-linux-x86_64-debian-clang, r-devel-linux-x86_64-debian-gcc, r-devel-linux-x86_64-fedora-clang, r-devel-linux-x86_64-fedora-gcc, r-devel-osx-x86_64-clang, r-devel-windows-ix86+x86_64, r-patched-linux-x86_64, r-patched-solaris-sparc, r-patched-solaris-x86, r-release-linux-x86_64, r-release-osx-x86_64-mavericks, r-release-osx-x86_64-snowleopard, r-release-windows-ix86+x86_64