CRAN Package Check Results for Package ADGofTest

Last updated on 2015-09-05 12:49:13.

Flavor Version Tinstall Tcheck Ttotal Status Flags
r-devel-linux-x86_64-debian-clang 0.3 0.42 8.42 8.84 NOTE
r-devel-linux-x86_64-debian-gcc 0.3 0.42 9.00 9.41 NOTE
r-devel-linux-x86_64-fedora-clang 0.3 15.14 NOTE
r-devel-linux-x86_64-fedora-gcc 0.3 13.79 NOTE
r-devel-osx-x86_64-clang 0.3 15.75 NOTE
r-devel-windows-ix86+x86_64 0.3 3.00 19.00 22.00 NOTE
r-patched-linux-x86_64 0.3 0.56 9.03 9.58 NOTE
r-patched-solaris-sparc 0.3 112.70 NOTE
r-patched-solaris-x86 0.3 25.30 NOTE
r-release-linux-x86_64 0.3 0.47 10.18 10.65 NOTE
r-release-osx-x86_64-mavericks 0.3 NOTE
r-release-windows-ix86+x86_64 0.3 3.00 25.00 28.00 NOTE
r-oldrel-windows-ix86+x86_64 0.3 4.00 22.00 26.00 OK

Check Details

Version: 0.3
Check: DESCRIPTION meta-information
Result: NOTE
    Malformed Description field: should contain one or more complete sentences.
Flavors: r-devel-linux-x86_64-debian-clang, r-devel-linux-x86_64-debian-gcc, r-devel-linux-x86_64-fedora-clang, r-devel-linux-x86_64-fedora-gcc, r-devel-osx-x86_64-clang, r-devel-windows-ix86+x86_64, r-patched-linux-x86_64, r-patched-solaris-sparc, r-patched-solaris-x86, r-release-linux-x86_64, r-release-osx-x86_64-mavericks, r-release-windows-ix86+x86_64