CRAN Package Check Results for Package ADGofTest

Last updated on 2017-04-27 10:48:09.

Flavor Version Tinstall Tcheck Ttotal Status Flags
r-devel-linux-x86_64-debian-clang 0.3 0.59 9.83 10.42 NOTE
r-devel-linux-x86_64-debian-gcc 0.3 0.59 9.94 10.53 NOTE
r-devel-linux-x86_64-fedora-clang 0.3 16.66 NOTE --no-stop-on-test-error
r-devel-linux-x86_64-fedora-gcc 0.3 15.86 NOTE --no-stop-on-test-error
r-devel-windows-ix86+x86_64 0.3 4.00 31.00 35.00 NOTE
r-patched-linux-x86_64 0.3 0.59 9.98 10.57 NOTE
r-patched-solaris-sparc 0.3 101.10 NOTE
r-patched-solaris-x86 0.3 23.90 NOTE
r-release-linux-x86_64 0.3 0.58 10.53 11.11 NOTE
r-release-windows-ix86+x86_64 0.3 3.00 22.00 25.00 NOTE
r-release-osx-x86_64 0.3 NOTE
r-oldrel-windows-ix86+x86_64 0.3 2.00 22.00 24.00 NOTE
r-oldrel-osx-x86_64 0.3 NOTE

Check Details

Version: 0.3
Check: DESCRIPTION meta-information
Result: NOTE
    Malformed Description field: should contain one or more complete sentences.
Flavors: r-devel-linux-x86_64-debian-clang, r-devel-linux-x86_64-debian-gcc, r-devel-windows-ix86+x86_64, r-patched-linux-x86_64, r-patched-solaris-sparc, r-patched-solaris-x86, r-release-linux-x86_64, r-release-windows-ix86+x86_64, r-release-osx-x86_64, r-oldrel-windows-ix86+x86_64, r-oldrel-osx-x86_64

Version: 0.3
Flags: --no-stop-on-test-error
Check: DESCRIPTION meta-information
Result: NOTE
    Malformed Description field: should contain one or more complete sentences.
Flavors: r-devel-linux-x86_64-fedora-clang, r-devel-linux-x86_64-fedora-gcc