CRAN Package Check Results for Package ADGofTest

Last updated on 2017-12-17 04:46:49 CET.

Flavor Version Tinstall Tcheck Ttotal Status Flags
r-devel-linux-x86_64-debian-clang 0.3 0.60 13.57 14.17 NOTE
r-devel-linux-x86_64-debian-gcc 0.3 0.44 12.58 13.02 NOTE
r-devel-linux-x86_64-fedora-clang 0.3 18.78 NOTE
r-devel-linux-x86_64-fedora-gcc 0.3 14.87 NOTE
r-devel-windows-ix86+x86_64 0.3 3.00 23.00 26.00 NOTE
r-patched-linux-x86_64 0.3 0.68 9.49 10.17 NOTE
r-patched-solaris-x86 0.3 24.60 NOTE
r-release-linux-x86_64 0.3 0.81 12.99 13.80 NOTE
r-release-windows-ix86+x86_64 0.3 3.00 25.00 28.00 NOTE
r-release-osx-x86_64 0.3 NOTE
r-oldrel-windows-ix86+x86_64 0.3 2.00 22.00 24.00 NOTE
r-oldrel-osx-x86_64 0.3 NOTE

Check Details

Version: 0.3
Check: DESCRIPTION meta-information
Result: NOTE
    Malformed Description field: should contain one or more complete sentences.
Flavors: r-devel-linux-x86_64-debian-clang, r-devel-linux-x86_64-debian-gcc, r-devel-linux-x86_64-fedora-clang, r-devel-linux-x86_64-fedora-gcc, r-devel-windows-ix86+x86_64, r-patched-linux-x86_64, r-patched-solaris-x86, r-release-linux-x86_64, r-release-windows-ix86+x86_64, r-release-osx-x86_64, r-oldrel-windows-ix86+x86_64, r-oldrel-osx-x86_64