CRAN Package Check Results for Package ADGofTest

Last updated on 2017-03-01 19:48:18.

Flavor Version Tinstall Tcheck Ttotal Status Flags
r-devel-linux-x86_64-debian-clang 0.3 0.55 9.76 10.31 NOTE
r-devel-linux-x86_64-debian-gcc 0.3 0.64 9.77 10.41 NOTE
r-devel-linux-x86_64-fedora-clang 0.3 19.38 NOTE --no-stop-on-test-error
r-devel-linux-x86_64-fedora-gcc 0.3 18.73 NOTE --no-stop-on-test-error
r-devel-macos-x86_64-clang 0.3 15.63 NOTE --no-stop-on-test-error
r-devel-windows-ix86+x86_64 0.3 3.00 33.00 36.00 NOTE
r-patched-linux-x86_64 0.3 0.51 8.17 8.69 NOTE
r-patched-solaris-sparc 0.3 82.20 NOTE
r-patched-solaris-x86 0.3 20.50 NOTE
r-release-linux-x86_64 0.3 0.58 8.02 8.61 NOTE
r-release-osx-x86_64-mavericks 0.3 NOTE
r-release-windows-ix86+x86_64 0.3 2.00 22.00 24.00 NOTE
r-oldrel-windows-ix86+x86_64 0.3 2.00 20.00 22.00 NOTE

Check Details

Version: 0.3
Check: DESCRIPTION meta-information
Result: NOTE
    Malformed Description field: should contain one or more complete sentences.
Flavors: r-devel-linux-x86_64-debian-clang, r-devel-linux-x86_64-debian-gcc, r-devel-windows-ix86+x86_64, r-patched-linux-x86_64, r-patched-solaris-sparc, r-patched-solaris-x86, r-release-linux-x86_64, r-release-osx-x86_64-mavericks, r-release-windows-ix86+x86_64, r-oldrel-windows-ix86+x86_64

Version: 0.3
Flags: --no-stop-on-test-error
Check: DESCRIPTION meta-information
Result: NOTE
    Malformed Description field: should contain one or more complete sentences.
Flavors: r-devel-linux-x86_64-fedora-clang, r-devel-linux-x86_64-fedora-gcc, r-devel-macos-x86_64-clang