CRAN Package Check Results for Package ADGofTest

Last updated on 2016-05-06 10:46:55.

Flavor Version Tinstall Tcheck Ttotal Status Flags
r-devel-linux-x86_64-debian-gcc 0.3 0.52 10.13 10.64 NOTE
r-devel-linux-x86_64-fedora-clang 0.3 14.09 NOTE
r-devel-linux-x86_64-fedora-gcc 0.3 12.61 NOTE
r-devel-osx-x86_64-clang 0.3 17.37 NOTE
r-devel-windows-ix86+x86_64 0.3 4.00 24.00 28.00 NOTE
r-patched-linux-x86_64 0.3 0.58 9.75 10.33 NOTE
r-patched-solaris-sparc 0.3 82.50 NOTE
r-patched-solaris-x86 0.3 19.30 NOTE
r-release-linux-x86_64 0.3 0.55 9.09 9.65 NOTE
r-release-osx-x86_64-mavericks 0.3 NOTE
r-release-windows-ix86+x86_64 0.3 4.00 24.00 28.00 NOTE
r-oldrel-windows-ix86+x86_64 0.3 3.00 15.00 18.00 NOTE

Check Details

Version: 0.3
Check: DESCRIPTION meta-information
Result: NOTE
    Malformed Description field: should contain one or more complete sentences.
Flavors: r-devel-linux-x86_64-debian-gcc, r-devel-linux-x86_64-fedora-clang, r-devel-linux-x86_64-fedora-gcc, r-devel-osx-x86_64-clang, r-devel-windows-ix86+x86_64, r-patched-linux-x86_64, r-patched-solaris-sparc, r-patched-solaris-x86, r-release-linux-x86_64, r-release-osx-x86_64-mavericks, r-release-windows-ix86+x86_64, r-oldrel-windows-ix86+x86_64