CRAN Package Check Results for Package ADGofTest

Last updated on 2016-09-29 04:47:08.

Flavor Version Tinstall Tcheck Ttotal Status Flags
r-devel-linux-x86_64-debian-clang 0.3 0.48 10.29 10.78 NOTE
r-devel-linux-x86_64-debian-gcc 0.3 0.55 9.33 9.88 NOTE
r-devel-linux-x86_64-fedora-clang 0.3 13.61 NOTE
r-devel-linux-x86_64-fedora-gcc 0.3 12.98 NOTE
r-devel-macos-x86_64-clang 0.3 12.94 NOTE
r-devel-windows-ix86+x86_64 0.3 5.00 24.00 29.00 NOTE
r-patched-linux-x86_64 0.3 0.48 11.13 11.60 NOTE
r-patched-solaris-sparc 0.3 80.40 NOTE
r-patched-solaris-x86 0.3 18.80 NOTE
r-release-linux-x86_64 0.3 0.50 11.17 11.67 NOTE
r-release-osx-x86_64-mavericks 0.3 NOTE
r-release-windows-ix86+x86_64 0.3 3.00 24.00 27.00 NOTE
r-oldrel-windows-ix86+x86_64 0.3 3.00 15.00 18.00 NOTE

Check Details

Version: 0.3
Check: DESCRIPTION meta-information
Result: NOTE
    Malformed Description field: should contain one or more complete sentences.
Flavors: r-devel-linux-x86_64-debian-clang, r-devel-linux-x86_64-debian-gcc, r-devel-linux-x86_64-fedora-clang, r-devel-linux-x86_64-fedora-gcc, r-devel-macos-x86_64-clang, r-devel-windows-ix86+x86_64, r-patched-linux-x86_64, r-patched-solaris-sparc, r-patched-solaris-x86, r-release-linux-x86_64, r-release-osx-x86_64-mavericks, r-release-windows-ix86+x86_64, r-oldrel-windows-ix86+x86_64