CRAN Package Check Results for Package ADGofTest

Last updated on 2016-12-03 20:46:53.

Flavor Version Tinstall Tcheck Ttotal Status Flags
r-devel-linux-x86_64-debian-clang 0.3 0.56 9.66 10.22 NOTE
r-devel-linux-x86_64-debian-gcc 0.3 0.57 9.27 9.84 NOTE
r-devel-linux-x86_64-fedora-clang 0.3 16.96 NOTE
r-devel-linux-x86_64-fedora-gcc 0.3 16.02 NOTE
r-devel-macos-x86_64-clang 0.3 15.26 NOTE
r-devel-windows-ix86+x86_64 0.3 5.00 28.00 33.00 NOTE
r-patched-linux-x86_64 0.3 0.55 8.09 8.64 NOTE
r-patched-solaris-sparc 0.3 80.40 NOTE
r-patched-solaris-x86 0.3 19.00 NOTE
r-release-linux-x86_64 0.3 0.54 8.07 8.62 NOTE
r-release-osx-x86_64-mavericks 0.3 NOTE
r-release-windows-ix86+x86_64 0.3 2.00 22.00 24.00 NOTE
r-oldrel-windows-ix86+x86_64 0.3 2.00 20.00 22.00 NOTE

Check Details

Version: 0.3
Check: DESCRIPTION meta-information
Result: NOTE
    Malformed Description field: should contain one or more complete sentences.
Flavors: r-devel-linux-x86_64-debian-clang, r-devel-linux-x86_64-debian-gcc, r-devel-linux-x86_64-fedora-clang, r-devel-linux-x86_64-fedora-gcc, r-devel-macos-x86_64-clang, r-devel-windows-ix86+x86_64, r-patched-linux-x86_64, r-patched-solaris-sparc, r-patched-solaris-x86, r-release-linux-x86_64, r-release-osx-x86_64-mavericks, r-release-windows-ix86+x86_64, r-oldrel-windows-ix86+x86_64