CRAN Package Check Results for Package ADGofTest

Last updated on 2021-12-05 04:49:44 CET.

Flavor Version Tinstall Tcheck Ttotal Status Flags
r-devel-linux-x86_64-debian-clang 0.3 1.98 12.01 13.99 NOTE
r-devel-linux-x86_64-debian-gcc 0.3 1.45 21.43 22.88 NOTE
r-devel-linux-x86_64-fedora-clang 0.3 36.66 NOTE
r-devel-linux-x86_64-fedora-gcc 0.3 28.46 NOTE
r-devel-windows-x86_64-new-UL 0.3 5.00 45.00 50.00 NOTE
r-devel-windows-x86_64-new-TK 0.3 NOTE
r-devel-windows-x86_64-old 0.3 4.00 27.00 31.00 NOTE
r-patched-linux-x86_64 0.3 2.00 11.21 13.21 NOTE
r-release-linux-x86_64 0.3 1.53 11.16 12.69 NOTE
r-release-macos-arm64 0.3 NOTE
r-release-macos-x86_64 0.3 NOTE
r-release-windows-ix86+x86_64 0.3 5.00 32.00 37.00 NOTE
r-oldrel-macos-x86_64 0.3 NOTE
r-oldrel-windows-ix86+x86_64 0.3 4.00 30.00 34.00 NOTE

Check Details

Version: 0.3
Check: DESCRIPTION meta-information
Result: NOTE
    Malformed Description field: should contain one or more complete sentences.
Flavors: r-devel-linux-x86_64-debian-clang, r-devel-linux-x86_64-debian-gcc, r-devel-linux-x86_64-fedora-clang, r-devel-linux-x86_64-fedora-gcc, r-devel-windows-x86_64-new-UL, r-devel-windows-x86_64-new-TK, r-devel-windows-x86_64-old, r-patched-linux-x86_64, r-release-linux-x86_64, r-release-macos-arm64, r-release-macos-x86_64, r-release-windows-ix86+x86_64, r-oldrel-macos-x86_64, r-oldrel-windows-ix86+x86_64