CRAN Package Check Results for Package AER

Last updated on 2014-12-20 12:47:21.

Flavor Version Tinstall Tcheck Ttotal Status Flags
r-devel-linux-x86_64-debian-clang 1.2-2 2.64 152.70 155.34 NOTE
r-devel-linux-x86_64-debian-gcc 1.2-2 2.38 148.50 150.88 NOTE
r-devel-linux-x86_64-fedora-clang 1.2-2 299.09 NOTE
r-devel-linux-x86_64-fedora-gcc 1.2-2 290.98 NOTE
r-devel-osx-x86_64-clang 1.2-2 242.04 NOTE
r-devel-windows-ix86+x86_64 1.2-2 11.00 212.00 223.00 NOTE
r-patched-linux-x86_64 1.2-2 2.47 150.70 153.17 NOTE
r-patched-solaris-sparc 1.2-2 2082.90 NOTE
r-patched-solaris-x86 1.2-2 366.20 NOTE
r-release-linux-ix86 1.2-2 3.13 185.34 188.47 NOTE
r-release-linux-x86_64 1.2-2 2.65 159.02 161.68 NOTE
r-release-osx-x86_64-mavericks 1.2-2 OK
r-release-osx-x86_64-snowleopard 1.2-2 OK
r-release-windows-ix86+x86_64 1.2-2 11.00 224.00 235.00 NOTE
r-oldrel-windows-ix86+x86_64 1.2-2 12.00 235.00 247.00 OK

Check Details

Version: 1.2-2
Check: R code for possible problems
Result: NOTE
    lrtest.fitdistr: no visible global function definition for
     ‘lrtest.default’
    lrtest.tobit: no visible global function definition for
     ‘lrtest.default’
    waldtest.tobit: no visible global function definition for
     ‘waldtest.default’
Flavors: r-devel-linux-x86_64-debian-clang, r-devel-linux-x86_64-debian-gcc, r-devel-linux-x86_64-fedora-clang, r-devel-linux-x86_64-fedora-gcc, r-devel-osx-x86_64-clang, r-devel-windows-ix86+x86_64, r-patched-linux-x86_64, r-patched-solaris-sparc, r-patched-solaris-x86, r-release-linux-ix86, r-release-linux-x86_64, r-release-windows-ix86+x86_64