CRAN Package Check Results for Package AER

Last updated on 2015-03-04 19:50:10.

Flavor Version Tinstall Tcheck Ttotal Status Flags
r-devel-linux-x86_64-debian-clang 1.2-3 5.48 183.58 189.06 OK
r-devel-linux-x86_64-debian-gcc 1.2-3 4.96 177.79 182.76 OK
r-devel-linux-x86_64-fedora-clang 1.2-3 201.20 OK
r-devel-linux-x86_64-fedora-gcc 1.2-3 191.78 OK
r-devel-osx-x86_64-clang 1.2-3 270.10 OK
r-devel-windows-ix86+x86_64 1.2-3 16.00 255.00 271.00 OK
r-patched-linux-x86_64 1.2-3 9.09 201.84 210.93 OK
r-patched-solaris-sparc 1.2-3 3104.50 OK
r-patched-solaris-x86 1.2-3 554.10 OK
r-release-linux-ix86 1.2-3 8.29 250.76 259.04 OK
r-release-linux-x86_64 1.2-3 7.56 216.08 223.64 OK
r-release-osx-x86_64-mavericks 1.2-3 NOTE
r-release-osx-x86_64-snowleopard 1.2-3 OK
r-release-windows-ix86+x86_64 1.2-3 15.00 4.00 19.00 ERROR
r-oldrel-windows-ix86+x86_64 1.2-3 21.00 299.00 320.00 OK

Check Details

Version: 1.2-3
Check: re-building of vignette outputs
Result: NOTE
    Error in re-building vignettes:
     ...
    Error in texi2dvi(file = file, pdf = TRUE, clean = clean, quiet = quiet, :
     Running 'texi2dvi' on 'AER.tex' failed.
    LaTeX errors:
    ! LaTeX Error: Missing \begin{document}.
    
    See the LaTeX manual or LaTeX Companion for explanation.
    Type H <return> for immediate help.
     ...
    ! Missing $ inserted.
    <inserted text>
     $
    l.20 ...;^^Fжm"b<8c><85>ah^^X^^F<c2>^^C˲<ca><e5><f2><f4><f4><f4><9d>;w<ba>^^[<e4><98><eb>^
     <af><8e>AJ^^YE<91><ae><eb>R<ca>T*<a5><eb>:lz^^TE<fb><fb>...
    ! Extra }, or forgotten $.
    l.25 j<bf>eH1<e7>iƙ<fb><f7><ef><b7><d9><d4>q<9c><fd><fd>}"<da><dc><dc><c4>E<bd>^<f7>}
     ^^_<d7><db><db><db>333<ca>fDQ<d4>h4|<df><cf><e5>rR<ca>d<cb>z<bd><8e>%r^^\'^^H<82> ^...
    I've deleted a group-closing symbol because it seems to be
    spurious, as in `$x}$'. But perhaps the } is legitimate and
    ! Undefined control sequence.
    l.27 ...<e7><e7>i^^@<db><b3><97><ca><ec>^^PBӉ<ee><8d>2&<e2><8d>2&<e2><8d>2&<e2><8d>2&<e2><8d>2<c6>\
    Calls: buildVignettes -> texi2pdf -> texi2dvi
    Execution halted
Flavor: r-release-osx-x86_64-mavericks

Version: 1.2-3
Check: whether package can be installed
Result: ERROR
    Installation failed.
Flavor: r-release-windows-ix86+x86_64