CRAN Package Check Results for Package AER

Last updated on 2016-05-01 08:48:08.

Flavor Version Tinstall Tcheck Ttotal Status Flags
r-devel-linux-x86_64-debian-gcc 1.2-4 5.21 162.98 168.19 NOTE
r-devel-linux-x86_64-fedora-clang 1.2-4 326.24 NOTE
r-devel-linux-x86_64-fedora-gcc 1.2-4 312.94 NOTE
r-devel-osx-x86_64-clang 1.2-4 330.06 NOTE
r-devel-windows-ix86+x86_64 1.2-4 15.00 283.00 298.00 NOTE
r-patched-linux-x86_64 1.2-4 4.81 166.44 171.25 NOTE
r-patched-solaris-sparc 1.2-4 2604.30 NOTE
r-patched-solaris-x86 1.2-4 406.20 NOTE
r-release-linux-x86_64 1.2-4 5.46 176.24 181.70 OK
r-release-osx-x86_64-mavericks 1.2-4 OK
r-release-windows-ix86+x86_64 1.2-4 25.00 352.00 377.00 OK
r-oldrel-windows-ix86+x86_64 1.2-4 36.00 429.00 465.00 OK

Check Details

Version: 1.2-4
Check: R code for possible problems
Result: NOTE
    linearHypothesis.tobit: no visible global function definition for
     ‘compareVersion’
    linearHypothesis.tobit: no visible global function definition for
     ‘packageDescription’
    Undefined global functions or variables:
     compareVersion packageDescription
    Consider adding
     importFrom("utils", "compareVersion", "packageDescription")
    to your NAMESPACE file.
Flavors: r-devel-linux-x86_64-debian-gcc, r-devel-linux-x86_64-fedora-clang, r-devel-linux-x86_64-fedora-gcc, r-devel-osx-x86_64-clang, r-devel-windows-ix86+x86_64, r-patched-linux-x86_64, r-patched-solaris-sparc, r-patched-solaris-x86