CRAN Package Check Results for Package AER

Last updated on 2016-07-23 19:47:34.

Flavor Version Tinstall Tcheck Ttotal Status Flags
r-devel-linux-x86_64-debian-clang 1.2-4 5.88 194.00 199.88 NOTE
r-devel-linux-x86_64-debian-gcc 1.2-4 5.43 185.32 190.74 NOTE
r-devel-linux-x86_64-fedora-clang 1.2-4 333.56 NOTE
r-devel-linux-x86_64-fedora-gcc 1.2-4 316.59 NOTE
r-devel-osx-x86_64-clang 1.2-4 245.86 NOTE
r-devel-windows-ix86+x86_64 1.2-4 18.00 298.00 316.00 NOTE
r-patched-linux-x86_64 1.2-4 6.22 190.78 197.00 NOTE
r-patched-solaris-sparc 1.2-4 2467.70 NOTE
r-patched-solaris-x86 1.2-4 396.90 NOTE
r-release-linux-x86_64 1.2-4 6.36 189.38 195.73 NOTE
r-release-osx-x86_64-mavericks 1.2-4 NOTE
r-release-windows-ix86+x86_64 1.2-4 15.00 278.00 293.00 NOTE
r-oldrel-windows-ix86+x86_64 1.2-4 22.00 363.00 385.00 OK

Check Details

Version: 1.2-4
Check: R code for possible problems
Result: NOTE
    linearHypothesis.tobit: no visible global function definition for
     ‘compareVersion’
    linearHypothesis.tobit: no visible global function definition for
     ‘packageDescription’
    Undefined global functions or variables:
     compareVersion packageDescription
    Consider adding
     importFrom("utils", "compareVersion", "packageDescription")
    to your NAMESPACE file.
Flavors: r-devel-linux-x86_64-debian-clang, r-devel-linux-x86_64-debian-gcc, r-devel-linux-x86_64-fedora-clang, r-devel-linux-x86_64-fedora-gcc, r-devel-osx-x86_64-clang, r-devel-windows-ix86+x86_64, r-patched-linux-x86_64, r-patched-solaris-sparc, r-patched-solaris-x86, r-release-linux-x86_64, r-release-osx-x86_64-mavericks, r-release-windows-ix86+x86_64

Version: 1.2-4
Check: re-building of vignette outputs
Result: NOTE
    Error in re-building vignettes:
     ...
     input string 347 is invalid in this locale
    Warning in grepl("(Rerun to get|biblatex.*\\(re\\)run)", readLines(log, :
     input string 358 is invalid in this locale
    Error in texi2dvi(file = file, pdf = TRUE, clean = clean, quiet = quiet, :
     Running 'texi2dvi' on 'AER.tex' failed.
    LaTeX errors:
    ! LaTeX Error: Missing \begin{document}.
    
    See the LaTeX manual or LaTeX Companion for explanation.
    Type H <return> for immediate help.
     ...
    ! Missing $ inserted.
    <inserted text>
     $
    l.20 ...;^^Fжm"b<8c><85>ah^^X^^F<c2>^^C˲<ca><e5><f2><f4><f4><f4><9d>;w<ba>^^[<e4><98><eb>^
     <af><8e>AJ^^YE<91><ae><eb>R<ca>T*<a5><eb>:lz^^TE<fb><fb>...
    ! Extra }, or forgotten $.
    l.25 j<bf>eH1<e7>iƙ<fb><f7><ef><b7><d9><d4>q<9c><fd><fd>}"<da><dc><dc><c4>E<bd>^<f7>}
     ^^_<d7><db><db><db>333<ca>fDQ<d4>h4|<df><cf><e5>rR<ca>d<cb>z<bd><8e>%r^^\'^^H<82> ^...
    I've deleted a group-closing symbol because it seems to be
    spurious, as in `$x}$'. But perhaps the } is legitimate and
    ! Undefined control sequence.
    l.27 ...<e7><e7>i^^@<db><b3><97><ca><ec>^^PBӉ<ee><8d>2&<e2><8d>2&<e2><8d>2&<e2><8d>2&<e2><8d>2<c6>\
    Calls: buildVignettes -> texi2pdf -> texi2dvi
    Execution halted
Flavor: r-release-osx-x86_64-mavericks