CRAN Package Check Results for Package AER

Last updated on 2015-07-29 03:48:13.

Flavor Version Tinstall Tcheck Ttotal Status Flags
r-devel-linux-x86_64-debian-clang 1.2-4 5.40 174.58 179.98 NOTE
r-devel-linux-x86_64-debian-gcc 1.2-4 4.96 171.27 176.23 NOTE
r-devel-linux-x86_64-fedora-clang 1.2-4 337.85 NOTE
r-devel-linux-x86_64-fedora-gcc 1.2-4 346.04 NOTE
r-devel-osx-x86_64-clang 1.2-4 290.13 OK
r-devel-windows-ix86+x86_64 1.2-4 15.00 245.00 260.00 NOTE
r-patched-linux-x86_64 1.2-4 5.18 168.19 173.38 OK
r-patched-solaris-sparc 1.2-4 2576.50 OK
r-patched-solaris-x86 1.2-4 439.60 OK
r-release-linux-x86_64 1.2-4 5.08 172.98 178.06 OK
r-release-osx-x86_64-mavericks 1.2-4 OK
r-release-windows-ix86+x86_64 1.2-4 27.00 248.00 275.00 OK
r-oldrel-windows-ix86+x86_64 1.2-4 23.00 313.00 336.00 OK

Check Details

Version: 1.2-4
Check: R code for possible problems
Result: NOTE
    linearHypothesis.tobit: no visible global function definition for
     ‘compareVersion’
    linearHypothesis.tobit: no visible global function definition for
     ‘packageDescription’
    Undefined global functions or variables:
     compareVersion packageDescription
    Consider adding
     importFrom("utils", "compareVersion", "packageDescription")
    to your NAMESPACE.
Flavors: r-devel-linux-x86_64-debian-clang, r-devel-linux-x86_64-debian-gcc, r-devel-linux-x86_64-fedora-clang, r-devel-linux-x86_64-fedora-gcc, r-devel-windows-ix86+x86_64