CRAN Package Check Results for Package AER

Last updated on 2017-05-29 14:50:00.

Flavor Version Tinstall Tcheck Ttotal Status Flags
r-devel-linux-x86_64-debian-clang 1.2-5 6.32 203.28 209.59 OK
r-devel-linux-x86_64-debian-gcc 1.2-5 4.68 194.95 199.62 OK
r-devel-linux-x86_64-fedora-clang 1.2-5 418.11 OK
r-devel-linux-x86_64-fedora-gcc 1.2-5 393.09 OK
r-devel-windows-ix86+x86_64 1.2-5 15.00 328.00 343.00 OK
r-patched-linux-x86_64 1.2-5 4.90 192.97 197.87 OK
r-patched-solaris-sparc 1.2-5 2855.10 OK
r-patched-solaris-x86 1.2-5 482.40 OK
r-release-linux-x86_64 1.2-5 4.71 199.73 204.44 OK
r-release-windows-ix86+x86_64 1.2-5 24.00 407.00 431.00 OK
r-release-osx-x86_64 1.2-5 OK
r-oldrel-windows-ix86+x86_64 1.2-5 15.00 270.00 285.00 OK
r-oldrel-osx-x86_64 1.2-5 NOTE

Check Details

Version: 1.2-5
Check: re-building of vignette outputs
Result: NOTE
    Error in re-building vignettes:
     ...
     input string 348 is invalid in this locale
    Warning in grepl("(Rerun to get|biblatex.*\\(re\\)run)", readLines(log, :
     input string 354 is invalid in this locale
    Error in texi2dvi(file = file, pdf = TRUE, clean = clean, quiet = quiet, :
     Running 'texi2dvi' on 'AER.tex' failed.
    LaTeX errors:
    ! Undefined control sequence.
    l.18 ...<bc>Aι<ee>M<ea>^^X<84>^^PA^^P<e8><ba>.<84>H$^^R<ba><ae>æ^^GA<d0><ed>v<87>t\<a8>
     <ff><f9><f3><e7>l6[<af><d7>e'D<f4><ea>ի<d5><d5>UT^^[<c3>
    The control sequence at the end of the top line
    of your error message was never \def'ed. If you have
    ! LaTeX Error: Missing \begin{document}.
    
    See the LaTeX manual or LaTeX Companion for explanation.
    Type H <return> for immediate help.
     ...
    ! Extra }, or forgotten \endgroup.
    l.21 ...ޯP<af><d7><d5>`|H@<f8><93>V<bf>^^Q<c8><c9>9<97>S^^[<86><a1><a6>i(<f7>}^^_<fb>/9<cd>x<f6>}
     <9f><88>@`<c6>؟^^?<be><fb><e3><8f>^^?9N<c3>0d<c3>0<9f>g...
    I've deleted a group-closing symbol because it seems to be
    spurious, as in `$x}$'. But perhaps the } is legitimate and
    ! Undefined control sequence.
    l.24 ...^^?<d7>2^^L^^F۷<d
    Calls: buildVignettes -> texi2pdf -> texi2dvi
    Execution halted
Flavor: r-oldrel-osx-x86_64