CRAN Package Check Results for Package AER

Last updated on 2016-02-09 23:48:15.

Flavor Version Tinstall Tcheck Ttotal Status Flags
r-devel-linux-x86_64-debian-gcc 1.2-4 5.09 164.57 169.66 NOTE
r-devel-linux-x86_64-fedora-clang 1.2-4 327.33 NOTE
r-devel-linux-x86_64-fedora-gcc 1.2-4 315.98 NOTE
r-devel-osx-x86_64-clang 1.2-4 333.74 NOTE
r-devel-windows-ix86+x86_64 1.2-4 23.00 249.00 272.00 NOTE
r-patched-linux-x86_64 1.2-4 5.72 173.25 178.97 OK
r-patched-solaris-sparc 1.2-4 2558.50 OK
r-patched-solaris-x86 1.2-4 420.10 OK
r-release-linux-x86_64 1.2-4 5.65 172.72 178.36 OK
r-release-osx-x86_64-mavericks 1.2-4 OK
r-release-windows-ix86+x86_64 1.2-4 23.00 298.00 321.00 OK
r-oldrel-windows-ix86+x86_64 1.2-4 32.00 352.00 384.00 OK

Check Details

Version: 1.2-4
Check: R code for possible problems
Result: NOTE
    linearHypothesis.tobit: no visible global function definition for
     ‘compareVersion’
    linearHypothesis.tobit: no visible global function definition for
     ‘packageDescription’
    Undefined global functions or variables:
     compareVersion packageDescription
    Consider adding
     importFrom("utils", "compareVersion", "packageDescription")
    to your NAMESPACE file.
Flavors: r-devel-linux-x86_64-debian-gcc, r-devel-linux-x86_64-fedora-clang, r-devel-linux-x86_64-fedora-gcc, r-devel-osx-x86_64-clang, r-devel-windows-ix86+x86_64