CRAN Package Check Results for Package AER

Last updated on 2014-09-23 19:47:57.

Flavor Version Tinstall Tcheck Ttotal Status Flags
r-devel-linux-x86_64-debian-clang 1.2-2 2.43 146.51 148.94 NOTE
r-devel-linux-x86_64-debian-gcc 1.2-2 2.59 143.58 146.17 NOTE
r-devel-linux-x86_64-fedora-clang 1.2-2 304.29 NOTE
r-devel-linux-x86_64-fedora-gcc 1.2-2 284.45 NOTE
r-devel-osx-x86_64-clang 1.2-2 227.52 NOTE
r-devel-windows-ix86+x86_64 1.2-2 8.00 219.00 227.00 NOTE
r-patched-linux-x86_64 1.2-2 2.35 158.23 160.58 OK
r-patched-solaris-sparc 1.2-2 2097.90 OK
r-patched-solaris-x86 1.2-2 377.70 OK
r-release-linux-ix86 1.2-2 3.31 199.51 202.82 OK
r-release-linux-x86_64 1.2-2 2.47 160.52 162.99 OK
r-release-osx-x86_64-mavericks 1.2-2 OK
r-release-osx-x86_64-snowleopard 1.2-2 OK
r-release-windows-ix86+x86_64 1.2-2 9.00 223.00 232.00 OK
r-oldrel-windows-ix86+x86_64 1.2-2 11.00 238.00 249.00 OK

Check Details

Version: 1.2-2
Check: R code for possible problems
Result: NOTE
    lrtest.fitdistr: no visible global function definition for
     ‘lrtest.default’
    lrtest.tobit: no visible global function definition for
     ‘lrtest.default’
    waldtest.tobit: no visible global function definition for
     ‘waldtest.default’
Flavors: r-devel-linux-x86_64-debian-clang, r-devel-linux-x86_64-debian-gcc, r-devel-linux-x86_64-fedora-clang, r-devel-linux-x86_64-fedora-gcc, r-devel-osx-x86_64-clang, r-devel-windows-ix86+x86_64