CRAN Package Check Results for Package AER

Last updated on 2014-04-23 12:48:13.

Flavor Version Tinstall Tcheck Ttotal Status Flags
r-devel-linux-x86_64-debian-clang 1.2-2 2.76 158.53 161.29 OK
r-devel-linux-x86_64-debian-gcc 1.2-2 2.50 161.45 163.95 OK
r-devel-linux-x86_64-fedora-clang 1.2-2 320.87 OK
r-devel-linux-x86_64-fedora-gcc 1.2-2 314.73 OK
r-devel-osx-x86_64-clang 1.2-2 248.64 OK
r-devel-osx-x86_64-gcc 1.2-2 ERROR
r-devel-windows-ix86+x86_64 1.2-2 8.00 248.00 256.00 OK
r-patched-linux-x86_64 1.2-2 2.75 164.44 167.20 OK
r-patched-solaris-sparc 1.2-2 2265.60 OK
r-patched-solaris-x86 1.2-2 384.20 OK
r-release-linux-ix86 1.2-2 5.00 245.00 250.00 OK
r-release-linux-x86_64 1.2-2 2.51 160.00 162.50 OK
r-release-osx-x86_64-mavericks 1.2-2 WARN
r-release-osx-x86_64-snowleopard 1.2-2 OK
r-release-windows-ix86+x86_64 1.2-2 9.00 232.00 241.00 OK
r-oldrel-windows-ix86+x86_64 1.2-2 7.00 248.00 255.00 OK

Check Details

Version: 1.2-2
Check: package dependencies
Result: ERROR
    Packages required but not available: ‘car’ ‘lmtest’ ‘sandwich’ ‘zoo’
    
    Packages suggested but not available for checking:
     ‘dynlm’ ‘mlogit’ ‘plm’ ‘quantreg’ ‘sampleSelection’ ‘strucchange’
     ‘systemfit’ ‘truncreg’ ‘tseries’
    
    See the information on DESCRIPTION files in the chapter ‘Creating R
    packages’ of the ‘Writing R Extensions’ manual.
Flavor: r-devel-osx-x86_64-gcc

Version: 1.2-2
Check: package dependencies
Result: NOTE
    Package suggested but not available for checking: ‘mlogit’
Flavor: r-release-osx-x86_64-mavericks

Version: 1.2-2
Check: PDF version of manual
Result: WARNING
    LaTeX errors when creating PDF version.
    This typically indicates Rd problems.
    LaTeX errors found:
    ! LaTeX Error: File `upquote.sty' not found.
    
    Type X to quit or <RETURN> to proceed,
    or enter new name. (Default extension: sty)
    
    cca5e4e/Rd2.tex:8: ==> Fatal error occurred, no output PDF file produced!
Flavor: r-release-osx-x86_64-mavericks