CRAN Package Check Results for Package AER

Last updated on 2014-08-29 23:48:41.

Flavor Version Tinstall Tcheck Ttotal Status Flags
r-devel-linux-x86_64-debian-clang 1.2-2 2.59 145.16 147.75 NOTE
r-devel-linux-x86_64-debian-gcc 1.2-2 2.34 149.73 152.08 NOTE
r-devel-linux-x86_64-fedora-clang 1.2-2 298.10 NOTE
r-devel-linux-x86_64-fedora-gcc 1.2-2 245.31 NOTE
r-devel-osx-x86_64-clang 1.2-2 116.74 NOTE
r-devel-windows-ix86+x86_64 1.2-2 8.00 221.00 229.00 NOTE
r-patched-linux-x86_64 1.2-2 2.71 159.59 162.30 OK
r-patched-solaris-sparc 1.2-2 2381.80 OK
r-patched-solaris-x86 1.2-2 323.10 OK
r-release-linux-ix86 1.2-2 3.21 197.99 201.20 OK
r-release-linux-x86_64 1.2-2 2.49 154.95 157.44 OK
r-release-osx-x86_64-mavericks 1.2-2 OK
r-release-osx-x86_64-snowleopard 1.2-2 OK
r-release-windows-ix86+x86_64 1.2-2 7.00 220.00 227.00 OK
r-oldrel-windows-ix86+x86_64 1.2-2 9.00 236.00 245.00 OK

Check Details

Version: 1.2-2
Check: R code for possible problems
Result: NOTE
    lrtest.fitdistr: no visible global function definition for
     ‘lrtest.default’
    lrtest.tobit: no visible global function definition for
     ‘lrtest.default’
    waldtest.tobit: no visible global function definition for
     ‘waldtest.default’
Flavors: r-devel-linux-x86_64-debian-clang, r-devel-linux-x86_64-debian-gcc, r-devel-linux-x86_64-fedora-clang, r-devel-linux-x86_64-fedora-gcc, r-devel-osx-x86_64-clang, r-devel-windows-ix86+x86_64