CRAN Package Check Results for Package AER

Last updated on 2015-08-31 16:51:36.

Flavor Version Tinstall Tcheck Ttotal Status Flags
r-devel-linux-x86_64-debian-clang 1.2-4 5.25 169.50 174.75 NOTE
r-devel-linux-x86_64-debian-gcc 1.2-4 4.84 165.10 169.95 NOTE
r-devel-linux-x86_64-fedora-clang 1.2-4 341.09 NOTE
r-devel-linux-x86_64-fedora-gcc 1.2-4 326.40 NOTE
r-devel-osx-x86_64-clang 1.2-4 268.43 OK
r-devel-windows-ix86+x86_64 1.2-4 24.00 277.00 301.00 NOTE
r-patched-linux-x86_64 1.2-4 5.17 170.97 176.14 OK
r-patched-solaris-sparc 1.2-4 2576.50 OK
r-patched-solaris-x86 1.2-4 441.20 OK
r-release-linux-x86_64 1.2-4 5.61 175.18 180.79 OK
r-release-osx-x86_64-mavericks 1.2-4 OK
r-release-windows-ix86+x86_64 1.2-4 24.00 284.00 308.00 OK
r-oldrel-windows-ix86+x86_64 1.2-4 29.00 5.00 34.00 ERROR

Check Details

Version: 1.2-4
Check: R code for possible problems
Result: NOTE
    linearHypothesis.tobit: no visible global function definition for
     ‘compareVersion’
    linearHypothesis.tobit: no visible global function definition for
     ‘packageDescription’
    Undefined global functions or variables:
     compareVersion packageDescription
    Consider adding
     importFrom("utils", "compareVersion", "packageDescription")
    to your NAMESPACE.
Flavors: r-devel-linux-x86_64-debian-clang, r-devel-linux-x86_64-debian-gcc, r-devel-linux-x86_64-fedora-clang, r-devel-linux-x86_64-fedora-gcc, r-devel-windows-ix86+x86_64

Version: 1.2-4
Check: whether package can be installed
Result: ERROR
    Installation failed.
Flavor: r-oldrel-windows-ix86+x86_64