CRAN Package Check Results for Package AER

Last updated on 2015-02-01 08:48:13.

Flavor Version Tinstall Tcheck Ttotal Status Flags
r-devel-linux-x86_64-debian-clang 1.2-2 2.70 137.23 139.93 NOTE
r-devel-linux-x86_64-debian-gcc 1.2-2 2.14 136.77 138.91 NOTE
r-devel-linux-x86_64-fedora-clang 1.2-2 178.73 WARN
r-devel-linux-x86_64-fedora-gcc 1.2-2 254.43 WARN
r-devel-osx-x86_64-clang 1.2-2 230.58 WARN
r-devel-windows-ix86+x86_64 1.2-2 17.00 190.00 207.00 NOTE
r-patched-linux-x86_64 1.2-2 2.76 160.95 163.71 NOTE
r-patched-solaris-sparc 1.2-2 2325.20 NOTE
r-patched-solaris-x86 1.2-2 368.10 NOTE
r-release-linux-ix86 1.2-2 3.16 186.89 190.05 NOTE
r-release-linux-x86_64 1.2-2 2.57 156.22 158.80 NOTE
r-release-osx-x86_64-mavericks 1.2-2 NOTE
r-release-osx-x86_64-snowleopard 1.2-2 OK
r-release-windows-ix86+x86_64 1.2-2 9.00 207.00 216.00 NOTE
r-oldrel-windows-ix86+x86_64 1.2-2 9.00 227.00 236.00 OK

Check Details

Version: 1.2-2
Check: R code for possible problems
Result: NOTE
    lrtest.fitdistr: no visible global function definition for
     ‘lrtest.default’
    lrtest.tobit: no visible global function definition for
     ‘lrtest.default’
    waldtest.tobit: no visible global function definition for
     ‘waldtest.default’
Flavors: r-devel-linux-x86_64-debian-clang, r-devel-linux-x86_64-debian-gcc, r-devel-linux-x86_64-fedora-clang, r-devel-linux-x86_64-fedora-gcc, r-devel-osx-x86_64-clang, r-devel-windows-ix86+x86_64, r-patched-linux-x86_64, r-patched-solaris-sparc, r-patched-solaris-x86, r-release-linux-ix86, r-release-linux-x86_64, r-release-osx-x86_64-mavericks, r-release-windows-ix86+x86_64

Version: 1.2-2
Check: use of S3 registration
Result: WARN
    Registered S3 method in a standard package overwritten by 'AER':
     method package
     logLik.survreg survival
Flavors: r-devel-linux-x86_64-fedora-clang, r-devel-linux-x86_64-fedora-gcc, r-devel-osx-x86_64-clang

Version: 1.2-2
Check: re-building of vignette outputs
Result: NOTE
    Error in re-building vignettes:
     ...
    Error in texi2dvi(file = file, pdf = TRUE, clean = clean, quiet = quiet, :
     Running 'texi2dvi' on 'AER.tex' failed.
    LaTeX errors:
    ! LaTeX Error: Missing \begin{document}.
    
    See the LaTeX manual or LaTeX Companion for explanation.
    Type H <return> for immediate help.
     ...
    ! Missing $ inserted.
    <inserted text>
     $
    l.20 ...;^^Fжm"b<8c><85>ah^^X^^F<c2>^^C˲<ca><e5><f2><f4><f4><f4><9d>;w<ba>^^[<e4><98><eb>^
     <af><8e>AJ^^YE<91><ae><eb>R<ca>T*<a5><eb>:lz^^TE<fb><fb>...
    ! Extra }, or forgotten $.
    l.25 j<bf>eH1<e7>iƙ<fb><f7><ef><b7><d9><d4>q<9c><fd><fd>}"<da><dc><dc><c4>E<bd>^<f7>}
     ^^_<d7><db><db><db>333<ca>fDQ<d4>h4|<df><cf><e5>rR<ca>d<cb>z<bd><8e>%r^^\'^^H<82> ^...
    I've deleted a group-closing symbol because it seems to be
    spurious, as in `$x}$'. But perhaps the } is legitimate and
    ! Undefined control sequence.
    l.27 ...<e7><e7>i^^@<db><b3><97><ca><ec>^^PBӉ<ee><8d>2&<e2><8d>2&<e2><8d>2&<e2><8d>2&<e2><8d>2<c6>\
    Calls: buildVignettes -> texi2pdf -> texi2dvi
    Execution halted
Flavor: r-release-osx-x86_64-mavericks