CRAN Package Check Results for Package AFLPsim

Last updated on 2016-12-03 05:46:59.

Flavor Version Tinstall Tcheck Ttotal Status Flags
r-devel-linux-x86_64-debian-clang 0.4-2 4.82 66.39 71.21 OK
r-devel-linux-x86_64-debian-gcc 0.4-2 4.98 62.31 67.29 OK
r-devel-linux-x86_64-fedora-clang 0.4-2 153.90 OK
r-devel-linux-x86_64-fedora-gcc 0.4-2 152.28 OK
r-devel-macos-x86_64-clang 0.4-2 114.06 OK
r-devel-windows-ix86+x86_64 0.4-2 15.00 114.00 129.00 NOTE
r-patched-linux-x86_64 0.4-2 4.36 56.30 60.66 OK
r-patched-solaris-sparc 0.4-2 775.20 OK
r-patched-solaris-x86 0.4-2 168.50 OK
r-release-linux-x86_64 0.4-2 4.34 56.29 60.63 OK
r-release-osx-x86_64-mavericks 0.4-2 OK
r-release-windows-ix86+x86_64 0.4-2 21.00 132.00 153.00 NOTE
r-oldrel-windows-ix86+x86_64 0.4-2 27.00 143.00 170.00 OK

Check Details

Version: 0.4-2
Check: R code for possible problems
Result: NOTE
    bayescan: no visible global function definition for 'shortPathName'
    Undefined global functions or variables:
     shortPathName
    Consider adding
     importFrom("utils", "shortPathName")
    to your NAMESPACE file.
Flavors: r-devel-windows-ix86+x86_64, r-release-windows-ix86+x86_64