CRAN Package Check Results for Package AFLPsim

Last updated on 2015-03-02 13:46:57.

Flavor Version Tinstall Tcheck Ttotal Status Flags
r-devel-linux-x86_64-debian-clang 0.3-4 1.76 30.95 32.72 NOTE
r-devel-linux-x86_64-debian-gcc 0.3-4 1.82 32.38 34.20 NOTE
r-devel-linux-x86_64-fedora-clang 0.3-4 65.72 NOTE
r-devel-linux-x86_64-fedora-gcc 0.3-4 61.66 NOTE
r-devel-osx-x86_64-clang 0.3-4 60.28 NOTE
r-devel-windows-ix86+x86_64 0.3-4 12.00 66.00 78.00 OK
r-patched-linux-x86_64 0.3-4 4.26 53.74 58.00 OK
r-patched-solaris-sparc 0.3-4 546.20 OK
r-patched-solaris-x86 0.3-4 142.20 OK
r-release-linux-ix86 0.3-4 3.58 58.28 61.86 OK
r-release-linux-x86_64 0.3-4 4.58 52.50 57.08 OK
r-release-osx-x86_64-mavericks 0.3-4 OK
r-release-osx-x86_64-snowleopard 0.3-4 OK
r-release-windows-ix86+x86_64 0.3-4 18.00 124.00 142.00 OK
r-oldrel-windows-ix86+x86_64 0.3-4 17.00 96.00 113.00 OK

Check Details

Version: 0.3-4
Check: S3 generic/method consistency
Result: NOTE
    Found the following apparent S3 methods exported but not registered:
     plot.demosimhybrid plot.hybridsim
    See section ‘Registering S3 methods’ in the ‘Writing R Extensions’
    manual.
Flavors: r-devel-linux-x86_64-debian-clang, r-devel-linux-x86_64-debian-gcc, r-devel-linux-x86_64-fedora-clang, r-devel-linux-x86_64-fedora-gcc, r-devel-osx-x86_64-clang