CRAN Package Check Results for Package AFLPsim

Last updated on 2016-06-27 17:52:47.

Flavor Version Tinstall Tcheck Ttotal Status Flags
r-devel-linux-x86_64-debian-gcc 0.4-2 4.52 58.16 62.68 OK
r-devel-linux-x86_64-fedora-clang 0.4-2 127.39 OK
r-devel-linux-x86_64-fedora-gcc 0.4-2 126.92 OK
r-devel-osx-x86_64-clang 0.4-2 100.50 OK
r-devel-windows-ix86+x86_64 0.4-2 15.00 104.00 119.00 NOTE
r-patched-linux-x86_64 0.4-2 5.27 60.82 66.09 OK
r-patched-solaris-sparc 0.4-2 773.30 OK
r-patched-solaris-x86 0.4-2 169.70 OK
r-release-linux-x86_64 0.4-2 4.81 59.19 64.00 OK
r-release-osx-x86_64-mavericks 0.4-2 OK
r-release-windows-ix86+x86_64 0.4-2 25.00 106.00 131.00 NOTE
r-oldrel-windows-ix86+x86_64 0.4-2 17.00 103.00 120.00 OK

Check Details

Version: 0.4-2
Check: R code for possible problems
Result: NOTE
    bayescan: no visible global function definition for 'shortPathName'
    Undefined global functions or variables:
     shortPathName
    Consider adding
     importFrom("utils", "shortPathName")
    to your NAMESPACE file.
Flavors: r-devel-windows-ix86+x86_64, r-release-windows-ix86+x86_64