CRAN Package Check Results for Package AFLPsim

Last updated on 2017-02-22 07:48:01.

Flavor Version Tinstall Tcheck Ttotal Status Flags
r-devel-linux-x86_64-debian-clang 0.4-2 4.54 65.02 69.56 OK
r-devel-linux-x86_64-debian-gcc 0.4-2 4.43 65.65 70.09 OK
r-devel-linux-x86_64-fedora-clang 0.4-2 149.82 OK --no-stop-on-test-error
r-devel-linux-x86_64-fedora-gcc 0.4-2 191.59 OK --no-stop-on-test-error
r-devel-macos-x86_64-clang 0.4-2 112.45 OK --no-stop-on-test-error
r-devel-windows-ix86+x86_64 0.4-2 21.00 165.00 186.00 NOTE
r-patched-linux-x86_64 0.4-2 4.50 58.57 63.07 OK
r-patched-solaris-sparc 0.4-2 769.10 OK
r-patched-solaris-x86 0.4-2 173.10 OK
r-release-linux-x86_64 0.4-2 4.52 57.88 62.39 OK
r-release-osx-x86_64-mavericks 0.4-2 OK
r-release-windows-ix86+x86_64 0.4-2 39.00 111.00 150.00 NOTE
r-oldrel-windows-ix86+x86_64 0.4-2 25.00 232.00 257.00 OK

Check Details

Version: 0.4-2
Check: R code for possible problems
Result: NOTE
    bayescan: no visible global function definition for 'shortPathName'
    Undefined global functions or variables:
     shortPathName
    Consider adding
     importFrom("utils", "shortPathName")
    to your NAMESPACE file.
Flavors: r-devel-windows-ix86+x86_64, r-release-windows-ix86+x86_64