CRAN Package Check Results for Package AFLPsim

Last updated on 2017-05-28 23:49:48.

Flavor Version Tinstall Tcheck Ttotal Status Flags
r-devel-linux-x86_64-debian-clang 0.4-2 4.60 65.42 70.02 OK
r-devel-linux-x86_64-debian-gcc 0.4-2 4.52 62.92 67.43 OK
r-devel-linux-x86_64-fedora-clang 0.4-2 163.54 OK
r-devel-linux-x86_64-fedora-gcc 0.4-2 148.70 OK
r-devel-windows-ix86+x86_64 0.4-2 18.00 116.00 134.00 NOTE
r-patched-linux-x86_64 0.4-2 4.90 66.38 71.28 OK
r-patched-solaris-sparc 0.4-2 853.70 OK
r-patched-solaris-x86 0.4-2 191.50 OK
r-release-linux-x86_64 0.4-2 4.78 64.61 69.39 OK
r-release-windows-ix86+x86_64 0.4-2 24.00 148.00 172.00 NOTE
r-release-osx-x86_64 0.4-2 OK
r-oldrel-windows-ix86+x86_64 0.4-2 24.00 105.00 129.00 NOTE
r-oldrel-osx-x86_64 0.4-2 OK

Check Details

Version: 0.4-2
Check: R code for possible problems
Result: NOTE
    bayescan: no visible global function definition for 'shortPathName'
    Undefined global functions or variables:
     shortPathName
    Consider adding
     importFrom("utils", "shortPathName")
    to your NAMESPACE file.
Flavors: r-devel-windows-ix86+x86_64, r-release-windows-ix86+x86_64, r-oldrel-windows-ix86+x86_64