CRAN Package Check Results for Package AFLPsim

Last updated on 2017-09-24 11:47:57.

Flavor Version Tinstall Tcheck Ttotal Status Flags
r-devel-linux-x86_64-debian-clang 0.4-2 4.42 63.77 68.19 OK
r-devel-linux-x86_64-debian-gcc 0.4-2 4.81 61.39 66.20 OK
r-devel-linux-x86_64-fedora-clang 0.4-2 149.44 OK
r-devel-linux-x86_64-fedora-gcc 0.4-2 149.12 OK
r-devel-windows-ix86+x86_64 0.4-2 18.00 108.00 126.00 NOTE
r-patched-linux-x86_64 0.4-2 4.57 64.02 68.59 OK
r-patched-solaris-x86 0.4-2 194.70 OK
r-release-linux-x86_64 0.4-2 4.71 63.26 67.97 OK
r-release-windows-ix86+x86_64 0.4-2 14.00 105.00 119.00 NOTE
r-release-osx-x86_64 0.4-2 OK
r-oldrel-windows-ix86+x86_64 0.4-2 16.00 97.00 113.00 NOTE
r-oldrel-osx-x86_64 0.4-2 OK

Check Details

Version: 0.4-2
Check: R code for possible problems
Result: NOTE
    bayescan: no visible global function definition for 'shortPathName'
    Undefined global functions or variables:
     shortPathName
    Consider adding
     importFrom("utils", "shortPathName")
    to your NAMESPACE file.
Flavors: r-devel-windows-ix86+x86_64, r-release-windows-ix86+x86_64, r-oldrel-windows-ix86+x86_64