CRAN Package Check Results for Package AFLPsim

Last updated on 2017-11-20 00:53:50.

Flavor Version Tinstall Tcheck Ttotal Status Flags
r-devel-linux-x86_64-debian-clang 0.4-2 4.26 56.67 60.93 OK
r-devel-linux-x86_64-debian-gcc 0.4-2 4.35 115.35 119.69 OK
r-devel-linux-x86_64-fedora-clang 0.4-2 152.40 OK
r-devel-linux-x86_64-fedora-gcc 0.4-2 171.50 OK
r-devel-windows-ix86+x86_64 0.4-2 17.00 119.00 136.00 NOTE
r-patched-linux-x86_64 0.4-2 4.79 63.12 67.91 OK
r-patched-solaris-x86 0.4-2 192.80 OK
r-release-linux-x86_64 0.4-2 4.50 62.72 67.22 OK
r-release-windows-ix86+x86_64 0.4-2 28.00 159.00 187.00 NOTE
r-release-osx-x86_64 0.4-2 OK
r-oldrel-windows-ix86+x86_64 0.4-2 16.00 144.00 160.00 NOTE
r-oldrel-osx-x86_64 0.4-2 OK

Check Details

Version: 0.4-2
Check: R code for possible problems
Result: NOTE
    bayescan: no visible global function definition for 'shortPathName'
    Undefined global functions or variables:
     shortPathName
    Consider adding
     importFrom("utils", "shortPathName")
    to your NAMESPACE file.
Flavors: r-devel-windows-ix86+x86_64, r-release-windows-ix86+x86_64, r-oldrel-windows-ix86+x86_64