CRAN Package Check Results for Package AFLPsim

Last updated on 2015-04-18 23:50:01.

Flavor Version Tinstall Tcheck Ttotal Status Flags
r-devel-linux-x86_64-debian-clang 0.3-4 1.84 31.48 33.33 NOTE
r-devel-linux-x86_64-debian-gcc 0.3-4 1.80 31.01 32.81 NOTE
r-devel-linux-x86_64-fedora-clang 0.3-4 68.35 NOTE
r-devel-linux-x86_64-fedora-gcc 0.3-4 70.11 NOTE
r-devel-osx-x86_64-clang 0.3-4 60.90 NOTE
r-patched-linux-x86_64 0.3-4 1.81 30.88 32.69 NOTE
r-patched-solaris-sparc 0.3-4 425.20 OK
r-patched-solaris-x86 0.3-4 91.80 OK
r-release-linux-x86_64 0.3-4 1.81 30.79 32.60 NOTE
r-release-osx-x86_64-mavericks 0.3-4 OK
r-release-osx-x86_64-snowleopard 0.3-4 ERROR
r-release-windows-ix86+x86_64 0.3-4 7.00 49.00 56.00 OK
r-oldrel-windows-ix86+x86_64 0.3-4 23.00 135.00 158.00 OK

Check Details

Version: 0.3-4
Check: S3 generic/method consistency
Result: NOTE
    Found the following apparent S3 methods exported but not registered:
     plot.demosimhybrid plot.hybridsim
    See section ‘Registering S3 methods’ in the ‘Writing R Extensions’
    manual.
Flavors: r-devel-linux-x86_64-debian-clang, r-devel-linux-x86_64-debian-gcc, r-devel-linux-x86_64-fedora-clang, r-devel-linux-x86_64-fedora-gcc, r-devel-osx-x86_64-clang, r-patched-linux-x86_64, r-release-linux-x86_64

Version: 0.3-4
Check: package dependencies
Result: ERROR
    Package required but not available: ‘adegenet’
    
    See section ‘The DESCRIPTION file’ in the ‘Writing R Extensions’
    manual.
Flavor: r-release-osx-x86_64-snowleopard