CRAN Package Check Results for Package AFLPsim

Last updated on 2018-04-21 13:46:21 CEST.

Flavor Version Tinstall Tcheck Ttotal Status Flags
r-devel-linux-x86_64-debian-clang 0.4-2 8.67 97.28 105.95 OK
r-devel-linux-x86_64-debian-gcc 0.4-2 6.46 74.74 81.20 OK
r-devel-linux-x86_64-fedora-clang 0.4-2 147.55 OK
r-devel-linux-x86_64-fedora-gcc 0.4-2 128.49 OK
r-devel-windows-ix86+x86_64 0.4-2 28.00 112.00 140.00 NOTE
r-devel-osx-x86_64 0.4-2 OK
r-patched-linux-x86_64 0.4-2 8.42 96.16 104.58 OK
r-patched-solaris-x86 0.4-2 192.80 OK
r-release-linux-x86_64 0.4-2 6.22 100.51 106.73 OK
r-release-windows-ix86+x86_64 0.4-2 24.00 157.00 181.00 NOTE
r-release-osx-x86_64 0.4-2 OK
r-oldrel-windows-ix86+x86_64 0.4-2 23.00 101.00 124.00 NOTE

Check Details

Version: 0.4-2
Check: R code for possible problems
Result: NOTE
    bayescan: no visible global function definition for 'shortPathName'
    Undefined global functions or variables:
     shortPathName
    Consider adding
     importFrom("utils", "shortPathName")
    to your NAMESPACE file.
Flavors: r-devel-windows-ix86+x86_64, r-release-windows-ix86+x86_64, r-oldrel-windows-ix86+x86_64