CRAN Package Check Results for Package AFLPsim

Last updated on 2017-03-29 11:49:13.

Flavor Version Tinstall Tcheck Ttotal Status Flags
r-devel-linux-x86_64-debian-clang 0.4-2 4.84 63.81 68.65 OK
r-devel-linux-x86_64-debian-gcc 0.4-2 4.90 62.57 67.47 OK
r-devel-linux-x86_64-fedora-clang 0.4-2 154.88 OK --no-stop-on-test-error
r-devel-linux-x86_64-fedora-gcc 0.4-2 184.05 OK --no-stop-on-test-error
r-devel-macos-x86_64-clang 0.4-2 111.48 OK --no-stop-on-test-error
r-devel-windows-ix86+x86_64 0.4-2 20.00 121.00 141.00 NOTE
r-patched-linux-x86_64 0.4-2 4.59 62.63 67.22 OK
r-patched-solaris-sparc 0.4-2 853.70 OK
r-patched-solaris-x86 0.4-2 194.80 OK
r-release-linux-x86_64 0.4-2 4.46 58.88 63.34 OK
r-release-osx-x86_64-mavericks 0.4-2 OK
r-release-windows-ix86+x86_64 0.4-2 23.00 149.00 172.00 NOTE
r-oldrel-windows-ix86+x86_64 0.4-2 16.00 153.00 169.00 OK

Check Details

Version: 0.4-2
Check: R code for possible problems
Result: NOTE
    bayescan: no visible global function definition for 'shortPathName'
    Undefined global functions or variables:
     shortPathName
    Consider adding
     importFrom("utils", "shortPathName")
    to your NAMESPACE file.
Flavors: r-devel-windows-ix86+x86_64, r-release-windows-ix86+x86_64