CRAN Package Check Results for Package AFLPsim

Last updated on 2015-09-03 22:47:47.

Flavor Version Tinstall Tcheck Ttotal Status Flags
r-devel-linux-x86_64-debian-clang 0.4-2 4.83 61.04 65.86 OK
r-devel-linux-x86_64-debian-gcc 0.4-2 4.69 58.75 63.44 OK
r-devel-linux-x86_64-fedora-clang 0.4-2 133.27 OK
r-devel-linux-x86_64-fedora-gcc 0.4-2 127.29 OK
r-devel-osx-x86_64-clang 0.4-2 109.71 OK
r-devel-windows-ix86+x86_64 0.4-2 16.00 94.00 110.00 NOTE
r-patched-linux-x86_64 0.4-2 4.50 61.61 66.11 OK
r-patched-solaris-sparc 0.4-2 753.30 OK
r-patched-solaris-x86 0.4-2 193.60 OK
r-release-linux-x86_64 0.4-2 4.61 61.06 65.67 OK
r-release-osx-x86_64-mavericks 0.4-2 OK
r-release-windows-ix86+x86_64 0.4-2 24.00 105.00 129.00 OK
r-oldrel-windows-ix86+x86_64 0.4-2 44.00 167.00 211.00 OK

Check Details

Version: 0.4-2
Check: R code for possible problems
Result: NOTE
    bayescan: no visible global function definition for 'shortPathName'
    Undefined global functions or variables:
     shortPathName
    Consider adding
     importFrom("utils", "shortPathName")
    to your NAMESPACE.
Flavor: r-devel-windows-ix86+x86_64