CRAN Package Check Results for Package AFLPsim

Last updated on 2016-05-30 11:47:36.

Flavor Version Tinstall Tcheck Ttotal Status Flags
r-devel-linux-x86_64-debian-gcc 0.4-2 4.58 58.91 63.49 OK
r-devel-linux-x86_64-fedora-clang 0.4-2 127.41 OK
r-devel-linux-x86_64-fedora-gcc 0.4-2 123.71 OK
r-devel-osx-x86_64-clang 0.4-2 138.00 OK
r-devel-windows-ix86+x86_64 0.4-2 18.00 102.00 120.00 NOTE
r-patched-linux-x86_64 0.4-2 5.01 59.60 64.61 OK
r-patched-solaris-sparc 0.4-2 774.60 OK
r-patched-solaris-x86 0.4-2 167.70 OK
r-release-linux-x86_64 0.4-2 4.55 58.34 62.89 OK
r-release-osx-x86_64-mavericks 0.4-2 OK
r-release-windows-ix86+x86_64 0.4-2 21.00 107.00 128.00 NOTE
r-oldrel-windows-ix86+x86_64 0.4-2 18.00 113.00 131.00 OK

Check Details

Version: 0.4-2
Check: R code for possible problems
Result: NOTE
    bayescan: no visible global function definition for 'shortPathName'
    Undefined global functions or variables:
     shortPathName
    Consider adding
     importFrom("utils", "shortPathName")
    to your NAMESPACE file.
Flavors: r-devel-windows-ix86+x86_64, r-release-windows-ix86+x86_64