CRAN Package Check Results for Package AFLPsim

Last updated on 2017-01-18 10:48:18.

Flavor Version Tinstall Tcheck Ttotal Status Flags
r-devel-linux-x86_64-debian-clang 0.4-2 4.80 62.72 67.52 OK
r-devel-linux-x86_64-debian-gcc 0.4-2 4.62 61.54 66.17 OK
r-devel-linux-x86_64-fedora-clang 0.4-2 152.86 OK --no-stop-on-test-error
r-devel-linux-x86_64-fedora-gcc 0.4-2 185.97 OK --no-stop-on-test-error
r-devel-macos-x86_64-clang 0.4-2 110.58 OK --no-stop-on-test-error
r-devel-windows-ix86+x86_64 0.4-2 26.00 96.00 122.00 NOTE
r-patched-linux-x86_64 0.4-2 4.47 57.30 61.77 OK
r-patched-solaris-sparc 0.4-2 769.10 OK
r-patched-solaris-x86 0.4-2 169.50 OK
r-release-linux-x86_64 0.4-2 4.38 56.18 60.56 OK
r-release-osx-x86_64-mavericks 0.4-2 OK
r-release-windows-ix86+x86_64 0.4-2 14.00 98.00 112.00 NOTE
r-oldrel-windows-ix86+x86_64 0.4-2 18.00 109.00 127.00 OK

Check Details

Version: 0.4-2
Check: R code for possible problems
Result: NOTE
    bayescan: no visible global function definition for 'shortPathName'
    Undefined global functions or variables:
     shortPathName
    Consider adding
     importFrom("utils", "shortPathName")
    to your NAMESPACE file.
Flavors: r-devel-windows-ix86+x86_64, r-release-windows-ix86+x86_64