CRAN Package Check Results for Package AFLPsim

Last updated on 2018-01-20 05:48:55 CET.

Flavor Version Tinstall Tcheck Ttotal Status Flags
r-devel-linux-x86_64-debian-clang 0.4-2 6.87 96.78 103.65 OK
r-devel-linux-x86_64-debian-gcc 0.4-2 5.24 74.53 79.77 OK
r-devel-linux-x86_64-fedora-clang 0.4-2 128.48 OK
r-devel-linux-x86_64-fedora-gcc 0.4-2 128.94 OK
r-devel-windows-ix86+x86_64 0.4-2 16.00 97.00 113.00 NOTE
r-patched-linux-x86_64 0.4-2 8.06 100.87 108.93 OK
r-patched-solaris-x86 0.4-2 220.10 OK
r-release-linux-x86_64 0.4-2 6.47 101.18 107.65 OK
r-release-windows-ix86+x86_64 0.4-2 22.00 120.00 142.00 NOTE
r-release-osx-x86_64 0.4-2 OK
r-oldrel-windows-ix86+x86_64 0.4-2 16.00 97.00 113.00 NOTE
r-oldrel-osx-x86_64 0.4-2 OK

Check Details

Version: 0.4-2
Check: R code for possible problems
Result: NOTE
    bayescan: no visible global function definition for 'shortPathName'
    Undefined global functions or variables:
     shortPathName
    Consider adding
     importFrom("utils", "shortPathName")
    to your NAMESPACE file.
Flavors: r-devel-windows-ix86+x86_64, r-release-windows-ix86+x86_64, r-oldrel-windows-ix86+x86_64