CRAN Package Check Results for Package AFLPsim

Last updated on 2016-02-10 02:48:58.

Flavor Version Tinstall Tcheck Ttotal Status Flags
r-devel-linux-x86_64-debian-gcc 0.4-2 4.48 55.73 60.21 OK
r-devel-linux-x86_64-fedora-clang 0.4-2 126.51 OK
r-devel-linux-x86_64-fedora-gcc 0.4-2 120.19 OK
r-devel-osx-x86_64-clang 0.4-2 135.37 OK
r-devel-windows-ix86+x86_64 0.4-2 26.00 100.00 126.00 NOTE
r-patched-linux-x86_64 0.4-2 4.89 61.54 66.43 OK
r-patched-solaris-sparc 0.4-2 799.50 OK
r-patched-solaris-x86 0.4-2 172.80 OK
r-release-linux-x86_64 0.4-2 4.86 61.39 66.25 OK
r-release-osx-x86_64-mavericks 0.4-2 OK
r-release-windows-ix86+x86_64 0.4-2 22.00 105.00 127.00 OK
r-oldrel-windows-ix86+x86_64 0.4-2 44.00 245.00 289.00 OK

Check Details

Version: 0.4-2
Check: R code for possible problems
Result: NOTE
    bayescan: no visible global function definition for 'shortPathName'
    Undefined global functions or variables:
     shortPathName
    Consider adding
     importFrom("utils", "shortPathName")
    to your NAMESPACE file.
Flavor: r-devel-windows-ix86+x86_64