CRAN Package Check Results for Package AFLPsim

Last updated on 2017-07-22 14:46:18.

Flavor Version Tinstall Tcheck Ttotal Status Flags
r-devel-linux-x86_64-debian-clang 0.4-2 4.78 69.35 74.13 OK
r-devel-linux-x86_64-debian-gcc 0.4-2 4.64 67.94 72.58 OK
r-devel-linux-x86_64-fedora-clang 0.4-2 167.17 OK
r-devel-linux-x86_64-fedora-gcc 0.4-2 151.17 OK
r-devel-windows-ix86+x86_64 0.4-2 27.00 147.00 174.00 NOTE
r-patched-linux-x86_64 0.4-2 4.50 69.37 73.87 OK
r-patched-solaris-x86 0.4-2 195.80 OK
r-release-linux-x86_64 0.4-2 4.54 70.51 75.05 OK
r-release-windows-ix86+x86_64 0.4-2 35.00 150.00 185.00 NOTE
r-release-osx-x86_64 0.4-2 OK
r-oldrel-windows-ix86+x86_64 0.4-2 24.00 157.00 181.00 NOTE
r-oldrel-osx-x86_64 0.4-2 OK

Check Details

Version: 0.4-2
Check: R code for possible problems
Result: NOTE
    bayescan: no visible global function definition for 'shortPathName'
    Undefined global functions or variables:
     shortPathName
    Consider adding
     importFrom("utils", "shortPathName")
    to your NAMESPACE file.
Flavors: r-devel-windows-ix86+x86_64, r-release-windows-ix86+x86_64, r-oldrel-windows-ix86+x86_64