CRAN Package Check Results for Package AFLPsim

Last updated on 2016-07-26 03:48:55.

Flavor Version Tinstall Tcheck Ttotal Status Flags
r-devel-linux-x86_64-debian-clang 0.4-2 6.11 70.53 76.64 OK
r-devel-linux-x86_64-debian-gcc 0.4-2 5.62 69.11 74.73 OK
r-devel-linux-x86_64-fedora-clang 0.4-2 164.70 OK
r-devel-linux-x86_64-fedora-gcc 0.4-2 130.74 OK
r-devel-osx-x86_64-clang 0.4-2 103.64 OK
r-devel-windows-ix86+x86_64 0.4-2 24.00 116.00 140.00 NOTE
r-patched-linux-x86_64 0.4-2 5.48 65.77 71.25 OK
r-patched-solaris-sparc 0.4-2 773.30 OK
r-patched-solaris-x86 0.4-2 168.00 OK
r-release-linux-x86_64 0.4-2 6.56 66.08 72.64 OK
r-release-osx-x86_64-mavericks 0.4-2 OK
r-release-windows-ix86+x86_64 0.4-2 25.00 104.00 129.00 NOTE
r-oldrel-windows-ix86+x86_64 0.4-2 24.00 109.00 133.00 OK

Check Details

Version: 0.4-2
Check: R code for possible problems
Result: NOTE
    bayescan: no visible global function definition for 'shortPathName'
    Undefined global functions or variables:
     shortPathName
    Consider adding
     importFrom("utils", "shortPathName")
    to your NAMESPACE file.
Flavors: r-devel-windows-ix86+x86_64, r-release-windows-ix86+x86_64