CRAN Package Check Results for Package AFLPsim

Last updated on 2015-05-22 19:47:59.

Flavor Version Tinstall Tcheck Ttotal Status Flags
r-devel-linux-x86_64-debian-clang 0.3-4 1.85 31.03 32.88 NOTE
r-devel-linux-x86_64-debian-gcc 0.3-4 1.88 31.71 33.59 NOTE
r-devel-linux-x86_64-fedora-clang 0.3-4 66.68 NOTE
r-devel-linux-x86_64-fedora-gcc 0.3-4 64.35 NOTE
r-devel-osx-x86_64-clang 0.3-4 60.39 NOTE
r-devel-windows-ix86+x86_64 0.3-4 9.00 51.00 60.00 OK
r-patched-linux-x86_64 0.3-4 1.82 30.67 32.49 NOTE
r-patched-solaris-sparc 0.3-4 445.40 NOTE
r-patched-solaris-x86 0.3-4 97.90 NOTE
r-release-linux-x86_64 0.3-4 1.83 30.49 32.32 NOTE
r-release-osx-x86_64-mavericks 0.3-4 OK
r-release-osx-x86_64-snowleopard 0.3-4 ERROR
r-release-windows-ix86+x86_64 0.3-4 10.00 54.00 64.00 OK
r-oldrel-windows-ix86+x86_64 0.3-4 20.00 119.00 139.00 OK

Check Details

Version: 0.3-4
Check: S3 generic/method consistency
Result: NOTE
    Found the following apparent S3 methods exported but not registered:
     plot.demosimhybrid plot.hybridsim
    See section ‘Registering S3 methods’ in the ‘Writing R Extensions’
    manual.
Flavors: r-devel-linux-x86_64-debian-clang, r-devel-linux-x86_64-debian-gcc, r-devel-linux-x86_64-fedora-clang, r-devel-linux-x86_64-fedora-gcc, r-devel-osx-x86_64-clang, r-patched-linux-x86_64, r-patched-solaris-sparc, r-patched-solaris-x86, r-release-linux-x86_64

Version: 0.3-4
Check: package dependencies
Result: ERROR
    Package required but not available: ‘adegenet’
    
    See section ‘The DESCRIPTION file’ in the ‘Writing R Extensions’
    manual.
Flavor: r-release-osx-x86_64-snowleopard