CRAN Package Check Results for Package AFLPsim

Last updated on 2016-10-01 06:47:12.

Flavor Version Tinstall Tcheck Ttotal Status Flags
r-devel-linux-x86_64-debian-clang 0.4-2 4.68 58.88 63.57 OK
r-devel-linux-x86_64-debian-gcc 0.4-2 4.51 57.24 61.75 OK
r-devel-linux-x86_64-fedora-clang 0.4-2 163.23 OK
r-devel-linux-x86_64-fedora-gcc 0.4-2 124.58 OK
r-devel-macos-x86_64-clang 0.4-2 96.72 OK
r-devel-windows-ix86+x86_64 0.4-2 23.00 138.00 161.00 NOTE
r-patched-linux-x86_64 0.4-2 4.94 56.71 61.65 OK
r-patched-solaris-sparc 0.4-2 773.30 OK
r-patched-solaris-x86 0.4-2 166.00 OK
r-release-linux-x86_64 0.4-2 4.46 55.96 60.42 OK
r-release-osx-x86_64-mavericks 0.4-2 OK
r-release-windows-ix86+x86_64 0.4-2 15.00 103.00 118.00 NOTE
r-oldrel-windows-ix86+x86_64 0.4-2 24.00 147.00 171.00 OK

Check Details

Version: 0.4-2
Check: R code for possible problems
Result: NOTE
    bayescan: no visible global function definition for 'shortPathName'
    Undefined global functions or variables:
     shortPathName
    Consider adding
     importFrom("utils", "shortPathName")
    to your NAMESPACE file.
Flavors: r-devel-windows-ix86+x86_64, r-release-windows-ix86+x86_64