CRAN Package Check Results for Package AFLPsim

Last updated on 2016-08-30 22:47:21.

Flavor Version Tinstall Tcheck Ttotal Status Flags
r-devel-linux-x86_64-debian-clang 0.4-2 4.51 59.25 63.75 OK
r-devel-linux-x86_64-debian-gcc 0.4-2 4.48 57.42 61.90 OK
r-devel-linux-x86_64-fedora-clang 0.4-2 137.38 OK
r-devel-linux-x86_64-fedora-gcc 0.4-2 164.27 OK
r-devel-osx-x86_64-clang 0.4-2 103.84 OK
r-devel-windows-ix86+x86_64 0.4-2 26.00 163.00 189.00 NOTE
r-patched-linux-x86_64 0.4-2 5.05 59.06 64.11 OK
r-patched-solaris-sparc 0.4-2 773.30 OK
r-patched-solaris-x86 0.4-2 167.80 OK
r-release-linux-x86_64 0.4-2 4.81 57.40 62.21 OK
r-release-osx-x86_64-mavericks 0.4-2 OK
r-release-windows-ix86+x86_64 0.4-2 25.00 136.00 161.00 NOTE
r-oldrel-windows-ix86+x86_64 0.4-2 21.00 167.00 188.00 OK

Check Details

Version: 0.4-2
Check: R code for possible problems
Result: NOTE
    bayescan: no visible global function definition for 'shortPathName'
    Undefined global functions or variables:
     shortPathName
    Consider adding
     importFrom("utils", "shortPathName")
    to your NAMESPACE file.
Flavors: r-devel-windows-ix86+x86_64, r-release-windows-ix86+x86_64