CRAN Package Check Results for Package AFLPsim

Last updated on 2014-04-24 21:47:36.

Flavor Version Tinstall Tcheck Ttotal Status Flags
r-devel-linux-x86_64-debian-clang 0.3-3 3.47 52.73 56.20 OK
r-devel-linux-x86_64-debian-gcc 0.3-3 3.51 54.40 57.91 OK
r-devel-linux-x86_64-fedora-clang 0.3-3 106.46 OK
r-devel-linux-x86_64-fedora-gcc 0.3-3 101.25 OK
r-devel-osx-x86_64-clang 0.3-3 109.90 OK
r-devel-osx-x86_64-gcc 0.3-3 ERROR
r-devel-windows-ix86+x86_64 0.3-3 13.00 75.00 88.00 OK
r-patched-linux-x86_64 0.3-3 3.46 51.37 54.82 OK
r-patched-solaris-sparc 0.3-3 557.70 OK
r-patched-solaris-x86 0.3-3 136.50 OK
r-release-linux-ix86 0.3-3 6.00 87.00 93.00 OK
r-release-linux-x86_64 0.3-3 3.46 54.66 58.12 OK
r-release-osx-x86_64-mavericks 0.3-3 OK
r-release-osx-x86_64-snowleopard 0.3-3 OK
r-release-windows-ix86+x86_64 0.3-3 14.00 80.00 94.00 OK
r-oldrel-windows-ix86+x86_64 0.3-3 17.00 82.00 99.00 OK

Check Details

Version: 0.3-3
Check: package dependencies
Result: ERROR
    Package required but not available: ‘adegenet’
    
    See the information on DESCRIPTION files in the chapter ‘Creating R
    packages’ of the ‘Writing R Extensions’ manual.
Flavor: r-devel-osx-x86_64-gcc