CRAN Package Check Results for Package AGD

Last updated on 2014-10-02 03:47:39.

Flavor Version Tinstall Tcheck Ttotal Status Flags
r-devel-linux-x86_64-debian-clang 0.30 1.73 27.75 29.48 NOTE
r-devel-linux-x86_64-debian-gcc 0.30 1.32 26.11 27.43 NOTE
r-devel-linux-x86_64-fedora-clang 0.30 63.49 NOTE
r-devel-linux-x86_64-fedora-gcc 0.30 67.65 NOTE
r-devel-osx-x86_64-clang 0.30 47.97 NOTE
r-devel-windows-ix86+x86_64 0.30 6.00 45.00 51.00 NOTE
r-patched-linux-x86_64 0.30 1.77 29.40 31.16 NOTE
r-patched-solaris-sparc 0.30 390.00 NOTE
r-patched-solaris-x86 0.30 77.70 NOTE
r-release-linux-ix86 0.30 2.03 36.55 38.58 NOTE
r-release-linux-x86_64 0.30 2.06 28.56 30.62 NOTE
r-release-osx-x86_64-mavericks 0.30 NOTE
r-release-osx-x86_64-snowleopard 0.30 NOTE
r-release-windows-ix86+x86_64 0.30 5.00 41.00 46.00 NOTE
r-oldrel-windows-ix86+x86_64 0.30 5.00 45.00 50.00 NOTE

Check Details

Version: 0.30
Check: R code for possible problems
Result: NOTE
    File ‘AGD/R/zzz.R’:
     .onLoad calls:
     packageStartupMessage(paste(d$Package, d$Version, d$Date))
    
    See section ‘Good practice’ in '?.onAttach'.
    
    y2z: no visible binding for global variable ‘nl4.hgt’
    y2z : y2z.grp: no visible global function definition for ‘pBCCG’
    y2z : y2z.grp: no visible global function definition for ‘pBCPE’
    y2z : y2z.grp: no visible global function definition for ‘pBCT’
    z2y: no visible binding for global variable ‘nl4.hgt’
    z2y : z2y.grp: no visible global function definition for ‘qBCCG’
    z2y : z2y.grp: no visible global function definition for ‘qBCPE’
    z2y : z2y.grp: no visible global function definition for ‘qBCT’
Flavors: r-devel-linux-x86_64-debian-clang, r-devel-linux-x86_64-debian-gcc, r-devel-linux-x86_64-fedora-clang, r-devel-linux-x86_64-fedora-gcc, r-devel-osx-x86_64-clang, r-devel-windows-ix86+x86_64

Version: 0.30
Check: R code for possible problems
Result: NOTE
    File ‘AGD/R/zzz.R’:
     .onLoad calls:
     packageStartupMessage(paste(d$Package, d$Version, d$Date))
    
    See section ‘Good practice’ in '?.onAttach'.
Flavors: r-patched-linux-x86_64, r-patched-solaris-sparc, r-patched-solaris-x86, r-release-linux-ix86, r-release-linux-x86_64, r-release-osx-x86_64-mavericks, r-release-osx-x86_64-snowleopard, r-release-windows-ix86+x86_64, r-oldrel-windows-ix86+x86_64