CRAN Package Check Results for Package AGD

Last updated on 2015-09-02 16:49:15.

Flavor Version Tinstall Tcheck Ttotal Status Flags
r-devel-linux-x86_64-debian-clang 0.35 1.01 16.93 17.94 NOTE
r-devel-linux-x86_64-debian-gcc 0.35 0.98 16.14 17.12 NOTE
r-devel-linux-x86_64-fedora-clang 0.35 34.21 NOTE
r-devel-linux-x86_64-fedora-gcc 0.35 32.10 NOTE
r-devel-osx-x86_64-clang 0.35 31.71 OK
r-devel-windows-ix86+x86_64 0.35 8.00 48.00 56.00 NOTE
r-patched-linux-x86_64 0.35 1.09 16.76 17.85 OK
r-patched-solaris-sparc 0.35 216.60 OK
r-patched-solaris-x86 0.35 50.90 OK
r-release-linux-x86_64 0.35 1.05 17.39 18.44 OK
r-release-osx-x86_64-mavericks 0.35 OK
r-release-windows-ix86+x86_64 0.35 5.00 49.00 54.00 OK
r-oldrel-windows-ix86+x86_64 0.35 9.00 42.00 51.00 OK

Check Details

Version: 0.35
Check: R code for possible problems
Result: NOTE
    extractLMS: no visible global function definition for ‘approx’
    wp.twin : coplot2: no visible binding for global variable ‘points’
    wp.twin : coplot2: no visible global function definition for ‘par’
    wp.twin : coplot2: no visible global function definition for ‘gray’
    wp.twin : coplot2: no visible global function definition for
     ‘co.intervals’
    wp.twin : coplot2: no visible global function definition for ‘plot.new’
    wp.twin : coplot2 : do.panel : Paxis: no visible global function
     definition for ‘axis’
    wp.twin : coplot2 : do.panel : Paxis: no visible global function
     definition for ‘Axis’
    wp.twin : coplot2 : do.panel: no visible global function definition for
     ‘par’
    wp.twin : coplot2 : do.panel: no visible global function definition for
     ‘plot.new’
    wp.twin : coplot2 : do.panel: no visible global function definition for
     ‘plot.window’
    wp.twin : coplot2 : do.panel: no visible global function definition for
     ‘grid’
    wp.twin : coplot2 : do.panel: no visible global function definition for
     ‘box’
    wp.twin : coplot2: no visible global function definition for ‘mtext’
    wp.twin : coplot2: no visible global function definition for
     ‘plot.window’
    wp.twin : coplot2: no visible global function definition for ‘rect’
    wp.twin : coplot2: no visible global function definition for ‘text’
    wp.twin : coplot2: no visible global function definition for ‘Axis’
    wp.twin : coplot2: no visible global function definition for ‘axis’
    wp.twin : coplot2: no visible global function definition for ‘box’
    wp.twin : wp2: no visible global function definition for ‘fitted’
    wp.twin : wp2 : panel.fun: no visible global function definition for
     ‘par’
    wp.twin : wp2 : panel.fun: no visible global function definition for
     ‘qqnorm’
    wp.twin : wp2 : panel.fun: no visible global function definition for
     ‘grid’
    wp.twin : wp2 : panel.fun: no visible global function definition for
     ‘points’
    wp.twin : wp2 : panel.fun: no visible global function definition for
     ‘abline’
    wp.twin : wp2 : panel.fun: no visible global function definition for
     ‘pnorm’
    wp.twin : wp2 : panel.fun: no visible global function definition for
     ‘dnorm’
    wp.twin : wp2 : panel.fun: no visible global function definition for
     ‘qnorm’
    wp.twin : wp2 : panel.fun: no visible global function definition for
     ‘lines’
    wp.twin : wp2 : panel.fun: no visible global function definition for
     ‘lm’
    wp.twin : wp2 : panel.fun: no visible global function definition for
     ‘spline’
    wp.twin : wp2 : panel.fun: no visible global function definition for
     ‘fitted’
    wp.twin : wp2 : panel.fun: no visible global function definition for
     ‘coef’
    wp.twin : wp2: no visible global function definition for ‘qqnorm’
    wp.twin : wp2: no visible global function definition for ‘resid’
    wp.twin : wp2: no visible global function definition for ‘pnorm’
    wp.twin : wp2: no visible global function definition for ‘dnorm’
    wp.twin : wp2: no visible global function definition for ‘qnorm’
    wp.twin : wp2: no visible global function definition for ‘plot’
    wp.twin : wp2: no visible global function definition for ‘grid’
    wp.twin : wp2: no visible global function definition for ‘abline’
    wp.twin : wp2: no visible global function definition for ‘lines’
    wp.twin : wp2: no visible global function definition for ‘lm’
    wp.twin : wp2: no visible global function definition for ‘spline’
    wp.twin : wp2: no visible global function definition for ‘co.intervals’
    wp.twin : wp2: no visible global function definition for ‘mtext’
    y2z : y2z.grp: no visible global function definition for ‘approx’
    y2z : y2z.grp: no visible global function definition for ‘qnorm’
    z2y : z2y.grp: no visible global function definition for ‘approx’
    z2y : z2y.grp: no visible global function definition for ‘pnorm’
    Undefined global functions or variables:
     Axis abline approx axis box co.intervals coef dnorm fitted gray grid
     lines lm mtext par plot plot.new plot.window pnorm points qnorm
     qqnorm rect resid spline text
    Consider adding
     importFrom("grDevices", "gray")
     importFrom("graphics", "Axis", "abline", "axis", "box", "co.intervals",
     "grid", "lines", "mtext", "par", "plot", "plot.new",
     "plot.window", "points", "rect", "text")
     importFrom("stats", "approx", "coef", "dnorm", "fitted", "lm", "pnorm",
     "qnorm", "qqnorm", "resid", "spline")
    to your NAMESPACE.
Flavors: r-devel-linux-x86_64-debian-clang, r-devel-linux-x86_64-debian-gcc, r-devel-linux-x86_64-fedora-clang, r-devel-linux-x86_64-fedora-gcc, r-devel-windows-ix86+x86_64