CRAN Package Check Results for Package AGD

Last updated on 2014-07-24 16:47:55.

Flavor Version Tinstall Tcheck Ttotal Status Flags
r-devel-linux-x86_64-debian-clang 0.30 1.22 26.82 28.04 NOTE
r-devel-linux-x86_64-debian-gcc 0.30 1.24 28.90 30.15 NOTE
r-devel-linux-x86_64-fedora-clang 0.30 59.99 NOTE
r-devel-linux-x86_64-fedora-gcc 0.30 55.24 NOTE
r-devel-osx-x86_64-clang 0.30 47.95 NOTE
r-devel-windows-ix86+x86_64 0.30 4.00 40.00 44.00 NOTE
r-patched-linux-x86_64 0.30 1.47 26.76 28.22 NOTE
r-patched-solaris-sparc 0.30 356.60 NOTE
r-patched-solaris-x86 0.30 75.00 NOTE
r-release-linux-ix86 0.30 1.98 36.19 38.17 NOTE
r-release-linux-x86_64 0.30 1.30 27.20 28.49 NOTE
r-release-osx-x86_64-mavericks 0.30 NOTE
r-release-osx-x86_64-snowleopard 0.30 NOTE
r-release-windows-ix86+x86_64 0.30 5.00 46.00 51.00 NOTE
r-oldrel-windows-ix86+x86_64 0.30 5.00 46.00 51.00 NOTE

Check Details

Version: 0.30
Check: R code for possible problems
Result: NOTE
    File ‘AGD/R/zzz.R’:
     .onLoad calls:
     packageStartupMessage(paste(d$Package, d$Version, d$Date))
    
    See section ‘Good practice’ in '?.onAttach'.
Flavors: r-devel-linux-x86_64-debian-clang, r-devel-linux-x86_64-debian-gcc, r-devel-linux-x86_64-fedora-clang, r-devel-linux-x86_64-fedora-gcc, r-devel-osx-x86_64-clang, r-devel-windows-ix86+x86_64, r-patched-linux-x86_64, r-patched-solaris-sparc, r-patched-solaris-x86, r-release-linux-ix86, r-release-linux-x86_64, r-release-osx-x86_64-mavericks, r-release-osx-x86_64-snowleopard, r-release-windows-ix86+x86_64, r-oldrel-windows-ix86+x86_64