CRAN Package Check Results for Package AGD

Last updated on 2015-07-06 14:48:25.

Flavor Version Tinstall Tcheck Ttotal Status Flags
r-devel-linux-x86_64-debian-clang 0.35 1.01 16.29 17.30 NOTE
r-devel-linux-x86_64-debian-gcc 0.35 1.00 16.26 17.25 NOTE
r-devel-linux-x86_64-fedora-clang 0.35 32.12 NOTE
r-devel-linux-x86_64-fedora-gcc 0.35 28.75 NOTE
r-devel-osx-x86_64-clang 0.35 31.44 OK
r-devel-windows-ix86+x86_64 0.35 7.00 30.00 37.00 NOTE
r-patched-linux-x86_64 0.35 1.06 16.31 17.37 OK
r-patched-solaris-sparc 0.35 194.00 OK
r-patched-solaris-x86 0.35 49.20 OK
r-release-linux-x86_64 0.35 1.43 16.47 17.90 OK
r-release-osx-x86_64-mavericks 0.35 OK
r-release-windows-ix86+x86_64 0.35 7.00 28.00 35.00 OK
r-oldrel-windows-ix86+x86_64 0.35 7.00 40.00 47.00 OK

Check Details

Version: 0.35
Check: R code for possible problems
Result: NOTE
    extractLMS: no visible global function definition for ‘approx’
    wp.twin : coplot2: no visible binding for global variable ‘points’
    wp.twin : coplot2: no visible global function definition for ‘par’
    wp.twin : coplot2: no visible global function definition for ‘gray’
    wp.twin : coplot2: no visible global function definition for
     ‘co.intervals’
    wp.twin : coplot2: no visible global function definition for ‘plot.new’
    wp.twin : coplot2 : do.panel : Paxis: no visible global function
     definition for ‘axis’
    wp.twin : coplot2 : do.panel : Paxis: no visible global function
     definition for ‘Axis’
    wp.twin : coplot2 : do.panel: no visible global function definition for
     ‘par’
    wp.twin : coplot2 : do.panel: no visible global function definition for
     ‘plot.new’
    wp.twin : coplot2 : do.panel: no visible global function definition for
     ‘plot.window’
    wp.twin : coplot2 : do.panel: no visible global function definition for
     ‘grid’
    wp.twin : coplot2 : do.panel: no visible global function definition for
     ‘box’
    wp.twin : coplot2: no visible global function definition for ‘mtext’
    wp.twin : coplot2: no visible global function definition for
     ‘plot.window’
    wp.twin : coplot2: no visible global function definition for ‘rect’
    wp.twin : coplot2: no visible global function definition for ‘text’
    wp.twin : coplot2: no visible global function definition for ‘Axis’
    wp.twin : coplot2: no visible global function definition for ‘axis’
    wp.twin : coplot2: no visible global function definition for ‘box’
    wp.twin : wp2: no visible global function definition for ‘fitted’
    wp.twin : wp2 : panel.fun: no visible global function definition for
     ‘par’
    wp.twin : wp2 : panel.fun: no visible global function definition for
     ‘qqnorm’
    wp.twin : wp2 : panel.fun: no visible global function definition for
     ‘grid’
    wp.twin : wp2 : panel.fun: no visible global function definition for
     ‘points’
    wp.twin : wp2 : panel.fun: no visible global function definition for
     ‘abline’
    wp.twin : wp2 : panel.fun: no visible global function definition for
     ‘pnorm’
    wp.twin : wp2 : panel.fun: no visible global function definition for
     ‘dnorm’
    wp.twin : wp2 : panel.fun: no visible global function definition for
     ‘qnorm’
    wp.twin : wp2 : panel.fun: no visible global function definition for
     ‘lines’
    wp.twin : wp2 : panel.fun: no visible global function definition for
     ‘lm’
    wp.twin : wp2 : panel.fun: no visible global function definition for
     ‘spline’
    wp.twin : wp2 : panel.fun: no visible global function definition for
     ‘fitted’
    wp.twin : wp2 : panel.fun: no visible global function definition for
     ‘coef’
    wp.twin : wp2: no visible global function definition for ‘qqnorm’
    wp.twin : wp2: no visible global function definition for ‘resid’
    wp.twin : wp2: no visible global function definition for ‘pnorm’
    wp.twin : wp2: no visible global function definition for ‘dnorm’
    wp.twin : wp2: no visible global function definition for ‘qnorm’
    wp.twin : wp2: no visible global function definition for ‘plot’
    wp.twin : wp2: no visible global function definition for ‘grid’
    wp.twin : wp2: no visible global function definition for ‘abline’
    wp.twin : wp2: no visible global function definition for ‘lines’
    wp.twin : wp2: no visible global function definition for ‘lm’
    wp.twin : wp2: no visible global function definition for ‘spline’
    wp.twin : wp2: no visible global function definition for ‘co.intervals’
    wp.twin : wp2: no visible global function definition for ‘mtext’
    y2z : y2z.grp: no visible global function definition for ‘approx’
    y2z : y2z.grp: no visible global function definition for ‘qnorm’
    z2y : z2y.grp: no visible global function definition for ‘approx’
    z2y : z2y.grp: no visible global function definition for ‘pnorm’
    Undefined global functions or variables:
     Axis abline approx axis box co.intervals coef dnorm fitted gray grid
     lines lm mtext par plot plot.new plot.window pnorm points qnorm
     qqnorm rect resid spline text
Flavors: r-devel-linux-x86_64-debian-clang, r-devel-linux-x86_64-debian-gcc, r-devel-linux-x86_64-fedora-clang, r-devel-linux-x86_64-fedora-gcc, r-devel-windows-ix86+x86_64