CRAN Package Check Results for Package AGD

Last updated on 2014-11-21 10:52:22.

Flavor Version Tinstall Tcheck Ttotal Status Flags
r-devel-linux-x86_64-debian-clang 0.30 1.31 27.91 29.22 NOTE
r-devel-linux-x86_64-debian-gcc 0.30 1.41 27.16 28.58 NOTE
r-devel-linux-x86_64-fedora-clang 0.30 59.71 NOTE
r-devel-linux-x86_64-fedora-gcc 0.30 56.52 NOTE
r-devel-osx-x86_64-clang 0.30 52.04 NOTE
r-devel-windows-ix86+x86_64 0.30 6.00 62.00 68.00 NOTE
r-patched-linux-x86_64 0.30 1.36 28.04 29.39 NOTE
r-patched-solaris-sparc 0.30 349.80 NOTE
r-patched-solaris-x86 0.30 77.50 NOTE
r-release-linux-ix86 0.30 1.78 35.10 36.88 NOTE
r-release-linux-x86_64 0.30 1.47 27.95 29.42 NOTE
r-release-osx-x86_64-mavericks 0.30 NOTE
r-release-osx-x86_64-snowleopard 0.30 NOTE
r-release-windows-ix86+x86_64 0.30 8.00 45.00 53.00 NOTE
r-oldrel-windows-ix86+x86_64 0.30 5.00 48.00 53.00 NOTE

Check Details

Version: 0.30
Check: R code for possible problems
Result: NOTE
    File ‘AGD/R/zzz.R’:
     .onLoad calls:
     packageStartupMessage(paste(d$Package, d$Version, d$Date))
    
    See section ‘Good practice’ in '?.onAttach'.
    
    y2z: no visible binding for global variable ‘nl4.hgt’
    y2z : y2z.grp: no visible global function definition for ‘pBCCG’
    y2z : y2z.grp: no visible global function definition for ‘pBCPE’
    y2z : y2z.grp: no visible global function definition for ‘pBCT’
    z2y: no visible binding for global variable ‘nl4.hgt’
    z2y : z2y.grp: no visible global function definition for ‘qBCCG’
    z2y : z2y.grp: no visible global function definition for ‘qBCPE’
    z2y : z2y.grp: no visible global function definition for ‘qBCT’
Flavors: r-devel-linux-x86_64-debian-clang, r-devel-linux-x86_64-debian-gcc, r-devel-linux-x86_64-fedora-clang, r-devel-linux-x86_64-fedora-gcc, r-devel-osx-x86_64-clang, r-devel-windows-ix86+x86_64, r-patched-linux-x86_64, r-patched-solaris-sparc, r-patched-solaris-x86, r-release-linux-ix86, r-release-linux-x86_64, r-release-windows-ix86+x86_64

Version: 0.30
Check: R code for possible problems
Result: NOTE
    File ‘AGD/R/zzz.R’:
     .onLoad calls:
     packageStartupMessage(paste(d$Package, d$Version, d$Date))
    
    See section ‘Good practice’ in '?.onAttach'.
Flavors: r-release-osx-x86_64-mavericks, r-release-osx-x86_64-snowleopard, r-oldrel-windows-ix86+x86_64