CRAN Package Check Results for Package AGD

Last updated on 2014-04-21 05:48:10.

Flavor Version Tinstall Tcheck Ttotal Status Flags
r-devel-linux-x86_64-debian-clang 0.30 1.40 28.91 30.31 NOTE
r-devel-linux-x86_64-debian-gcc 0.30 1.46 28.64 30.09 NOTE
r-devel-linux-x86_64-fedora-clang 0.30 58.69 NOTE
r-devel-linux-x86_64-fedora-gcc 0.30 54.92 NOTE
r-devel-macosx-x86_64-clang 0.30 52.19 NOTE
r-devel-macosx-x86_64-gcc 0.30 NOTE
r-devel-windows-ix86+x86_64 0.30 5.00 50.00 55.00 NOTE
r-patched-linux-x86_64 0.30 1.38 28.76 30.14 NOTE
r-patched-solaris-sparc 0.30 356.60 NOTE
r-patched-solaris-x86 0.30 76.80 NOTE
r-release-linux-ix86 NOTE
r-release-linux-x86_64 0.30 1.42 28.48 29.90 NOTE
r-release-macosx-x86_64 0.30 NOTE
r-release-windows-ix86+x86_64 0.30 7.00 46.00 53.00 NOTE
r-oldrel-windows-ix86+x86_64 0.30 6.00 47.00 53.00 NOTE

Check Details

Version: 0.30
Check: R code for possible problems
Result: NOTE
    File ‘AGD/R/zzz.R’:
     .onLoad calls:
     packageStartupMessage(paste(d$Package, d$Version, d$Date))
    
    See section ‘Good practice’ in '?.onAttach'.
Flavors: r-devel-linux-x86_64-debian-clang, r-devel-linux-x86_64-debian-gcc, r-devel-linux-x86_64-fedora-clang, r-devel-linux-x86_64-fedora-gcc, r-devel-macosx-x86_64-clang, r-devel-macosx-x86_64-gcc, r-devel-windows-ix86+x86_64, r-patched-linux-x86_64, r-patched-solaris-sparc, r-patched-solaris-x86, r-release-linux-ix86, r-release-linux-x86_64, r-release-macosx-x86_64, r-release-windows-ix86+x86_64, r-oldrel-windows-ix86+x86_64