CRAN Package Check Results for Package AGSDest

Last updated on 2017-04-29 23:50:08.

Flavor Version Tinstall Tcheck Ttotal Status Flags
r-devel-linux-x86_64-debian-clang 2.3.1 1.87 42.30 44.17 NOTE
r-devel-linux-x86_64-debian-gcc 2.3.1 2.03 40.24 42.27 NOTE
r-devel-linux-x86_64-fedora-clang 2.3.1 80.42 NOTE --no-stop-on-test-error
r-devel-linux-x86_64-fedora-gcc 2.3.1 77.33 NOTE --no-stop-on-test-error
r-devel-windows-ix86+x86_64 2.3.1 12.00 93.00 105.00 OK
r-patched-linux-x86_64 2.3.1 1.83 41.11 42.94 NOTE
r-patched-solaris-sparc 2.3.1 279.20 OK --no-vignettes
r-patched-solaris-x86 2.3.1 92.80 OK
r-release-linux-x86_64 2.3.1 1.95 42.02 43.97 NOTE
r-release-windows-ix86+x86_64 2.3.1 14.00 106.00 120.00 OK
r-release-osx-x86_64 2.3.1 NOTE
r-oldrel-windows-ix86+x86_64 2.3.1 14.00 103.00 117.00 OK
r-oldrel-osx-x86_64 2.3.1 OK

Check Details

Version: 2.3.1
Check: compiled code
Result: NOTE
    File ‘AGSDest/libs/AGSDest.so’:
     Found no calls to: ‘R_registerRoutines’, ‘R_useDynamicSymbols’
    
    It is good practice to register native routines and to disable symbol
    search.
    
    See ‘Writing portable packages’ in the ‘Writing R Extensions’ manual.
Flavors: r-devel-linux-x86_64-debian-clang, r-devel-linux-x86_64-debian-gcc, r-patched-linux-x86_64, r-release-linux-x86_64

Version: 2.3.1
Flags: --no-stop-on-test-error
Check: compiled code
Result: NOTE
    File ‘AGSDest/libs/AGSDest.so’:
     Found no calls to: ‘R_registerRoutines’, ‘R_useDynamicSymbols’
    
    It is good practice to register native routines and to disable symbol
    search.
    
    See ‘Writing portable packages’ in the ‘Writing R Extensions’ manual.
Flavors: r-devel-linux-x86_64-fedora-clang, r-devel-linux-x86_64-fedora-gcc

Version: 2.3.1
Check: re-building of vignette outputs
Result: NOTE
    Error in re-building vignettes:
     ...
    Warning in adapt(pT = pT, iD = iD, SF = 1, phi = 0, cp = 0.9, theta = 4, :
     Power may be lower than planned.
    Error in texi2dvi(file = file, pdf = TRUE, clean = clean, quiet = quiet, :
     Running 'texi2dvi' on 'vignette.tex' failed.
    LaTeX errors:
    ! LaTeX Error: File `subfigure.sty' not found.
    
    Type X to quit or <RETURN> to proceed,
    or enter new name. (Default extension: sty)
    
    ! Emergency stop.
    <read *>
    
    l.16 ^^M
    
    ! ==> Fatal error occurred, no output PDF file produced!
    Calls: buildVignettes -> texi2pdf -> texi2dvi
    Execution halted
Flavor: r-release-osx-x86_64