CRAN Package Check Results for Package AGSDest

Last updated on 2015-01-25 16:49:05.

Flavor Version Tinstall Tcheck Ttotal Status Flags
r-devel-linux-x86_64-debian-clang 2.1 1.45 57.37 58.82 OK
r-devel-linux-x86_64-debian-gcc 2.1 1.77 57.02 58.79 OK
r-devel-linux-x86_64-fedora-clang 2.1 101.63 OK
r-devel-linux-x86_64-fedora-gcc 2.1 105.56 OK
r-devel-osx-x86_64-clang 2.1 71.60 OK
r-devel-windows-ix86+x86_64 2.1 8.00 105.00 113.00 OK
r-patched-linux-x86_64 2.1 1.99 58.10 60.09 OK
r-patched-solaris-sparc 2.1 1048.60 OK --no-vignettes
r-patched-solaris-x86 2.1 140.70 OK
r-release-linux-ix86 2.1 2.30 82.58 84.88 OK
r-release-linux-x86_64 2.1 1.85 57.16 59.02 OK
r-release-osx-x86_64-mavericks 2.1 OK
r-release-osx-x86_64-snowleopard 2.1 NOTE
r-release-windows-ix86+x86_64 2.1 8.00 101.00 109.00 OK
r-oldrel-windows-ix86+x86_64 2.1 8.00 122.00 130.00 OK

Check Details

Version: 2.1
Check: re-building of vignette outputs
Result: NOTE
    Error in re-building vignettes:
     ...
    Loading required package: ldbounds
    Loading required package: lattice
    Error in texi2dvi(file = file, pdf = TRUE, clean = clean, quiet = quiet, :
     Running 'texi2dvi' on 'vignette.tex' failed.
    LaTeX errors:
    ! LaTeX Error: File `subfigure.sty' not found.
    
    Type X to quit or <RETURN> to proceed,
    or enter new name. (Default extension: sty)
    
    AGSDest.Rcheck/vign_test/AGSDest/vignettes/vignette.tex:16: ==> Fatal error oc
    curred, no output PDF file produced!
    Calls: buildVignettes -> texi2pdf -> texi2dvi
    Execution halted
Flavor: r-release-osx-x86_64-snowleopard