CRAN Package Check Results for Package AGSDest

Last updated on 2014-10-25 19:47:31.

Flavor Version Tinstall Tcheck Ttotal Status Flags
r-devel-linux-x86_64-debian-clang 2.1 1.35 57.37 58.72 OK
r-devel-linux-x86_64-debian-gcc 2.1 1.75 57.11 58.86 OK
r-devel-linux-x86_64-fedora-clang 2.1 103.67 OK
r-devel-linux-x86_64-fedora-gcc 2.1 100.13 OK
r-devel-osx-x86_64-clang 2.1 74.98 OK
r-devel-windows-ix86+x86_64 2.1 7.00 100.00 107.00 OK
r-patched-linux-x86_64 2.1 1.74 58.14 59.88 OK
r-patched-solaris-sparc 2.1 1051.10 OK --no-vignettes
r-patched-solaris-x86 2.1 141.80 OK
r-release-linux-ix86 2.1 2.64 86.52 89.16 OK
r-release-linux-x86_64 2.1 2.48 58.08 60.56 OK
r-release-osx-x86_64-mavericks 2.1 NOTE
r-release-osx-x86_64-snowleopard 2.1 NOTE
r-release-windows-ix86+x86_64 2.1 7.00 100.00 107.00 OK
r-oldrel-windows-ix86+x86_64 2.1 8.00 112.00 120.00 OK

Check Details

Version: 2.1
Check: re-building of vignette outputs
Result: NOTE
    Error in re-building vignettes:
     ...
    Loading required package: ldbounds
    Error in texi2dvi(file = file, pdf = TRUE, clean = clean, quiet = quiet, :
     Running 'texi2dvi' on 'vignette.tex' failed.
    LaTeX errors:
    ! LaTeX Error: File `subfigure.sty' not found.
    
    Type X to quit or <RETURN> to proceed,
    or enter new name. (Default extension: sty)
    
    _test/AGSDest/vignettes/vignette.tex:16: ==> Fatal error occurred, no output P
    DF file produced!
    Calls: buildVignettes -> texi2pdf -> texi2dvi
    Execution halted
Flavor: r-release-osx-x86_64-mavericks

Version: 2.1
Check: re-building of vignette outputs
Result: NOTE
    Error in re-building vignettes:
     ...
    Loading required package: ldbounds
    Loading required package: lattice
    Error in texi2dvi(file = file, pdf = TRUE, clean = clean, quiet = quiet, :
     Running 'texi2dvi' on 'vignette.tex' failed.
    LaTeX errors:
    ! LaTeX Error: File `subfigure.sty' not found.
    
    Type X to quit or <RETURN> to proceed,
    or enter new name. (Default extension: sty)
    
    AGSDest.Rcheck/vign_test/AGSDest/vignettes/vignette.tex:16: ==> Fatal error oc
    curred, no output PDF file produced!
    Calls: buildVignettes -> texi2pdf -> texi2dvi
    Execution halted
Flavor: r-release-osx-x86_64-snowleopard