CRAN Package Check Results for Package AGSDest

Last updated on 2014-12-19 15:48:20.

Flavor Version Tinstall Tcheck Ttotal Status Flags
r-devel-linux-x86_64-debian-clang 2.1 1.34 57.07 58.40 OK
r-devel-linux-x86_64-debian-gcc 2.1 1.94 56.80 58.74 OK
r-devel-linux-x86_64-fedora-clang 2.1 100.73 OK
r-devel-linux-x86_64-fedora-gcc 2.1 99.90 OK
r-devel-osx-x86_64-clang 2.1 70.20 OK
r-devel-windows-ix86+x86_64 2.1 8.00 102.00 110.00 OK
r-patched-linux-x86_64 2.1 1.95 57.22 59.17 OK
r-patched-solaris-sparc 2.1 1051.10 OK --no-vignettes
r-patched-solaris-x86 2.1 140.70 OK
r-release-linux-ix86 2.1 2.46 82.10 84.55 OK
r-release-linux-x86_64 2.1 1.79 57.24 59.03 OK
r-release-osx-x86_64-mavericks 2.1 NOTE
r-release-osx-x86_64-snowleopard 2.1 NOTE
r-release-windows-ix86+x86_64 2.1 10.00 109.00 119.00 OK
r-oldrel-windows-ix86+x86_64 2.1 8.00 108.00 116.00 OK

Check Details

Version: 2.1
Check: re-building of vignette outputs
Result: NOTE
    Error in re-building vignettes:
     ...
    Loading required package: ldbounds
    Error in texi2dvi(file = file, pdf = TRUE, clean = clean, quiet = quiet, :
     Running 'texi2dvi' on 'vignette.tex' failed.
    LaTeX errors:
    ! LaTeX Error: File `subfigure.sty' not found.
    
    Type X to quit or <RETURN> to proceed,
    or enter new name. (Default extension: sty)
    
    _test/AGSDest/vignettes/vignette.tex:16: ==> Fatal error occurred, no output P
    DF file produced!
    Calls: buildVignettes -> texi2pdf -> texi2dvi
    Execution halted
Flavor: r-release-osx-x86_64-mavericks

Version: 2.1
Check: re-building of vignette outputs
Result: NOTE
    Error in re-building vignettes:
     ...
    Loading required package: ldbounds
    Loading required package: lattice
    Error in texi2dvi(file = file, pdf = TRUE, clean = clean, quiet = quiet, :
     Running 'texi2dvi' on 'vignette.tex' failed.
    LaTeX errors:
    ! LaTeX Error: File `subfigure.sty' not found.
    
    Type X to quit or <RETURN> to proceed,
    or enter new name. (Default extension: sty)
    
    AGSDest.Rcheck/vign_test/AGSDest/vignettes/vignette.tex:16: ==> Fatal error oc
    curred, no output PDF file produced!
    Calls: buildVignettes -> texi2pdf -> texi2dvi
    Execution halted
Flavor: r-release-osx-x86_64-snowleopard