CRAN Package Check Results for Package AGSDest

Last updated on 2017-06-26 21:49:17.

Flavor Version Tinstall Tcheck Ttotal Status Flags
r-devel-linux-x86_64-debian-clang 2.3.1 1.84 42.17 44.01 NOTE
r-devel-linux-x86_64-debian-gcc 2.3.1 2.08 39.04 41.13 NOTE
r-devel-linux-x86_64-fedora-clang 2.3.1 80.51 NOTE
r-devel-linux-x86_64-fedora-gcc 2.3.1 78.35 NOTE
r-devel-windows-ix86+x86_64 2.3.1 9.00 103.00 112.00 OK
r-patched-linux-x86_64 2.3.1 2.07 40.11 42.19 NOTE
r-patched-solaris-sparc 2.3.1 279.20 OK --no-vignettes
r-patched-solaris-x86 2.3.1 93.00 OK
r-release-linux-x86_64 2.3.1 1.97 41.12 43.09 NOTE
r-release-windows-ix86+x86_64 2.3.1 8.00 107.00 115.00 OK
r-release-osx-x86_64 2.3.1 NOTE
r-oldrel-windows-ix86+x86_64 2.3.1 9.00 105.00 114.00 OK
r-oldrel-osx-x86_64 2.3.1 OK

Check Details

Version: 2.3.1
Check: compiled code
Result: NOTE
    File ‘AGSDest/libs/AGSDest.so’:
     Found no calls to: ‘R_registerRoutines’, ‘R_useDynamicSymbols’
    
    It is good practice to register native routines and to disable symbol
    search.
    
    See ‘Writing portable packages’ in the ‘Writing R Extensions’ manual.
Flavors: r-devel-linux-x86_64-debian-clang, r-devel-linux-x86_64-debian-gcc, r-devel-linux-x86_64-fedora-clang, r-devel-linux-x86_64-fedora-gcc, r-patched-linux-x86_64, r-release-linux-x86_64

Version: 2.3.1
Check: re-building of vignette outputs
Result: NOTE
    Error in re-building vignettes:
     ...
    Warning in adapt(pT = pT, iD = iD, SF = 1, phi = 0, cp = 0.9, theta = 4, :
     Power may be lower than planned.
    Error in texi2dvi(file = file, pdf = TRUE, clean = clean, quiet = quiet, :
     Running 'texi2dvi' on 'vignette.tex' failed.
    LaTeX errors:
    ! LaTeX Error: File `subfigure.sty' not found.
    
    Type X to quit or <RETURN> to proceed,
    or enter new name. (Default extension: sty)
    
    ! Emergency stop.
    <read *>
    
    l.16 ^^M
    
    ! ==> Fatal error occurred, no output PDF file produced!
    Calls: buildVignettes -> texi2pdf -> texi2dvi
    Execution halted
Flavor: r-release-osx-x86_64