CRAN Package Check Results for Package AGSDest

Last updated on 2014-07-29 07:48:51.

Flavor Version Tinstall Tcheck Ttotal Status Flags
r-devel-linux-x86_64-debian-clang 2.1 1.36 56.39 57.75 OK
r-devel-linux-x86_64-debian-gcc 2.1 1.69 55.98 57.67 OK
r-devel-linux-x86_64-fedora-clang 2.1 100.78 OK
r-devel-linux-x86_64-fedora-gcc 2.1 99.33 OK
r-devel-osx-x86_64-clang 2.1 66.97 OK
r-devel-windows-ix86+x86_64 2.1 8.00 102.00 110.00 OK
r-patched-linux-x86_64 2.1 1.72 55.49 57.21 OK
r-patched-solaris-sparc 2.1 970.80 OK --no-vignettes
r-patched-solaris-x86 2.1 143.20 OK
r-release-linux-ix86 2.1 2.30 86.01 88.32 OK
r-release-linux-x86_64 2.1 1.72 56.05 57.78 OK
r-release-osx-x86_64-mavericks 2.1 NOTE
r-release-osx-x86_64-snowleopard 2.1 NOTE
r-release-windows-ix86+x86_64 2.1 9.00 103.00 112.00 OK
r-oldrel-windows-ix86+x86_64 2.1 9.00 105.00 114.00 OK

Check Details

Version: 2.1
Check: re-building of vignette outputs
Result: NOTE
    Error in re-building vignettes:
     ...
    Loading required package: ldbounds
    Error in texi2dvi(file = file, pdf = TRUE, clean = clean, quiet = quiet, :
     Running 'texi2dvi' on 'vignette.tex' failed.
    LaTeX errors:
    ! LaTeX Error: File `subfigure.sty' not found.
    
    Type X to quit or <RETURN> to proceed,
    or enter new name. (Default extension: sty)
    
    _test/AGSDest/vignettes/vignette.tex:16: ==> Fatal error occurred, no output P
    DF file produced!
    Calls: buildVignettes -> texi2pdf -> texi2dvi
    Execution halted
Flavor: r-release-osx-x86_64-mavericks

Version: 2.1
Check: re-building of vignette outputs
Result: NOTE
    Error in re-building vignettes:
     ...
    Loading required package: ldbounds
    Loading required package: lattice
    Error in texi2dvi(file = file, pdf = TRUE, clean = clean, quiet = quiet, :
     Running 'texi2dvi' on 'vignette.tex' failed.
    LaTeX errors:
    ! LaTeX Error: File `subfigure.sty' not found.
    
    Type X to quit or <RETURN> to proceed,
    or enter new name. (Default extension: sty)
    
    AGSDest.Rcheck/vign_test/AGSDest/vignettes/vignette.tex:16: ==> Fatal error oc
    curred, no output PDF file produced!
    Calls: buildVignettes -> texi2pdf -> texi2dvi
    Execution halted
Flavor: r-release-osx-x86_64-snowleopard