CRAN Package Check Results for Package AGSDest

Last updated on 2017-02-25 17:47:08.

Flavor Version Tinstall Tcheck Ttotal Status Flags
r-devel-linux-x86_64-debian-clang 2.3.1 1.74 42.45 44.20 NOTE
r-devel-linux-x86_64-debian-gcc 2.3.1 1.91 40.58 42.49 NOTE
r-devel-linux-x86_64-fedora-clang 2.3.1 80.22 NOTE --no-stop-on-test-error
r-devel-linux-x86_64-fedora-gcc 2.3.1 87.31 NOTE --no-stop-on-test-error
r-devel-macos-x86_64-clang 2.3.1 46.96 NOTE --no-stop-on-test-error
r-devel-windows-ix86+x86_64 2.3.1 14.00 102.00 116.00 OK
r-patched-linux-x86_64 2.3.1 1.68 37.82 39.50 OK
r-patched-solaris-sparc 2.3.1 263.00 OK --no-vignettes
r-patched-solaris-x86 2.3.1 84.80 OK
r-release-linux-x86_64 2.3.1 1.64 37.05 38.69 OK
r-release-osx-x86_64-mavericks 2.3.1 OK
r-release-windows-ix86+x86_64 2.3.1 14.00 100.00 114.00 OK
r-oldrel-windows-ix86+x86_64 2.3.1 13.00 91.00 104.00 OK

Check Details

Version: 2.3.1
Check: compiled code
Result: NOTE
    File ‘AGSDest/libs/AGSDest.so’:
     Found no calls to: ‘R_registerRoutines’, ‘R_useDynamicSymbols’
    
    It is good practice to register native routines and to disable symbol
    search.
    
    See ‘Writing portable packages’ in the ‘Writing R Extensions’ manual.
Flavors: r-devel-linux-x86_64-debian-clang, r-devel-linux-x86_64-debian-gcc

Version: 2.3.1
Flags: --no-stop-on-test-error
Check: compiled code
Result: NOTE
    File ‘AGSDest/libs/AGSDest.so’:
     Found no calls to: ‘R_registerRoutines’, ‘R_useDynamicSymbols’
    
    It is good practice to register native routines and to disable symbol
    search.
    
    See ‘Writing portable packages’ in the ‘Writing R Extensions’ manual.
Flavors: r-devel-linux-x86_64-fedora-clang, r-devel-linux-x86_64-fedora-gcc, r-devel-macos-x86_64-clang