CRAN Package Check Results for Package AGSDest

Last updated on 2014-11-24 00:47:37.

Flavor Version Tinstall Tcheck Ttotal Status Flags
r-devel-linux-x86_64-debian-clang 2.1 1.47 57.73 59.20 OK
r-devel-linux-x86_64-debian-gcc 2.1 1.72 57.00 58.72 OK
r-devel-linux-x86_64-fedora-clang 2.1 102.23 OK
r-devel-linux-x86_64-fedora-gcc 2.1 98.75 OK
r-devel-osx-x86_64-clang 2.1 70.64 OK
r-devel-windows-ix86+x86_64 2.1 8.00 103.00 111.00 OK
r-patched-linux-x86_64 2.1 1.72 56.99 58.72 OK
r-patched-solaris-sparc 2.1 1051.10 OK --no-vignettes
r-patched-solaris-x86 2.1 140.00 OK
r-release-linux-ix86 2.1 2.28 84.69 86.97 OK
r-release-linux-x86_64 2.1 1.75 58.03 59.78 OK
r-release-osx-x86_64-mavericks 2.1 NOTE
r-release-osx-x86_64-snowleopard 2.1 NOTE
r-release-windows-ix86+x86_64 2.1 8.00 96.00 104.00 OK
r-oldrel-windows-ix86+x86_64 2.1 8.00 108.00 116.00 OK

Check Details

Version: 2.1
Check: re-building of vignette outputs
Result: NOTE
    Error in re-building vignettes:
     ...
    Loading required package: ldbounds
    Error in texi2dvi(file = file, pdf = TRUE, clean = clean, quiet = quiet, :
     Running 'texi2dvi' on 'vignette.tex' failed.
    LaTeX errors:
    ! LaTeX Error: File `subfigure.sty' not found.
    
    Type X to quit or <RETURN> to proceed,
    or enter new name. (Default extension: sty)
    
    _test/AGSDest/vignettes/vignette.tex:16: ==> Fatal error occurred, no output P
    DF file produced!
    Calls: buildVignettes -> texi2pdf -> texi2dvi
    Execution halted
Flavor: r-release-osx-x86_64-mavericks

Version: 2.1
Check: re-building of vignette outputs
Result: NOTE
    Error in re-building vignettes:
     ...
    Loading required package: ldbounds
    Loading required package: lattice
    Error in texi2dvi(file = file, pdf = TRUE, clean = clean, quiet = quiet, :
     Running 'texi2dvi' on 'vignette.tex' failed.
    LaTeX errors:
    ! LaTeX Error: File `subfigure.sty' not found.
    
    Type X to quit or <RETURN> to proceed,
    or enter new name. (Default extension: sty)
    
    AGSDest.Rcheck/vign_test/AGSDest/vignettes/vignette.tex:16: ==> Fatal error oc
    curred, no output PDF file produced!
    Calls: buildVignettes -> texi2pdf -> texi2dvi
    Execution halted
Flavor: r-release-osx-x86_64-snowleopard