CRAN Package Check Results for Package AGSDest

Last updated on 2017-10-23 11:48:14.

Flavor Version Tinstall Tcheck Ttotal Status Flags
r-devel-linux-x86_64-debian-clang 2.3.1 1.77 42.94 44.71 NOTE
r-devel-linux-x86_64-debian-gcc 2.3.1 2.17 37.72 39.89 NOTE
r-devel-linux-x86_64-fedora-clang 2.3.1 67.76 NOTE
r-devel-linux-x86_64-fedora-gcc 2.3.1 69.70 NOTE
r-devel-windows-ix86+x86_64 2.3.1 10.00 106.00 116.00 OK
r-patched-linux-x86_64 2.3.1 1.95 40.46 42.41 NOTE
r-patched-solaris-x86 2.3.1 93.70 OK
r-release-linux-x86_64 2.3.1 1.91 39.98 41.89 NOTE
r-release-windows-ix86+x86_64 2.3.1 13.00 106.00 119.00 OK
r-release-osx-x86_64 2.3.1 NOTE
r-oldrel-windows-ix86+x86_64 2.3.1 9.00 76.00 85.00 OK
r-oldrel-osx-x86_64 2.3.1 OK

Check Details

Version: 2.3.1
Check: compiled code
Result: NOTE
    File ‘AGSDest/libs/AGSDest.so’:
     Found no calls to: ‘R_registerRoutines’, ‘R_useDynamicSymbols’
    
    It is good practice to register native routines and to disable symbol
    search.
    
    See ‘Writing portable packages’ in the ‘Writing R Extensions’ manual.
Flavors: r-devel-linux-x86_64-debian-clang, r-devel-linux-x86_64-debian-gcc, r-devel-linux-x86_64-fedora-clang, r-devel-linux-x86_64-fedora-gcc, r-patched-linux-x86_64, r-release-linux-x86_64

Version: 2.3.1
Check: re-building of vignette outputs
Result: NOTE
    Error in re-building vignettes:
     ...
    Warning in adapt(pT = pT, iD = iD, SF = 1, phi = 0, cp = 0.9, theta = 4, :
     Power may be lower than planned.
    Error in texi2dvi(file = file, pdf = TRUE, clean = clean, quiet = quiet, :
     Running 'texi2dvi' on 'vignette.tex' failed.
    LaTeX errors:
    ! LaTeX Error: File `subfigure.sty' not found.
    
    Type X to quit or <RETURN> to proceed,
    or enter new name. (Default extension: sty)
    
    ! Emergency stop.
    <read *>
    
    l.16 ^^M
    
    ! ==> Fatal error occurred, no output PDF file produced!
    Calls: buildVignettes -> texi2pdf -> texi2dvi
    Execution halted
Flavor: r-release-osx-x86_64