CRAN Package Check Results for Package AGSDest

Last updated on 2017-03-27 03:49:28.

Flavor Version Tinstall Tcheck Ttotal Status Flags
r-devel-linux-x86_64-debian-clang 2.3.1 1.70 42.71 44.40 NOTE
r-devel-linux-x86_64-debian-gcc 2.3.1 1.97 40.67 42.65 NOTE
r-devel-linux-x86_64-fedora-clang 2.3.1 81.88 NOTE --no-stop-on-test-error
r-devel-linux-x86_64-fedora-gcc 2.3.1 87.41 NOTE --no-stop-on-test-error
r-devel-macos-x86_64-clang 2.3.1 46.49 NOTE --no-stop-on-test-error
r-devel-windows-ix86+x86_64 2.3.1 9.00 120.00 129.00 OK
r-patched-linux-x86_64 2.3.1 2.12 41.47 43.58 NOTE
r-patched-solaris-sparc 2.3.1 279.20 OK --no-vignettes
r-patched-solaris-x86 2.3.1 92.40 OK
r-release-linux-x86_64 2.3.1 1.74 36.39 38.13 OK
r-release-osx-x86_64-mavericks 2.3.1 OK
r-release-windows-ix86+x86_64 2.3.1 15.00 89.00 104.00 OK
r-oldrel-windows-ix86+x86_64 2.3.1 10.00 96.00 106.00 OK

Check Details

Version: 2.3.1
Check: compiled code
Result: NOTE
    File ‘AGSDest/libs/AGSDest.so’:
     Found no calls to: ‘R_registerRoutines’, ‘R_useDynamicSymbols’
    
    It is good practice to register native routines and to disable symbol
    search.
    
    See ‘Writing portable packages’ in the ‘Writing R Extensions’ manual.
Flavors: r-devel-linux-x86_64-debian-clang, r-devel-linux-x86_64-debian-gcc, r-patched-linux-x86_64

Version: 2.3.1
Flags: --no-stop-on-test-error
Check: compiled code
Result: NOTE
    File ‘AGSDest/libs/AGSDest.so’:
     Found no calls to: ‘R_registerRoutines’, ‘R_useDynamicSymbols’
    
    It is good practice to register native routines and to disable symbol
    search.
    
    See ‘Writing portable packages’ in the ‘Writing R Extensions’ manual.
Flavors: r-devel-linux-x86_64-fedora-clang, r-devel-linux-x86_64-fedora-gcc, r-devel-macos-x86_64-clang