CRAN Package Check Results for Package AHM

Last updated on 2020-09-24 03:52:49 CEST.

Flavor Version Tinstall Tcheck Ttotal Status Flags
r-devel-linux-x86_64-debian-clang 1.0.1 17.49 101.55 119.04 OK
r-devel-linux-x86_64-debian-gcc 1.0.1 13.40 77.50 90.90 OK
r-devel-linux-x86_64-fedora-clang 1.0.1 153.70 NOTE
r-devel-linux-x86_64-fedora-gcc 1.0.1 143.87 NOTE
r-devel-windows-ix86+x86_64 1.0.1 38.00 128.00 166.00 OK
r-patched-linux-x86_64 1.0.1 17.49 90.36 107.85 OK
r-patched-solaris-x86 1.0.1 198.10 NOTE
r-release-linux-x86_64 1.0.1 14.54 91.33 105.87 OK
r-release-macos-x86_64 1.0.1 NOTE
r-release-windows-ix86+x86_64 1.0.1 37.00 131.00 168.00 OK
r-oldrel-macos-x86_64 1.0.1 NOTE
r-oldrel-windows-ix86+x86_64 1.0.1 23.00 87.00 110.00 OK

Check Details

Version: 1.0.1
Check: dependencies in R code
Result: NOTE
    Namespaces in Imports field not imported from:
     ‘devtools’ ‘mixexp’
     All declared Imports should be used.
Flavors: r-devel-linux-x86_64-fedora-clang, r-devel-linux-x86_64-fedora-gcc, r-patched-solaris-x86, r-release-macos-x86_64, r-oldrel-macos-x86_64