CRAN Package Check Results for Package AICcmodavg

Last updated on 2015-05-05 17:47:13.

Flavor Version Tinstall Tcheck Ttotal Status Flags
r-devel-linux-x86_64-debian-clang 2.0-3 5.16 117.56 122.72 NOTE
r-devel-linux-x86_64-debian-gcc 2.0-3 4.84 113.25 118.10 NOTE
r-devel-linux-x86_64-fedora-clang 2.0-3 235.43 NOTE
r-devel-linux-x86_64-fedora-gcc 2.0-3 213.91 NOTE
r-devel-osx-x86_64-clang 2.0-3 187.42 NOTE
r-devel-windows-ix86+x86_64 2.0-3 12.00 145.00 157.00 OK
r-patched-linux-x86_64 2.0-3 5.06 112.34 117.41 NOTE
r-patched-solaris-sparc 2.0-3 1410.20 OK
r-patched-solaris-x86 2.0-3 262.70 NOTE
r-release-linux-x86_64 2.0-3 5.07 113.94 119.02 NOTE
r-release-osx-x86_64-mavericks 2.0-3 NOTE
r-release-osx-x86_64-snowleopard 2.0-3 NOTE
r-release-windows-ix86+x86_64 2.0-3 18.00 199.00 217.00 OK
r-oldrel-windows-ix86+x86_64 2.0-3 19.00 165.00 184.00 OK

Check Details

Version: 2.0-3
Check: S3 generic/method consistency
Result: NOTE
    Found the following apparent S3 methods exported but not registered:
     AICc.mult AICc.unmarked aictab.clm aictab.clmm aictab.coxph
     aictab.glm aictab.gls aictab.lm aictab.lme aictab.mer aictab.merMod
     aictab.mult aictab.nlme aictab.nls aictab.polr aictab.rlm
     aictab.unmarked dictab.bugs dictab.rjags modavg.clm modavg.clmm
     modavg.coxph modavg.effect modavg.effect.glm modavg.effect.gls
     modavg.effect.lme modavg.effect.mer modavg.effect.merMod
     modavg.effect.rlm modavg.effect.unmarked modavg.glm modavg.gls
     modavg.lme modavg.mer modavg.merMod modavg.mult modavg.polr
     modavg.rlm modavg.shrink modavg.shrink.clm modavg.shrink.clmm
     modavg.shrink.coxph modavg.shrink.glm modavg.shrink.gls
     modavg.shrink.lme modavg.shrink.mer modavg.shrink.merMod
     modavg.shrink.mult modavg.shrink.polr modavg.shrink.rlm
     modavg.shrink.unmarked modavg.unmarked predictSE.zip
    See section ‘Registering S3 methods’ in the ‘Writing R Extensions’
    manual.
Flavors: r-devel-linux-x86_64-debian-clang, r-devel-linux-x86_64-debian-gcc, r-devel-linux-x86_64-fedora-clang, r-devel-linux-x86_64-fedora-gcc, r-devel-osx-x86_64-clang, r-patched-linux-x86_64, r-patched-solaris-x86, r-release-linux-x86_64

Version: 2.0-3
Check: package dependencies
Result: NOTE
    Packages suggested but not available for checking: ‘betareg’ ‘lme4’
Flavor: r-release-osx-x86_64-mavericks

Version: 2.0-3
Check: Rd cross-references
Result: NOTE
    Packages unavailable to check Rd xrefs: ‘lme4’, ‘multcomp’
Flavor: r-release-osx-x86_64-mavericks

Version: 2.0-3
Check: package dependencies
Result: NOTE
    Packages suggested but not available for checking:
     ‘betareg’ ‘maxlike’ ‘R2OpenBUGS’
Flavor: r-release-osx-x86_64-snowleopard

Version: 2.0-3
Check: Rd cross-references
Result: NOTE
    Packages unavailable to check Rd xrefs: ‘maxlike’, ‘multcomp’
Flavor: r-release-osx-x86_64-snowleopard