CRAN Package Check Results for Package AICcmodavg

Last updated on 2014-08-02 08:48:31.

Flavor Version Tinstall Tcheck Ttotal Status Flags
r-devel-linux-x86_64-debian-clang 2.00 1.90 97.93 99.83 OK
r-devel-linux-x86_64-debian-gcc 2.00 1.77 90.41 92.18 OK
r-devel-linux-x86_64-fedora-clang 2.00 192.38 OK
r-devel-linux-x86_64-fedora-gcc 2.00 181.67 OK
r-devel-osx-x86_64-clang 2.00 145.22 OK
r-devel-windows-ix86+x86_64 2.00 5.00 112.00 117.00 OK
r-patched-linux-x86_64 2.00 1.73 92.80 94.53 OK
r-patched-solaris-sparc 2.00 1113.60 OK
r-patched-solaris-x86 2.00 207.20 OK
r-release-linux-ix86 2.00 2.53 99.59 102.12 ERROR
r-release-linux-x86_64 2.00 1.85 93.07 94.92 OK
r-release-osx-x86_64-mavericks 2.00 NOTE
r-release-osx-x86_64-snowleopard 2.00 OK
r-release-windows-ix86+x86_64 2.00 4.00 121.00 125.00 OK
r-oldrel-windows-ix86+x86_64 2.00 8.00 158.00 166.00 OK

Check Details

Version: 2.00
Check: package dependencies
Result: NOTE
    Package suggested but not available for checking: lme4
Flavor: r-release-linux-ix86

Version: 2.00
Check: R code for possible problems
Result: NOTE
    aictab.AIClmerMod : <anonymous>: no visible global function definition
     for isREML
Flavor: r-release-linux-ix86

Version: 2.00
Check: Rd cross-references
Result: NOTE
    Package unavailable to check Rd xrefs: lme4
Flavor: r-release-linux-ix86

Version: 2.00
Check: examples
Result: ERROR
    Running examples in AICcmodavg-Ex.R failed
    The error most likely occurred in:
    
    > ### Name: extractSE
    > ### Title: Extract SE of Fixed Effects of 'coxme', 'glmer', and 'lmekin'
    > ### Fit
    > ### Aliases: extractSE extractSE.coxme extractSE.lmekin extractSE.mer
    > ### extractSE.merMod
    > ### Keywords: models
    >
    > ### ** Examples
    >
    > ##modified example from ?glmer
    > require(lme4)
    Loading required package: lme4
    Warning in library(package, lib.loc = lib.loc, character.only = TRUE, logical.return = TRUE, :
     there is no package called lme4
    > ##create proportion of incidence
    > cbpp$prop <- cbpp$incidence/cbpp$size
    Error: object 'cbpp' not found
    Execution halted
Flavor: r-release-linux-ix86

Version: 2.00
Check: package dependencies
Result: NOTE
    Package suggested but not available for checking: R2jags
Flavor: r-release-osx-x86_64-mavericks