CRAN Package Check Results for Package AICcmodavg

Last updated on 2017-05-28 23:49:48.

Flavor Version Tinstall Tcheck Ttotal Status Flags
r-devel-linux-x86_64-debian-clang 2.1-0 7.54 155.15 162.69 OK
r-devel-linux-x86_64-debian-gcc 2.1-0 6.64 152.11 158.75 OK
r-devel-linux-x86_64-fedora-clang 2.1-0 317.34 OK
r-devel-linux-x86_64-fedora-gcc 2.1-0 300.12 OK
r-devel-windows-ix86+x86_64 2.1-0 18.00 235.00 253.00 OK
r-patched-linux-x86_64 2.1-0 7.07 160.04 167.11 OK
r-patched-solaris-sparc 2.1-0 1844.60 OK
r-patched-solaris-x86 2.1-0 349.60 OK
r-release-linux-x86_64 2.1-0 7.33 154.19 161.52 OK
r-release-windows-ix86+x86_64 2.1-0 23.00 296.00 319.00 OK
r-release-osx-x86_64 2.1-0 NOTE
r-oldrel-windows-ix86+x86_64 2.1-0 21.00 215.00 236.00 OK
r-oldrel-osx-x86_64 2.1-0 OK

Check Details

Version: 2.1-0
Check: package dependencies
Result: NOTE
    Package suggested but not available for checking: ‘R2jags’
Flavor: r-release-osx-x86_64