CRAN Package Check Results for Package AICcmodavg

Last updated on 2014-09-20 23:47:55.

Flavor Version Tinstall Tcheck Ttotal Status Flags
r-devel-linux-x86_64-debian-clang 2.00 1.73 79.64 81.37 NOTE
r-devel-linux-x86_64-debian-gcc 2.00 1.68 77.81 79.49 NOTE
r-devel-linux-x86_64-fedora-clang 2.00 159.67 NOTE
r-devel-linux-x86_64-fedora-gcc 2.00 166.32 NOTE
r-devel-osx-x86_64-clang 2.00 131.25 NOTE
r-devel-windows-ix86+x86_64 2.00 5.00 95.00 100.00 NOTE
r-patched-linux-x86_64 2.00 1.81 90.00 91.81 OK
r-patched-solaris-sparc 2.00 1113.60 OK
r-patched-solaris-x86 2.00 199.20 OK
r-release-linux-ix86 2.00 2.41 110.38 112.79 OK
r-release-linux-x86_64 2.00 1.78 93.72 95.49 OK
r-release-osx-x86_64-mavericks 2.00 NOTE
r-release-osx-x86_64-snowleopard 2.00 OK
r-release-windows-ix86+x86_64 2.00 5.00 116.00 121.00 OK
r-oldrel-windows-ix86+x86_64 2.00 6.00 115.00 121.00 OK

Check Details

Version: 2.00
Check: R code for possible problems
Result: NOTE
    Nmix.chisq: no visible global function definition for ‘getData’
    Nmix.gof.test: no visible global function definition for ‘parboot’
    aictab.AIClmerMod : <anonymous>: no visible global function definition
     for ‘isREML’
    extractLL.coxme: no visible global function definition for ‘fixef’
    extractLL.coxme: no visible global function definition for ‘ranef’
    extractLL.lmekin: no visible global function definition for ‘fixef’
    extractLL.lmekin: no visible global function definition for ‘ranef’
    extractSE.coxme: no visible global function definition for ‘fixef’
    extractSE.lmekin: no visible global function definition for ‘fixef’
    extractSE.mer: no visible global function definition for ‘fixef’
    extractSE.merMod: no visible global function definition for ‘fixef’
    importance.AICglmerMod : <anonymous>: no visible global function
     definition for ‘fixef’
    importance.AIClmekin : <anonymous>: no visible global function
     definition for ‘fixef’
    importance.AICmaxlikeFit.list : <anonymous>: no visible global function
     definition for ‘fixef’
    importance.AICmer : <anonymous>: no visible global function definition
     for ‘fixef’
    importance.AICnlmerMod : <anonymous>: no visible global function
     definition for ‘fixef’
    mb.chisq: no visible global function definition for ‘getData’
    mb.gof.test: no visible global function definition for ‘parboot’
    modavg.AICcoxme : <anonymous>: no visible global function definition
     for ‘fixef’
    modavg.AICglmerMod : <anonymous>: no visible global function definition
     for ‘fixef’
    modavg.AIClme : <anonymous>: no visible global function definition for
     ‘fixef’
    modavg.AIClmekin : <anonymous>: no visible global function definition
     for ‘fixef’
    modavg.AIClmerMod : <anonymous>: no visible global function definition
     for ‘fixef’
    modavg.AICmer : <anonymous>: no visible global function definition for
     ‘fixef’
    modavgShrink.AICcoxme : <anonymous>: no visible global function
     definition for ‘fixef’
    modavgShrink.AICglmerMod : <anonymous>: no visible global function
     definition for ‘fixef’
    modavgShrink.AIClme : <anonymous>: no visible global function
     definition for ‘fixef’
    modavgShrink.AIClmekin : <anonymous>: no visible global function
     definition for ‘fixef’
    modavgShrink.AIClmerMod : <anonymous>: no visible global function
     definition for ‘fixef’
    modavgShrink.AICmer : <anonymous>: no visible global function
     definition for ‘fixef’
    predictSE.lme: no visible global function definition for ‘fixef’
    predictSE.mer: no visible global function definition for ‘fixef’
    predictSE.merMod: no visible global function definition for ‘fixef’
Flavors: r-devel-linux-x86_64-debian-clang, r-devel-linux-x86_64-debian-gcc, r-devel-linux-x86_64-fedora-clang, r-devel-linux-x86_64-fedora-gcc, r-devel-osx-x86_64-clang, r-devel-windows-ix86+x86_64

Version: 2.00
Check: package dependencies
Result: NOTE
    Package suggested but not available for checking: ‘R2jags’
Flavor: r-release-osx-x86_64-mavericks