CRAN Package Check Results for Package AICcmodavg

Last updated on 2014-07-24 17:48:57.

Flavor Version Tinstall Tcheck Ttotal Status Flags
r-devel-linux-x86_64-debian-clang 2.00 1.84 92.55 94.39 OK
r-devel-linux-x86_64-debian-gcc 2.00 1.75 90.01 91.76 OK
r-devel-linux-x86_64-fedora-clang 2.00 128.54 OK
r-devel-linux-x86_64-fedora-gcc 2.00 100.43 OK
r-devel-osx-x86_64-clang 2.00 145.64 OK
r-devel-windows-ix86+x86_64 2.00 5.00 116.00 121.00 OK
r-patched-linux-x86_64 2.00 1.74 88.58 90.33 OK
r-patched-solaris-sparc 2.00 952.10 OK
r-patched-solaris-x86 2.00 206.10 OK
r-release-linux-ix86 2.00 2.40 109.31 111.71 OK
r-release-linux-x86_64 2.00 1.82 93.01 94.83 OK
r-release-osx-x86_64-mavericks 2.00 NOTE
r-release-osx-x86_64-snowleopard 2.00 OK
r-release-windows-ix86+x86_64 2.00 5.00 125.00 130.00 OK
r-oldrel-windows-ix86+x86_64 2.00 5.00 114.00 119.00 OK

Check Details

Version: 2.00
Check: package dependencies
Result: NOTE
    Package suggested but not available for checking: ‘R2jags’
Flavor: r-release-osx-x86_64-mavericks