CRAN Package Check Results for Package AID

Last updated on 2015-07-28 15:47:55.

Flavor Version Tinstall Tcheck Ttotal Status Flags
r-devel-linux-x86_64-debian-clang 1.5 0.69 17.13 17.82 NOTE
r-devel-linux-x86_64-debian-gcc 1.5 0.72 16.68 17.40 NOTE
r-devel-linux-x86_64-fedora-clang 1.5 33.76 NOTE
r-devel-linux-x86_64-fedora-gcc 1.5 33.69 NOTE
r-devel-osx-x86_64-clang 1.5 31.93 OK
r-devel-windows-ix86+x86_64 1.5 3.00 26.00 29.00 NOTE
r-patched-linux-x86_64 1.5 0.70 16.89 17.60 OK
r-patched-solaris-sparc 1.5 209.40 OK
r-patched-solaris-x86 1.5 44.90 OK
r-release-linux-x86_64 1.5 0.66 17.26 17.92 OK
r-release-osx-x86_64-mavericks 1.5 OK
r-release-windows-ix86+x86_64 1.5 4.00 28.00 32.00 OK
r-oldrel-windows-ix86+x86_64 1.5 4.00 34.00 38.00 OK

Check Details

Version: 1.5
Check: R code for possible problems
Result: NOTE
    boxcoxfr: no visible global function definition for ‘shapiro.test’
    boxcoxfr: no visible global function definition for ‘bartlett.test’
    boxcoxnc: no visible global function definition for ‘shapiro.test’
    boxcoxnc: no visible global function definition for ‘p.adjust’
    boxcoxnc: no visible global function definition for ‘rnorm’
    boxcoxnc: no visible global function definition for ‘glm’
    boxcoxnc: no visible binding for global variable ‘gaussian’
    boxcoxnc: no visible global function definition for ‘par’
    boxcoxnc: no visible global function definition for ‘plot’
    boxcoxnc: no visible global function definition for ‘abline’
    boxcoxnc: no visible global function definition for ‘title’
    Undefined global functions or variables:
     abline bartlett.test gaussian glm p.adjust par plot rnorm
     shapiro.test title
    Consider adding
     importFrom("graphics", "abline", "par", "plot", "title")
     importFrom("stats", "bartlett.test", "gaussian", "glm", "p.adjust",
     "rnorm", "shapiro.test")
    to your NAMESPACE.
Flavors: r-devel-linux-x86_64-debian-clang, r-devel-linux-x86_64-debian-gcc, r-devel-linux-x86_64-fedora-clang, r-devel-linux-x86_64-fedora-gcc, r-devel-windows-ix86+x86_64