CRAN Package Check Results for Package AID

Last updated on 2016-05-28 11:49:03.

Flavor Version Tinstall Tcheck Ttotal Status Flags
r-devel-linux-x86_64-debian-gcc 1.5 0.77 16.55 17.31 NOTE
r-devel-linux-x86_64-fedora-clang 1.5 30.25 NOTE
r-devel-linux-x86_64-fedora-gcc 1.5 35.79 NOTE
r-devel-osx-x86_64-clang 1.5 34.47 NOTE
r-devel-windows-ix86+x86_64 1.5 2.00 36.00 38.00 NOTE
r-patched-linux-x86_64 1.5 0.77 16.24 17.01 NOTE
r-patched-solaris-sparc 1.5 182.50 NOTE
r-patched-solaris-x86 1.5 36.90 NOTE
r-release-linux-x86_64 1.5 0.77 16.66 17.43 NOTE
r-release-osx-x86_64-mavericks 1.5 NOTE
r-release-windows-ix86+x86_64 1.5 3.00 38.00 41.00 NOTE
r-oldrel-windows-ix86+x86_64 1.5 3.00 55.00 58.00 OK

Check Details

Version: 1.5
Check: R code for possible problems
Result: NOTE
    boxcoxfr: no visible global function definition for ‘shapiro.test’
    boxcoxfr: no visible global function definition for ‘bartlett.test’
    boxcoxnc: no visible global function definition for ‘shapiro.test’
    boxcoxnc: no visible global function definition for ‘p.adjust’
    boxcoxnc: no visible global function definition for ‘rnorm’
    boxcoxnc: no visible global function definition for ‘glm’
    boxcoxnc: no visible binding for global variable ‘gaussian’
    boxcoxnc: no visible global function definition for ‘par’
    boxcoxnc: no visible global function definition for ‘plot’
    boxcoxnc: no visible global function definition for ‘abline’
    boxcoxnc: no visible global function definition for ‘title’
    Undefined global functions or variables:
     abline bartlett.test gaussian glm p.adjust par plot rnorm
     shapiro.test title
    Consider adding
     importFrom("graphics", "abline", "par", "plot", "title")
     importFrom("stats", "bartlett.test", "gaussian", "glm", "p.adjust",
     "rnorm", "shapiro.test")
    to your NAMESPACE file.
Flavors: r-devel-linux-x86_64-debian-gcc, r-devel-linux-x86_64-fedora-clang, r-devel-linux-x86_64-fedora-gcc, r-devel-osx-x86_64-clang, r-devel-windows-ix86+x86_64, r-patched-linux-x86_64, r-patched-solaris-sparc, r-patched-solaris-x86, r-release-linux-x86_64, r-release-osx-x86_64-mavericks, r-release-windows-ix86+x86_64