CRAN Package Check Results for Package AID

Last updated on 2015-03-31 03:48:23.

Flavor Version Tinstall Tcheck Ttotal Status Flags
r-devel-linux-x86_64-debian-clang 1.4 0.88 17.10 17.98 NOTE
r-devel-linux-x86_64-debian-gcc 1.4 0.71 17.00 17.71 NOTE
r-devel-linux-x86_64-fedora-clang 1.4 34.54 NOTE
r-devel-linux-x86_64-fedora-gcc 1.4 33.29 NOTE
r-devel-osx-x86_64-clang 1.4 39.15 NOTE
r-prerel-windows-ix86+x86_64 1.4 6.00 28.00 34.00 NOTE
r-prerel-linux-x86_64 1.4 0.72 16.35 17.08 NOTE
r-prerel-solaris-sparc 1.4 234.50 NOTE
r-prerel-solaris-x86 1.4 45.70 NOTE
r-release-linux-x86_64 1.4 0.96 21.25 22.21 OK
r-release-osx-x86_64-mavericks 1.4 OK
r-release-osx-x86_64-snowleopard 1.4 OK
r-release-windows-ix86+x86_64 1.4 5.00 33.00 38.00 OK
r-oldrel-windows-ix86+x86_64 1.4 4.00 35.00 39.00 OK

Check Details

Version: 1.4
Check: DESCRIPTION meta-information
Result: NOTE
    Malformed Description field: should contain one or more complete sentences.
Flavors: r-devel-linux-x86_64-debian-clang, r-devel-linux-x86_64-debian-gcc, r-devel-linux-x86_64-fedora-clang, r-devel-linux-x86_64-fedora-gcc, r-devel-osx-x86_64-clang, r-prerel-windows-ix86+x86_64, r-prerel-linux-x86_64, r-prerel-solaris-sparc, r-prerel-solaris-x86