CRAN Package Check Results for Package AID

Last updated on 2014-04-24 03:47:40.

Flavor Version Tinstall Tcheck Ttotal Status Flags
r-devel-linux-x86_64-debian-clang 1.4 0.90 21.85 22.76 OK
r-devel-linux-x86_64-debian-gcc 1.4 0.90 22.27 23.17 OK
r-devel-linux-x86_64-fedora-clang 1.4 43.43 OK
r-devel-linux-x86_64-fedora-gcc 1.4 41.68 OK
r-devel-osx-x86_64-clang 1.4 44.13 OK
r-devel-osx-x86_64-gcc 1.4 ERROR
r-devel-windows-ix86+x86_64 1.4 4.00 32.00 36.00 OK
r-patched-linux-x86_64 1.4 0.90 21.87 22.77 OK
r-patched-solaris-sparc 1.4 237.90 OK
r-patched-solaris-x86 1.4 57.00 OK
r-release-linux-ix86 1.4 2.00 38.00 40.00 OK
r-release-linux-x86_64 1.4 1.06 21.84 22.90 OK
r-release-osx-x86_64-mavericks 1.4 WARN
r-release-osx-x86_64-snowleopard 1.4 OK
r-release-windows-ix86+x86_64 1.4 4.00 34.00 38.00 OK
r-oldrel-windows-ix86+x86_64 1.4 5.00 32.00 37.00 OK

Check Details

Version: 1.4
Check: package dependencies
Result: ERROR
    Package required but not available: ‘tseries’
    
    See the information on DESCRIPTION files in the chapter ‘Creating R
    packages’ of the ‘Writing R Extensions’ manual.
Flavor: r-devel-osx-x86_64-gcc

Version: 1.4
Check: PDF version of manual
Result: WARNING
    LaTeX errors when creating PDF version.
    This typically indicates Rd problems.
    LaTeX errors found:
    ! LaTeX Error: File `upquote.sty' not found.
    
    Type X to quit or <RETURN> to proceed,
    or enter new name. (Default extension: sty)
    
    0d50cc7/Rd2.tex:8: ==> Fatal error occurred, no output PDF file produced!
Flavor: r-release-osx-x86_64-mavericks