CRAN Package Check Results for Package AID

Last updated on 2016-02-13 11:54:13.

Flavor Version Tinstall Tcheck Ttotal Status Flags
r-devel-linux-x86_64-debian-gcc 1.5 0.67 15.41 16.08 NOTE
r-devel-linux-x86_64-fedora-clang 1.5 28.01 NOTE
r-devel-linux-x86_64-fedora-gcc 1.5 27.82 NOTE
r-devel-osx-x86_64-clang 1.5 33.68 NOTE
r-devel-windows-ix86+x86_64 1.5 5.00 27.00 32.00 NOTE
r-patched-linux-x86_64 1.5 0.87 16.43 17.30 OK
r-patched-solaris-sparc 1.5 192.10 OK
r-patched-solaris-x86 1.5 39.00 OK
r-release-linux-x86_64 1.5 0.84 16.32 17.17 OK
r-release-osx-x86_64-mavericks 1.5 OK
r-release-windows-ix86+x86_64 1.5 4.00 28.00 32.00 OK
r-oldrel-windows-ix86+x86_64 1.5 6.00 43.00 49.00 OK

Check Details

Version: 1.5
Check: R code for possible problems
Result: NOTE
    boxcoxfr: no visible global function definition for ‘shapiro.test’
    boxcoxfr: no visible global function definition for ‘bartlett.test’
    boxcoxnc: no visible global function definition for ‘shapiro.test’
    boxcoxnc: no visible global function definition for ‘p.adjust’
    boxcoxnc: no visible global function definition for ‘rnorm’
    boxcoxnc: no visible global function definition for ‘glm’
    boxcoxnc: no visible binding for global variable ‘gaussian’
    boxcoxnc: no visible global function definition for ‘par’
    boxcoxnc: no visible global function definition for ‘plot’
    boxcoxnc: no visible global function definition for ‘abline’
    boxcoxnc: no visible global function definition for ‘title’
    Undefined global functions or variables:
     abline bartlett.test gaussian glm p.adjust par plot rnorm
     shapiro.test title
    Consider adding
     importFrom("graphics", "abline", "par", "plot", "title")
     importFrom("stats", "bartlett.test", "gaussian", "glm", "p.adjust",
     "rnorm", "shapiro.test")
    to your NAMESPACE file.
Flavors: r-devel-linux-x86_64-debian-gcc, r-devel-linux-x86_64-fedora-clang, r-devel-linux-x86_64-fedora-gcc, r-devel-osx-x86_64-clang, r-devel-windows-ix86+x86_64