CRAN Package Check Results for Package AID

Last updated on 2015-04-27 03:47:14.

Flavor Version Tinstall Tcheck Ttotal Status Flags
r-devel-linux-x86_64-debian-clang 1.5 0.78 17.53 18.32 OK
r-devel-linux-x86_64-debian-gcc 1.5 0.70 16.45 17.15 OK
r-devel-linux-x86_64-fedora-clang 1.5 35.58 OK
r-devel-linux-x86_64-fedora-gcc 1.5 31.19 OK
r-devel-osx-x86_64-clang 1.5 33.80 OK
r-devel-windows-ix86+x86_64 1.5 3.00 27.00 30.00 OK
r-patched-linux-x86_64 1.5 0.72 17.20 17.92 OK
r-patched-solaris-sparc 1.5 180.50 OK
r-patched-solaris-x86 1.5 45.50 OK
r-release-linux-x86_64 1.5 0.70 16.84 17.53 OK
r-release-osx-x86_64-mavericks 1.5 OK
r-release-osx-x86_64-snowleopard 1.5 ERROR
r-release-windows-ix86+x86_64 1.5 3.00 26.00 29.00 OK
r-oldrel-windows-ix86+x86_64 1.5 4.00 33.00 37.00 OK

Check Details

Version: 1.5
Check: package dependencies
Result: ERROR
    Package required but not available: ‘tseries’
    
    See section ‘The DESCRIPTION file’ in the ‘Writing R Extensions’
    manual.
Flavor: r-release-osx-x86_64-snowleopard