CRAN Package Check Results for Package AIM

Last updated on 2014-09-20 13:48:03.

Flavor Version Tinstall Tcheck Ttotal Status Flags
r-devel-linux-x86_64-debian-clang 1.01 0.72 39.96 40.69 NOTE
r-devel-linux-x86_64-debian-gcc 1.01 0.75 38.32 39.07 NOTE
r-devel-linux-x86_64-fedora-clang 1.01 81.12 NOTE
r-devel-linux-x86_64-fedora-gcc 1.01 91.28 NOTE
r-devel-osx-x86_64-clang 1.01 72.82 NOTE
r-devel-windows-ix86+x86_64 1.01 3.00 62.00 65.00 NOTE
r-patched-linux-x86_64 1.01 0.76 37.40 38.16 NOTE
r-patched-solaris-sparc 1.01 539.90 NOTE
r-patched-solaris-x86 1.01 106.10 NOTE
r-release-linux-ix86 1.01 1.09 53.77 54.86 NOTE
r-release-linux-x86_64 1.01 0.74 37.57 38.31 NOTE
r-release-osx-x86_64-mavericks 1.01 NOTE
r-release-windows-ix86+x86_64 1.01 5.00 67.00 72.00 NOTE
r-oldrel-windows-ix86+x86_64 1.01 3.00 69.00 72.00 NOTE

Check Details

Version: 1.01
Check: package namespace information
Result: NOTE
     Namespace with empty importFrom: ‘survival’
Flavors: r-devel-linux-x86_64-debian-clang, r-devel-linux-x86_64-debian-gcc, r-devel-linux-x86_64-fedora-clang, r-devel-linux-x86_64-fedora-gcc, r-devel-osx-x86_64-clang, r-devel-windows-ix86+x86_64

Version: 1.01
Check: DESCRIPTION meta-information
Result: NOTE
    Package listed in more than one of Depends, Imports, Suggests, Enhances:
     ‘survival’
    A package should be listed in only one of these fields.
Flavors: r-devel-linux-x86_64-debian-clang, r-devel-linux-x86_64-debian-gcc, r-devel-linux-x86_64-fedora-clang, r-devel-linux-x86_64-fedora-gcc, r-devel-osx-x86_64-clang, r-devel-windows-ix86+x86_64, r-patched-linux-x86_64, r-patched-solaris-sparc, r-patched-solaris-x86, r-release-linux-ix86, r-release-linux-x86_64, r-release-osx-x86_64-mavericks, r-release-windows-ix86+x86_64, r-oldrel-windows-ix86+x86_64

Version: 1.01
Check: R code for possible problems
Result: NOTE
    backfit.logistic.interaction: warning in glm(y ~ trt, family =
     "binomial", weight = wt): partial argument match of ‘weight’ to
     ‘weights’
    backfit.logistic.main: warning in glm(y ~ 1, family = "binomial",
     weight = wt): partial argument match of ‘weight’ to ‘weights’
    logistic.interaction: warning in glm(y ~ trt, family = "binomial",
     weight = wt): partial argument match of ‘weight’ to ‘weights’
    logistic.main: warning in glm(y ~ 1, family = "binomial", weight = wt):
     partial argument match of ‘weight’ to ‘weights’
    backfit.cox.interaction: no visible global function definition for
     ‘coxph’
    cox.interaction: no visible global function definition for ‘coxph’
    cv.cox.interaction: no visible global function definition for ‘coxph’
    cv.cox.main: no visible global function definition for ‘coxph’
Flavors: r-devel-linux-x86_64-debian-clang, r-devel-linux-x86_64-debian-gcc, r-devel-linux-x86_64-fedora-clang, r-devel-linux-x86_64-fedora-gcc, r-devel-osx-x86_64-clang, r-devel-windows-ix86+x86_64

Version: 1.01
Check: Rd line widths
Result: NOTE
    Rd file 'cox.interaction.Rd':
     \examples lines wider than 100 characters:
     ## compute the index based on the 2nd model of the sequence using new data xx, and compare the result with the true index
    
    Rd file 'cox.main.Rd':
     \examples lines wider than 100 characters:
     ## compute the index based on the 2nd model of the sequence using new data xx, and compare the result with the true index
    
    Rd file 'cv.cox.interaction.Rd':
     \usage lines wider than 90 characters:
     cv.cox.interaction(x, trt, y, status, K.cv=5, num.replicate=1, nsteps, mincut=0.1, backfit=F, maxnumcut=1, dirp=0)
    
    Rd file 'cv.cox.main.Rd':
     \usage lines wider than 90 characters:
     cv.cox.main(x, y, status, K.cv=5, num.replicate=1, nsteps, mincut=0.1, backfit=F, maxnumcut=1, dirp=0)
    
    Rd file 'cv.lm.interaction.Rd':
     \usage lines wider than 90 characters:
     cv.lm.interaction(x, trt, y, K.cv=5, num.replicate=1, nsteps, mincut=0.1, backfit=F, maxnumcut=1, dirp=0)
    
    Rd file 'cv.lm.main.Rd':
     \usage lines wider than 90 characters:
     cv.lm.main(x, y, K.cv=5, num.replicate=1, nsteps, mincut=0.1, backfit=F, maxnumcut=1, dirp=0)
    
    Rd file 'cv.logistic.interaction.Rd':
     \usage lines wider than 90 characters:
     cv.logistic.interaction(x, trt, y, K.cv=5, num.replicate=1, nsteps, mincut=0.1, backfit=F, maxnumcut=1, dirp=0, weight=1)
    
    Rd file 'cv.logistic.main.Rd':
     \usage lines wider than 90 characters:
     cv.logistic.main(x, y, K.cv=5, num.replicate=1, nsteps, mincut=0.1, backfit=F, maxnumcut=1, dirp=0, weight=1)
    
    Rd file 'index.prediction.Rd':
     \examples lines wider than 100 characters:
     ## compute the index based on the 2nd model of the sequence using new data xx, and compare the result with the true index
    
    Rd file 'lm.interaction.Rd':
     \examples lines wider than 100 characters:
     ## compute the index based on the 2nd model of the sequence using new data xx, and compare the result with the true index
    
    Rd file 'lm.main.Rd':
     \examples lines wider than 100 characters:
     ## compute the index based on the 2nd model of the sequence using new data xx, and compare the result with the true index
    
    Rd file 'logistic.interaction.Rd':
     \usage lines wider than 90 characters:
     logistic.interaction(x, trt, y, nsteps=8, mincut=.1, backfit=F, maxnumcut=1, dirp=0, weight=1)
     \examples lines wider than 100 characters:
     ## compute the index based on the 2nd model of the sequence using new data xx, and compare the result with the true index
    
    Rd file 'logistic.main.Rd':
     \examples lines wider than 100 characters:
     ## compute the index based on the 2nd model of the sequence using new data xx, and compare the result with the true index
    
    These lines will be truncated in the PDF manual.
Flavors: r-devel-linux-x86_64-debian-clang, r-devel-linux-x86_64-debian-gcc, r-devel-linux-x86_64-fedora-clang, r-devel-linux-x86_64-fedora-gcc, r-patched-linux-x86_64, r-release-linux-x86_64

Version: 1.01
Check: R code for possible problems
Result: NOTE
    backfit.logistic.interaction: warning in glm(y ~ trt, family =
     "binomial", weight = wt): partial argument match of ‘weight’ to
     ‘weights’
    backfit.logistic.main: warning in glm(y ~ 1, family = "binomial",
     weight = wt): partial argument match of ‘weight’ to ‘weights’
    logistic.interaction: warning in glm(y ~ trt, family = "binomial",
     weight = wt): partial argument match of ‘weight’ to ‘weights’
    logistic.main: warning in glm(y ~ 1, family = "binomial", weight = wt):
     partial argument match of ‘weight’ to ‘weights’
Flavors: r-patched-linux-x86_64, r-patched-solaris-sparc, r-patched-solaris-x86, r-release-linux-ix86, r-release-linux-x86_64, r-release-osx-x86_64-mavericks, r-release-windows-ix86+x86_64, r-oldrel-windows-ix86+x86_64