CRAN Package Check Results for Package ALKr

Last updated on 2016-08-30 08:48:44.

Flavor Version Tinstall Tcheck Ttotal Status Flags
r-devel-linux-x86_64-debian-clang 0.5.3.1 16.73 17.55 34.28 NOTE
r-devel-linux-x86_64-debian-gcc 0.5.3.1 17.12 17.37 34.50 NOTE
r-devel-linux-x86_64-fedora-clang 0.5.3.1 68.08 NOTE
r-devel-linux-x86_64-fedora-gcc 0.5.3.1 75.43 NOTE
r-devel-osx-x86_64-clang 0.5.3.1 47.79 NOTE
r-devel-windows-ix86+x86_64 0.5.3.1 77.00 96.00 173.00 NOTE
r-patched-linux-x86_64 0.5.3.1 14.49 17.03 31.52 NOTE
r-patched-solaris-sparc 0.5.3.1 367.70 NOTE
r-patched-solaris-x86 0.5.3.1 75.10 NOTE
r-release-linux-x86_64 0.5.3.1 14.47 17.49 31.96 NOTE
r-release-osx-x86_64-mavericks 0.5.3.1 NOTE
r-release-windows-ix86+x86_64 0.5.3.1 54.00 41.00 95.00 NOTE
r-oldrel-windows-ix86+x86_64 0.5.3.1 77.00 63.00 140.00 OK

Check Details

Version: 0.5.3.1
Check: R code for possible problems
Result: NOTE
    gascuel: no visible global function definition for ‘optim’
    Undefined global functions or variables:
     optim
    Consider adding
     importFrom("stats", "optim")
    to your NAMESPACE file.
Flavors: r-devel-linux-x86_64-debian-clang, r-devel-linux-x86_64-debian-gcc, r-devel-linux-x86_64-fedora-clang, r-devel-linux-x86_64-fedora-gcc, r-devel-osx-x86_64-clang, r-devel-windows-ix86+x86_64, r-patched-linux-x86_64, r-patched-solaris-sparc, r-patched-solaris-x86, r-release-linux-x86_64, r-release-osx-x86_64-mavericks, r-release-windows-ix86+x86_64