CRAN Package Check Results for Package ALKr

Last updated on 2017-10-23 01:46:31.

Flavor Version Tinstall Tcheck Ttotal Status Flags
r-devel-linux-x86_64-debian-clang 0.5.3.1 18.61 19.28 37.89 NOTE
r-devel-linux-x86_64-debian-gcc 0.5.3.1 19.94 20.25 40.19 NOTE
r-devel-linux-x86_64-fedora-clang 0.5.3.1 80.47 NOTE
r-devel-linux-x86_64-fedora-gcc 0.5.3.1 74.80 NOTE
r-devel-windows-ix86+x86_64 0.5.3.1 60.00 73.00 133.00 NOTE
r-patched-linux-x86_64 0.5.3.1 20.13 19.90 40.03 NOTE
r-patched-solaris-x86 0.5.3.1 89.40 NOTE
r-release-linux-x86_64 0.5.3.1 20.35 20.18 40.53 NOTE
r-release-windows-ix86+x86_64 0.5.3.1 84.00 73.00 157.00 NOTE
r-release-osx-x86_64 0.5.3.1 NOTE
r-oldrel-windows-ix86+x86_64 0.5.3.1 61.00 64.00 125.00 NOTE
r-oldrel-osx-x86_64 0.5.3.1 NOTE

Check Details

Version: 0.5.3.1
Check: R code for possible problems
Result: NOTE
    gascuel: no visible global function definition for ‘optim’
    Undefined global functions or variables:
     optim
    Consider adding
     importFrom("stats", "optim")
    to your NAMESPACE file.
Flavors: r-devel-linux-x86_64-debian-clang, r-devel-linux-x86_64-debian-gcc, r-devel-linux-x86_64-fedora-clang, r-devel-linux-x86_64-fedora-gcc, r-devel-windows-ix86+x86_64, r-patched-linux-x86_64, r-patched-solaris-x86, r-release-linux-x86_64, r-release-windows-ix86+x86_64, r-release-osx-x86_64, r-oldrel-windows-ix86+x86_64, r-oldrel-osx-x86_64

Version: 0.5.3.1
Check: compiled code
Result: NOTE
    File ‘ALKr/libs/ALKr.so’:
     Found no calls to: ‘R_registerRoutines’, ‘R_useDynamicSymbols’
    
    It is good practice to register native routines and to disable symbol
    search.
    
    See ‘Writing portable packages’ in the ‘Writing R Extensions’ manual.
Flavors: r-devel-linux-x86_64-debian-clang, r-devel-linux-x86_64-debian-gcc, r-devel-linux-x86_64-fedora-clang, r-devel-linux-x86_64-fedora-gcc, r-patched-linux-x86_64, r-release-linux-x86_64