CRAN Package Check Results for Package ALKr

Last updated on 2016-06-29 22:47:15.

Flavor Version Tinstall Tcheck Ttotal Status Flags
r-devel-linux-x86_64-debian-gcc 0.5.3.1 20.39 18.77 39.15 NOTE
r-devel-linux-x86_64-fedora-clang 0.5.3.1 69.91 NOTE
r-devel-linux-x86_64-fedora-gcc 0.5.3.1 59.93 NOTE
r-devel-osx-x86_64-clang 0.5.3.1 47.54 NOTE
r-devel-windows-ix86+x86_64 0.5.3.1 49.00 56.00 105.00 NOTE
r-patched-linux-x86_64 0.5.3.1 16.21 17.92 34.13 NOTE
r-patched-solaris-sparc 0.5.3.1 372.40 NOTE
r-patched-solaris-x86 0.5.3.1 77.50 NOTE
r-release-linux-x86_64 0.5.3.1 15.42 17.45 32.86 NOTE
r-release-osx-x86_64-mavericks 0.5.3.1 NOTE
r-release-windows-ix86+x86_64 0.5.3.1 72.00 55.00 127.00 NOTE
r-oldrel-windows-ix86+x86_64 0.5.3.1 70.00 53.00 123.00 OK

Check Details

Version: 0.5.3.1
Check: R code for possible problems
Result: NOTE
    gascuel: no visible global function definition for ‘optim’
    Undefined global functions or variables:
     optim
    Consider adding
     importFrom("stats", "optim")
    to your NAMESPACE file.
Flavors: r-devel-linux-x86_64-debian-gcc, r-devel-linux-x86_64-fedora-clang, r-devel-linux-x86_64-fedora-gcc, r-devel-osx-x86_64-clang, r-devel-windows-ix86+x86_64, r-patched-linux-x86_64, r-patched-solaris-sparc, r-patched-solaris-x86, r-release-linux-x86_64, r-release-osx-x86_64-mavericks, r-release-windows-ix86+x86_64

Version: 0.5.3.1
Check: installed package size
Result: NOTE
     installed size is 5.4Mb
     sub-directories of 1Mb or more:
     libs 5.0Mb
Flavor: r-patched-solaris-sparc