CRAN Package Check Results for Package ALKr

Last updated on 2017-02-23 09:52:39.

Flavor Version Tinstall Tcheck Ttotal Status Flags
r-devel-linux-x86_64-debian-clang 0.5.3.1 16.88 19.98 36.86 NOTE
r-devel-linux-x86_64-debian-gcc 0.5.3.1 17.31 19.62 36.93 NOTE
r-devel-linux-x86_64-fedora-clang 0.5.3.1 73.61 NOTE --no-stop-on-test-error
r-devel-linux-x86_64-fedora-gcc 0.5.3.1 82.29 NOTE --no-stop-on-test-error
r-devel-macos-x86_64-clang 0.5.3.1 52.94 NOTE --no-stop-on-test-error
r-devel-windows-ix86+x86_64 0.5.3.1 81.00 71.00 152.00 NOTE
r-patched-linux-x86_64 0.5.3.1 15.23 17.17 32.40 NOTE
r-patched-solaris-sparc 0.5.3.1 369.80 NOTE
r-patched-solaris-x86 0.5.3.1 76.80 NOTE
r-release-linux-x86_64 0.5.3.1 15.06 16.98 32.04 NOTE
r-release-osx-x86_64-mavericks 0.5.3.1 NOTE
r-release-windows-ix86+x86_64 0.5.3.1 83.00 75.00 158.00 NOTE
r-oldrel-windows-ix86+x86_64 0.5.3.1 74.00 50.00 124.00 OK

Check Details

Version: 0.5.3.1
Check: R code for possible problems
Result: NOTE
    gascuel: no visible global function definition for ‘optim’
    Undefined global functions or variables:
     optim
    Consider adding
     importFrom("stats", "optim")
    to your NAMESPACE file.
Flavors: r-devel-linux-x86_64-debian-clang, r-devel-linux-x86_64-debian-gcc, r-devel-windows-ix86+x86_64, r-patched-linux-x86_64, r-patched-solaris-sparc, r-patched-solaris-x86, r-release-linux-x86_64, r-release-osx-x86_64-mavericks, r-release-windows-ix86+x86_64

Version: 0.5.3.1
Check: compiled code
Result: NOTE
    File ‘ALKr/libs/ALKr.so’:
     Found no calls to: ‘R_registerRoutines’, ‘R_useDynamicSymbols’
    
    It is good practice to register native routines and to disable symbol
    search.
    
    See ‘Writing portable packages’ in the ‘Writing R Extensions’ manual.
Flavors: r-devel-linux-x86_64-debian-clang, r-devel-linux-x86_64-debian-gcc

Version: 0.5.3.1
Flags: --no-stop-on-test-error
Check: R code for possible problems
Result: NOTE
    gascuel: no visible global function definition for ‘optim’
    Undefined global functions or variables:
     optim
    Consider adding
     importFrom("stats", "optim")
    to your NAMESPACE file.
Flavors: r-devel-linux-x86_64-fedora-clang, r-devel-linux-x86_64-fedora-gcc, r-devel-macos-x86_64-clang

Version: 0.5.3.1
Flags: --no-stop-on-test-error
Check: compiled code
Result: NOTE
    File ‘ALKr/libs/ALKr.so’:
     Found no calls to: ‘R_registerRoutines’, ‘R_useDynamicSymbols’
    
    It is good practice to register native routines and to disable symbol
    search.
    
    See ‘Writing portable packages’ in the ‘Writing R Extensions’ manual.
Flavors: r-devel-linux-x86_64-fedora-clang, r-devel-linux-x86_64-fedora-gcc, r-devel-macos-x86_64-clang