CRAN Package Check Results for Package ALKr

Last updated on 2015-07-03 13:46:21.

Flavor Version Tinstall Tcheck Ttotal Status Flags
r-devel-linux-x86_64-debian-clang 0.5.3.1 14.45 17.26 31.71 NOTE
r-devel-linux-x86_64-debian-gcc 0.5.3.1 15.87 17.36 33.22 NOTE
r-devel-linux-x86_64-fedora-clang 0.5.3.1 67.96 NOTE
r-devel-linux-x86_64-fedora-gcc 0.5.3.1 62.78 NOTE
r-devel-osx-x86_64-clang 0.5.3.1 54.72 OK
r-devel-windows-ix86+x86_64 0.5.3.1 50.00 42.00 92.00 NOTE
r-patched-linux-x86_64 0.5.3.1 16.08 16.78 32.86 OK
r-patched-solaris-sparc 0.5.3.1 421.60 OK
r-patched-solaris-x86 0.5.3.1 87.90 OK
r-release-linux-x86_64 0.5.3.1 16.16 17.02 33.19 OK
r-release-osx-x86_64-mavericks 0.5.3.1 OK
r-release-windows-ix86+x86_64 0.5.3.1 53.00 43.00 96.00 OK
r-oldrel-windows-ix86+x86_64 0.5.3.1 48.00 55.00 103.00 OK

Check Details

Version: 0.5.3.1
Check: R code for possible problems
Result: NOTE
    gascuel: no visible global function definition for ‘optim’
    Undefined global functions or variables:
     optim
Flavors: r-devel-linux-x86_64-debian-clang, r-devel-linux-x86_64-debian-gcc, r-devel-linux-x86_64-fedora-clang, r-devel-linux-x86_64-fedora-gcc, r-devel-windows-ix86+x86_64