CRAN Package Check Results for Package ALKr

Last updated on 2017-01-24 23:49:35.

Flavor Version Tinstall Tcheck Ttotal Status Flags
r-devel-linux-x86_64-debian-clang 0.5.3.1 17.24 19.67 36.91 NOTE
r-devel-linux-x86_64-debian-gcc 0.5.3.1 16.90 19.50 36.40 NOTE
r-devel-linux-x86_64-fedora-clang 0.5.3.1 71.89 NOTE --no-stop-on-test-error
r-devel-linux-x86_64-fedora-gcc 0.5.3.1 78.32 NOTE --no-stop-on-test-error
r-devel-macos-x86_64-clang 0.5.3.1 52.02 NOTE --no-stop-on-test-error
r-devel-windows-ix86+x86_64 0.5.3.1 57.00 71.00 128.00 NOTE
r-patched-linux-x86_64 0.5.3.1 14.61 17.59 32.20 NOTE
r-patched-solaris-sparc 0.5.3.1 369.80 NOTE
r-patched-solaris-x86 0.5.3.1 77.20 NOTE
r-release-linux-x86_64 0.5.3.1 15.03 17.44 32.47 NOTE
r-release-osx-x86_64-mavericks 0.5.3.1 NOTE
r-release-windows-ix86+x86_64 0.5.3.1 85.00 57.00 142.00 NOTE
r-oldrel-windows-ix86+x86_64 0.5.3.1 106.00 89.00 195.00 OK

Check Details

Version: 0.5.3.1
Check: R code for possible problems
Result: NOTE
    gascuel: no visible global function definition for ‘optim’
    Undefined global functions or variables:
     optim
    Consider adding
     importFrom("stats", "optim")
    to your NAMESPACE file.
Flavors: r-devel-linux-x86_64-debian-clang, r-devel-linux-x86_64-debian-gcc, r-devel-windows-ix86+x86_64, r-patched-linux-x86_64, r-patched-solaris-sparc, r-patched-solaris-x86, r-release-linux-x86_64, r-release-osx-x86_64-mavericks, r-release-windows-ix86+x86_64

Version: 0.5.3.1
Flags: --no-stop-on-test-error
Check: R code for possible problems
Result: NOTE
    gascuel: no visible global function definition for ‘optim’
    Undefined global functions or variables:
     optim
    Consider adding
     importFrom("stats", "optim")
    to your NAMESPACE file.
Flavors: r-devel-linux-x86_64-fedora-clang, r-devel-linux-x86_64-fedora-gcc, r-devel-macos-x86_64-clang