CRAN Package Check Results for Package ALKr

Last updated on 2017-05-24 22:46:55.

Flavor Version Tinstall Tcheck Ttotal Status Flags
r-devel-linux-x86_64-debian-clang 0.5.3.1 18.79 20.14 38.92 NOTE
r-devel-linux-x86_64-debian-gcc 0.5.3.1 19.56 19.84 39.40 NOTE
r-devel-linux-x86_64-fedora-clang 0.5.3.1 75.11 NOTE --no-stop-on-test-error
r-devel-linux-x86_64-fedora-gcc 0.5.3.1 72.66 NOTE --no-stop-on-test-error
r-devel-windows-ix86+x86_64 0.5.3.1 62.00 74.00 136.00 NOTE
r-patched-linux-x86_64 0.5.3.1 16.75 19.66 36.42 NOTE
r-patched-solaris-sparc 0.5.3.1 393.10 NOTE
r-patched-solaris-x86 0.5.3.1 85.70 NOTE --no-stop-on-test-error
r-release-linux-x86_64 0.5.3.1 18.44 19.56 38.00 NOTE
r-release-windows-ix86+x86_64 0.5.3.1 53.00 82.00 135.00 NOTE
r-release-osx-x86_64 0.5.3.1 NOTE
r-oldrel-windows-ix86+x86_64 0.5.3.1 79.00 72.00 151.00 NOTE
r-oldrel-osx-x86_64 0.5.3.1 NOTE

Check Details

Version: 0.5.3.1
Check: R code for possible problems
Result: NOTE
    gascuel: no visible global function definition for ‘optim’
    Undefined global functions or variables:
     optim
    Consider adding
     importFrom("stats", "optim")
    to your NAMESPACE file.
Flavors: r-devel-linux-x86_64-debian-clang, r-devel-linux-x86_64-debian-gcc, r-devel-windows-ix86+x86_64, r-patched-linux-x86_64, r-patched-solaris-sparc, r-release-linux-x86_64, r-release-windows-ix86+x86_64, r-release-osx-x86_64, r-oldrel-windows-ix86+x86_64, r-oldrel-osx-x86_64

Version: 0.5.3.1
Check: compiled code
Result: NOTE
    File ‘ALKr/libs/ALKr.so’:
     Found no calls to: ‘R_registerRoutines’, ‘R_useDynamicSymbols’
    
    It is good practice to register native routines and to disable symbol
    search.
    
    See ‘Writing portable packages’ in the ‘Writing R Extensions’ manual.
Flavors: r-devel-linux-x86_64-debian-clang, r-devel-linux-x86_64-debian-gcc, r-patched-linux-x86_64, r-release-linux-x86_64

Version: 0.5.3.1
Flags: --no-stop-on-test-error
Check: R code for possible problems
Result: NOTE
    gascuel: no visible global function definition for ‘optim’
    Undefined global functions or variables:
     optim
    Consider adding
     importFrom("stats", "optim")
    to your NAMESPACE file.
Flavors: r-devel-linux-x86_64-fedora-clang, r-devel-linux-x86_64-fedora-gcc, r-patched-solaris-x86

Version: 0.5.3.1
Flags: --no-stop-on-test-error
Check: compiled code
Result: NOTE
    File ‘ALKr/libs/ALKr.so’:
     Found no calls to: ‘R_registerRoutines’, ‘R_useDynamicSymbols’
    
    It is good practice to register native routines and to disable symbol
    search.
    
    See ‘Writing portable packages’ in the ‘Writing R Extensions’ manual.
Flavors: r-devel-linux-x86_64-fedora-clang, r-devel-linux-x86_64-fedora-gcc