CRAN Package Check Results for Package ALKr

Last updated on 2018-05-25 00:46:18 CEST.

Flavor Version Tinstall Tcheck Ttotal Status Flags
r-devel-linux-x86_64-debian-clang 0.5.3.1 32.24 28.47 60.71 NOTE
r-devel-linux-x86_64-debian-gcc 0.5.3.1 20.21 24.67 44.88 NOTE
r-devel-linux-x86_64-fedora-clang 0.5.3.1 85.48 NOTE
r-devel-linux-x86_64-fedora-gcc 0.5.3.1 78.92 NOTE
r-devel-windows-ix86+x86_64 0.5.3.1 64.00 66.00 130.00 NOTE
r-patched-linux-x86_64 0.5.3.1 31.42 26.60 58.02 NOTE
r-patched-solaris-x86 0.5.3.1 98.30 NOTE
r-release-linux-x86_64 0.5.3.1 30.54 28.27 58.81 NOTE
r-release-windows-ix86+x86_64 0.5.3.1 87.00 78.00 165.00 NOTE
r-release-osx-x86_64 0.5.3.1 NOTE
r-oldrel-windows-ix86+x86_64 0.5.3.1 95.00 59.00 154.00 NOTE
r-oldrel-osx-x86_64 0.5.3.1 NOTE

Check Details

Version: 0.5.3.1
Check: R code for possible problems
Result: NOTE
    gascuel: no visible global function definition for ‘optim’
    Undefined global functions or variables:
     optim
    Consider adding
     importFrom("stats", "optim")
    to your NAMESPACE file.
Flavors: r-devel-linux-x86_64-debian-clang, r-devel-linux-x86_64-debian-gcc, r-devel-linux-x86_64-fedora-clang, r-devel-linux-x86_64-fedora-gcc, r-devel-windows-ix86+x86_64, r-patched-linux-x86_64, r-patched-solaris-x86, r-release-linux-x86_64, r-release-windows-ix86+x86_64, r-release-osx-x86_64, r-oldrel-windows-ix86+x86_64, r-oldrel-osx-x86_64

Version: 0.5.3.1
Check: compiled code
Result: NOTE
    File ‘ALKr/libs/ALKr.so’:
     Found no calls to: ‘R_registerRoutines’, ‘R_useDynamicSymbols’
    
    It is good practice to register native routines and to disable symbol
    search.
    
    See ‘Writing portable packages’ in the ‘Writing R Extensions’ manual.
Flavors: r-devel-linux-x86_64-debian-clang, r-devel-linux-x86_64-debian-gcc, r-devel-linux-x86_64-fedora-clang, r-devel-linux-x86_64-fedora-gcc, r-patched-linux-x86_64, r-release-linux-x86_64