CRAN Package Check Results for Package ALKr

Last updated on 2015-08-05 08:48:19.

Flavor Version Tinstall Tcheck Ttotal Status Flags
r-devel-linux-x86_64-debian-clang 0.5.3.1 14.67 17.84 32.51 NOTE
r-devel-linux-x86_64-debian-gcc 0.5.3.1 15.70 16.68 32.39 NOTE
r-devel-linux-x86_64-fedora-clang 0.5.3.1 67.92 NOTE
r-devel-linux-x86_64-fedora-gcc 0.5.3.1 61.88 NOTE
r-devel-osx-x86_64-clang 0.5.3.1 50.64 OK
r-devel-windows-ix86+x86_64 0.5.3.1 69.00 43.00 112.00 NOTE
r-patched-linux-x86_64 0.5.3.1 15.96 17.64 33.60 OK
r-patched-solaris-sparc 0.5.3.1 405.20 OK
r-patched-solaris-x86 0.5.3.1 82.30 OK
r-release-linux-x86_64 0.5.3.1 15.95 17.98 33.92 OK
r-release-osx-x86_64-mavericks 0.5.3.1 OK
r-release-windows-ix86+x86_64 0.5.3.1 67.00 70.00 137.00 OK
r-oldrel-windows-ix86+x86_64 0.5.3.1 72.00 47.00 119.00 OK

Check Details

Version: 0.5.3.1
Check: R code for possible problems
Result: NOTE
    gascuel: no visible global function definition for ‘optim’
    Undefined global functions or variables:
     optim
    Consider adding
     importFrom("stats", "optim")
    to your NAMESPACE.
Flavors: r-devel-linux-x86_64-debian-clang, r-devel-linux-x86_64-debian-gcc, r-devel-linux-x86_64-fedora-clang, r-devel-linux-x86_64-fedora-gcc, r-devel-windows-ix86+x86_64