CRAN Package Check Results for Package ALKr

Last updated on 2017-06-22 19:46:45.

Flavor Version Tinstall Tcheck Ttotal Status Flags
r-devel-linux-x86_64-debian-clang 0.5.3.1 19.46 20.57 40.03 NOTE
r-devel-linux-x86_64-debian-gcc 0.5.3.1 20.02 20.83 40.85 NOTE
r-devel-linux-x86_64-fedora-clang 0.5.3.1 92.45 NOTE
r-devel-linux-x86_64-fedora-gcc 0.5.3.1 73.79 NOTE
r-devel-windows-ix86+x86_64 0.5.3.1 77.00 58.00 135.00 NOTE
r-patched-linux-x86_64 0.5.3.1 17.40 19.77 37.16 NOTE
r-patched-solaris-sparc 0.5.3.1 393.10 NOTE
r-patched-solaris-x86 0.5.3.1 86.10 NOTE
r-release-linux-x86_64 0.5.3.1 17.37 20.11 37.47 NOTE
r-release-windows-ix86+x86_64 0.5.3.1 91.00 65.00 156.00 NOTE
r-release-osx-x86_64 0.5.3.1 NOTE
r-oldrel-windows-ix86+x86_64 0.5.3.1 84.00 57.00 141.00 NOTE
r-oldrel-osx-x86_64 0.5.3.1 NOTE

Check Details

Version: 0.5.3.1
Check: R code for possible problems
Result: NOTE
    gascuel: no visible global function definition for ‘optim’
    Undefined global functions or variables:
     optim
    Consider adding
     importFrom("stats", "optim")
    to your NAMESPACE file.
Flavors: r-devel-linux-x86_64-debian-clang, r-devel-linux-x86_64-debian-gcc, r-devel-linux-x86_64-fedora-clang, r-devel-linux-x86_64-fedora-gcc, r-devel-windows-ix86+x86_64, r-patched-linux-x86_64, r-patched-solaris-sparc, r-patched-solaris-x86, r-release-linux-x86_64, r-release-windows-ix86+x86_64, r-release-osx-x86_64, r-oldrel-windows-ix86+x86_64, r-oldrel-osx-x86_64

Version: 0.5.3.1
Check: compiled code
Result: NOTE
    File ‘ALKr/libs/ALKr.so’:
     Found no calls to: ‘R_registerRoutines’, ‘R_useDynamicSymbols’
    
    It is good practice to register native routines and to disable symbol
    search.
    
    See ‘Writing portable packages’ in the ‘Writing R Extensions’ manual.
Flavors: r-devel-linux-x86_64-debian-clang, r-devel-linux-x86_64-debian-gcc, r-devel-linux-x86_64-fedora-clang, r-devel-linux-x86_64-fedora-gcc, r-patched-linux-x86_64, r-release-linux-x86_64