CRAN Package Check Results for Package ALKr

Last updated on 2016-07-25 12:49:29.

Flavor Version Tinstall Tcheck Ttotal Status Flags
r-devel-linux-x86_64-debian-clang 0.5.3.1 20.83 20.81 41.63 NOTE
r-devel-linux-x86_64-debian-gcc 0.5.3.1 21.61 20.53 42.14 NOTE
r-devel-linux-x86_64-fedora-clang 0.5.3.1 75.12 NOTE
r-devel-linux-x86_64-fedora-gcc 0.5.3.1 60.38 NOTE
r-devel-osx-x86_64-clang 0.5.3.1 47.83 NOTE
r-devel-windows-ix86+x86_64 0.5.3.1 72.00 60.00 132.00 NOTE
r-patched-linux-x86_64 0.5.3.1 16.79 20.23 37.02 NOTE
r-patched-solaris-sparc 0.5.3.1 372.40 NOTE
r-patched-solaris-x86 0.5.3.1 75.50 NOTE
r-release-linux-x86_64 0.5.3.1 17.31 20.07 37.37 NOTE
r-release-osx-x86_64-mavericks 0.5.3.1 NOTE
r-release-windows-ix86+x86_64 0.5.3.1 58.00 63.00 121.00 NOTE
r-oldrel-windows-ix86+x86_64 0.5.3.1 75.00 50.00 125.00 OK

Check Details

Version: 0.5.3.1
Check: R code for possible problems
Result: NOTE
    gascuel: no visible global function definition for ‘optim’
    Undefined global functions or variables:
     optim
    Consider adding
     importFrom("stats", "optim")
    to your NAMESPACE file.
Flavors: r-devel-linux-x86_64-debian-clang, r-devel-linux-x86_64-debian-gcc, r-devel-linux-x86_64-fedora-clang, r-devel-linux-x86_64-fedora-gcc, r-devel-osx-x86_64-clang, r-devel-windows-ix86+x86_64, r-patched-linux-x86_64, r-patched-solaris-sparc, r-patched-solaris-x86, r-release-linux-x86_64, r-release-osx-x86_64-mavericks, r-release-windows-ix86+x86_64

Version: 0.5.3.1
Check: installed package size
Result: NOTE
     installed size is 5.4Mb
     sub-directories of 1Mb or more:
     libs 5.0Mb
Flavor: r-patched-solaris-sparc