CRAN Package Check Results for Package ALKr

Last updated on 2016-12-05 09:50:35.

Flavor Version Tinstall Tcheck Ttotal Status Flags
r-devel-linux-x86_64-debian-clang 0.5.3.1 17.09 23.46 40.55 NOTE
r-devel-linux-x86_64-debian-gcc 0.5.3.1 17.69 19.13 36.81 NOTE
r-devel-linux-x86_64-fedora-clang 0.5.3.1 74.48 NOTE --no-stop-on-test-error
r-devel-linux-x86_64-fedora-gcc 0.5.3.1 85.81 NOTE --no-stop-on-test-error
r-devel-macos-x86_64-clang 0.5.3.1 53.35 NOTE
r-devel-windows-ix86+x86_64 0.5.3.1 56.00 67.00 123.00 NOTE
r-patched-linux-x86_64 0.5.3.1 14.63 16.95 31.57 NOTE
r-patched-solaris-sparc 0.5.3.1 367.70 NOTE
r-patched-solaris-x86 0.5.3.1 76.40 NOTE
r-release-linux-x86_64 0.5.3.1 14.76 17.13 31.88 NOTE
r-release-osx-x86_64-mavericks 0.5.3.1 NOTE
r-release-windows-ix86+x86_64 0.5.3.1 77.00 45.00 122.00 NOTE
r-oldrel-windows-ix86+x86_64 0.5.3.1 53.00 51.00 104.00 OK

Check Details

Version: 0.5.3.1
Check: R code for possible problems
Result: NOTE
    gascuel: no visible global function definition for ‘optim’
    Undefined global functions or variables:
     optim
    Consider adding
     importFrom("stats", "optim")
    to your NAMESPACE file.
Flavors: r-devel-linux-x86_64-debian-clang, r-devel-linux-x86_64-debian-gcc, r-devel-macos-x86_64-clang, r-devel-windows-ix86+x86_64, r-patched-linux-x86_64, r-patched-solaris-sparc, r-patched-solaris-x86, r-release-linux-x86_64, r-release-osx-x86_64-mavericks, r-release-windows-ix86+x86_64

Version: 0.5.3.1
Flags: --no-stop-on-test-error
Check: R code for possible problems
Result: NOTE
    gascuel: no visible global function definition for ‘optim’
    Undefined global functions or variables:
     optim
    Consider adding
     importFrom("stats", "optim")
    to your NAMESPACE file.
Flavors: r-devel-linux-x86_64-fedora-clang, r-devel-linux-x86_64-fedora-gcc