CRAN Package Check Results for Package ALKr

Last updated on 2016-02-10 02:48:58.

Flavor Version Tinstall Tcheck Ttotal Status Flags
r-devel-linux-x86_64-debian-gcc 0.5.3.1 14.95 16.28 31.23 NOTE
r-devel-linux-x86_64-fedora-clang 0.5.3.1 64.59 NOTE
r-devel-linux-x86_64-fedora-gcc 0.5.3.1 58.56 NOTE
r-devel-osx-x86_64-clang 0.5.3.1 54.52 NOTE
r-devel-windows-ix86+x86_64 0.5.3.1 77.00 66.00 143.00 NOTE
r-patched-linux-x86_64 0.5.3.1 15.29 17.17 32.46 OK
r-patched-solaris-sparc 0.5.3.1 369.80 OK
r-patched-solaris-x86 0.5.3.1 75.90 OK
r-release-linux-x86_64 0.5.3.1 15.40 17.29 32.69 OK
r-release-osx-x86_64-mavericks 0.5.3.1 OK
r-release-windows-ix86+x86_64 0.5.3.1 71.00 43.00 114.00 OK
r-oldrel-windows-ix86+x86_64 0.5.3.1 76.00 52.00 128.00 OK

Check Details

Version: 0.5.3.1
Check: R code for possible problems
Result: NOTE
    gascuel: no visible global function definition for ‘optim’
    Undefined global functions or variables:
     optim
    Consider adding
     importFrom("stats", "optim")
    to your NAMESPACE file.
Flavors: r-devel-linux-x86_64-debian-gcc, r-devel-linux-x86_64-fedora-clang, r-devel-linux-x86_64-fedora-gcc, r-devel-osx-x86_64-clang, r-devel-windows-ix86+x86_64