CRAN Package Check Results for Package ALKr

Last updated on 2018-01-17 03:48:58 CET.

Flavor Version Tinstall Tcheck Ttotal Status Flags
r-devel-linux-x86_64-debian-clang 0.5.3.1 24.35 29.25 53.60 NOTE
r-devel-linux-x86_64-debian-gcc 0.5.3.1 22.01 23.33 45.34 NOTE
r-devel-linux-x86_64-fedora-clang 0.5.3.1 82.59 NOTE
r-devel-linux-x86_64-fedora-gcc 0.5.3.1 79.65 NOTE
r-devel-windows-ix86+x86_64 0.5.3.1 79.00 57.00 136.00 NOTE
r-patched-linux-x86_64 0.5.3.1 26.34 27.33 53.67 NOTE
r-patched-solaris-x86 0.5.3.1 98.70 NOTE
r-release-linux-x86_64 0.5.3.1 24.50 28.20 52.70 NOTE
r-release-windows-ix86+x86_64 0.5.3.1 83.00 76.00 159.00 NOTE
r-release-osx-x86_64 0.5.3.1 NOTE
r-oldrel-windows-ix86+x86_64 0.5.3.1 73.00 51.00 124.00 NOTE
r-oldrel-osx-x86_64 0.5.3.1 NOTE

Check Details

Version: 0.5.3.1
Check: R code for possible problems
Result: NOTE
    gascuel: no visible global function definition for ‘optim’
    Undefined global functions or variables:
     optim
    Consider adding
     importFrom("stats", "optim")
    to your NAMESPACE file.
Flavors: r-devel-linux-x86_64-debian-clang, r-devel-linux-x86_64-debian-gcc, r-devel-linux-x86_64-fedora-clang, r-devel-linux-x86_64-fedora-gcc, r-devel-windows-ix86+x86_64, r-patched-linux-x86_64, r-patched-solaris-x86, r-release-linux-x86_64, r-release-windows-ix86+x86_64, r-release-osx-x86_64, r-oldrel-windows-ix86+x86_64, r-oldrel-osx-x86_64

Version: 0.5.3.1
Check: compiled code
Result: NOTE
    File ‘ALKr/libs/ALKr.so’:
     Found no calls to: ‘R_registerRoutines’, ‘R_useDynamicSymbols’
    
    It is good practice to register native routines and to disable symbol
    search.
    
    See ‘Writing portable packages’ in the ‘Writing R Extensions’ manual.
Flavors: r-devel-linux-x86_64-debian-clang, r-devel-linux-x86_64-debian-gcc, r-devel-linux-x86_64-fedora-clang, r-devel-linux-x86_64-fedora-gcc, r-patched-linux-x86_64, r-release-linux-x86_64