CRAN Package Check Results for Package ALKr

Last updated on 2016-09-30 23:47:45.

Flavor Version Tinstall Tcheck Ttotal Status Flags
r-devel-linux-x86_64-debian-clang 0.5.3.1 16.96 19.11 36.06 NOTE
r-devel-linux-x86_64-debian-gcc 0.5.3.1 17.17 18.26 35.43 NOTE
r-devel-linux-x86_64-fedora-clang 0.5.3.1 78.25 NOTE
r-devel-linux-x86_64-fedora-gcc 0.5.3.1 61.16 NOTE
r-devel-macos-x86_64-clang 0.5.3.1 47.50 NOTE
r-devel-windows-ix86+x86_64 0.5.3.1 58.00 59.00 117.00 NOTE
r-patched-linux-x86_64 0.5.3.1 14.83 17.89 32.71 NOTE
r-patched-solaris-sparc 0.5.3.1 367.70 NOTE
r-patched-solaris-x86 0.5.3.1 75.70 NOTE
r-release-linux-x86_64 0.5.3.1 15.11 18.20 33.31 NOTE
r-release-osx-x86_64-mavericks 0.5.3.1 NOTE
r-release-windows-ix86+x86_64 0.5.3.1 64.00 43.00 107.00 NOTE
r-oldrel-windows-ix86+x86_64 0.5.3.1 80.00 67.00 147.00 OK

Check Details

Version: 0.5.3.1
Check: R code for possible problems
Result: NOTE
    gascuel: no visible global function definition for ‘optim’
    Undefined global functions or variables:
     optim
    Consider adding
     importFrom("stats", "optim")
    to your NAMESPACE file.
Flavors: r-devel-linux-x86_64-debian-clang, r-devel-linux-x86_64-debian-gcc, r-devel-linux-x86_64-fedora-clang, r-devel-linux-x86_64-fedora-gcc, r-devel-macos-x86_64-clang, r-devel-windows-ix86+x86_64, r-patched-linux-x86_64, r-patched-solaris-sparc, r-patched-solaris-x86, r-release-linux-x86_64, r-release-osx-x86_64-mavericks, r-release-windows-ix86+x86_64