CRAN Package Check Results for Package ALKr

Last updated on 2016-04-30 11:48:53.

Flavor Version Tinstall Tcheck Ttotal Status Flags
r-devel-linux-x86_64-debian-gcc 0.5.3.1 15.13 17.31 32.44 NOTE
r-devel-linux-x86_64-fedora-clang 0.5.3.1 65.90 NOTE
r-devel-linux-x86_64-fedora-gcc 0.5.3.1 60.38 NOTE
r-devel-osx-x86_64-clang 0.5.3.1 52.62 NOTE
r-devel-windows-ix86+x86_64 0.5.3.1 53.00 45.00 98.00 NOTE
r-patched-linux-x86_64 0.5.3.1 14.72 16.87 31.59 NOTE
r-patched-solaris-sparc 0.5.3.1 390.90 NOTE
r-patched-solaris-x86 0.5.3.1 75.90 NOTE
r-release-linux-x86_64 0.5.3.1 15.36 18.01 33.36 OK
r-release-osx-x86_64-mavericks 0.5.3.1 OK
r-release-windows-ix86+x86_64 0.5.3.1 51.00 48.00 99.00 OK
r-oldrel-windows-ix86+x86_64 0.5.3.1 72.00 50.00 122.00 OK

Check Details

Version: 0.5.3.1
Check: R code for possible problems
Result: NOTE
    gascuel: no visible global function definition for ‘optim’
    Undefined global functions or variables:
     optim
    Consider adding
     importFrom("stats", "optim")
    to your NAMESPACE file.
Flavors: r-devel-linux-x86_64-debian-gcc, r-devel-linux-x86_64-fedora-clang, r-devel-linux-x86_64-fedora-gcc, r-devel-osx-x86_64-clang, r-devel-windows-ix86+x86_64, r-patched-linux-x86_64, r-patched-solaris-sparc, r-patched-solaris-x86