CRAN Package Check Results for Package ALS

Last updated on 2014-12-25 08:49:26.

Flavor Version Tinstall Tcheck Ttotal Status Flags
r-devel-linux-x86_64-debian-clang 0.0.5 0.76 12.79 13.55 NOTE
r-devel-linux-x86_64-debian-gcc 0.0.5 0.71 12.54 13.25 NOTE
r-devel-linux-x86_64-fedora-clang 0.0.5 27.32 NOTE
r-devel-linux-x86_64-fedora-gcc 0.0.5 26.19 NOTE
r-devel-osx-x86_64-clang 0.0.5 27.66 NOTE
r-devel-windows-ix86+x86_64 0.0.5 3.00 28.00 31.00 NOTE
r-patched-linux-x86_64 0.0.5 0.78 12.28 13.06 NOTE
r-patched-solaris-sparc 0.0.5 187.30 NOTE
r-patched-solaris-x86 0.0.5 38.50 NOTE
r-release-linux-ix86 0.0.5 1.11 17.55 18.66 NOTE
r-release-linux-x86_64 0.0.5 0.76 12.39 13.15 NOTE
r-release-osx-x86_64-mavericks 0.0.5 NOTE
r-release-windows-ix86+x86_64 0.0.5 3.00 23.00 26.00 NOTE
r-oldrel-windows-ix86+x86_64 0.0.5 3.00 23.00 26.00 NOTE

Check Details

Version: 0.0.5
Check: dependencies in R code
Result: NOTE
    Packages in Depends field not imported from:
     ‘Iso’ ‘nnls’
     These packages need to be imported from (in the NAMESPACE file)
     for when this namespace is loaded but not attached.
    See the information on DESCRIPTION files in the chapter ‘Creating R
    packages’ of the ‘Writing R Extensions’ manual.
Flavors: r-devel-linux-x86_64-debian-clang, r-devel-linux-x86_64-debian-gcc, r-devel-linux-x86_64-fedora-clang, r-devel-linux-x86_64-fedora-gcc, r-devel-osx-x86_64-clang, r-devel-windows-ix86+x86_64, r-patched-linux-x86_64, r-patched-solaris-sparc, r-patched-solaris-x86, r-release-linux-ix86, r-release-linux-x86_64, r-release-osx-x86_64-mavericks, r-release-windows-ix86+x86_64, r-oldrel-windows-ix86+x86_64

Version: 0.0.5
Check: R code for possible problems
Result: NOTE
    getC: no visible global function definition for ‘nnls’
    getC: no visible global function definition for ‘ufit’
    getCList: no visible global function definition for ‘nnls’
    getCList: no visible global function definition for ‘ufit’
    getS: no visible global function definition for ‘nnls’
    getS: no visible global function definition for ‘ufit’
Flavors: r-devel-linux-x86_64-debian-clang, r-devel-linux-x86_64-debian-gcc, r-devel-linux-x86_64-fedora-clang, r-devel-linux-x86_64-fedora-gcc, r-devel-osx-x86_64-clang, r-devel-windows-ix86+x86_64, r-patched-linux-x86_64, r-patched-solaris-sparc, r-patched-solaris-x86, r-release-linux-ix86, r-release-linux-x86_64, r-release-windows-ix86+x86_64