CRAN Package Check Results for Package ALS

Last updated on 2015-07-29 08:49:52.

Flavor Version Tinstall Tcheck Ttotal Status Flags
r-devel-linux-x86_64-debian-clang 0.0.5 0.68 10.74 11.42 NOTE
r-devel-linux-x86_64-debian-gcc 0.0.5 0.68 10.52 11.20 NOTE
r-devel-linux-x86_64-fedora-clang 0.0.5 21.23 NOTE
r-devel-linux-x86_64-fedora-gcc 0.0.5 20.61 NOTE
r-devel-osx-x86_64-clang 0.0.5 22.82 NOTE
r-devel-windows-ix86+x86_64 0.0.5 3.00 20.00 23.00 NOTE
r-patched-linux-x86_64 0.0.5 0.74 11.36 12.10 NOTE
r-patched-solaris-sparc 0.0.5 134.90 NOTE
r-patched-solaris-x86 0.0.5 32.80 NOTE
r-release-linux-x86_64 0.0.5 0.65 10.90 11.56 NOTE
r-release-osx-x86_64-mavericks 0.0.5 NOTE
r-release-windows-ix86+x86_64 0.0.5 3.00 21.00 24.00 NOTE
r-oldrel-windows-ix86+x86_64 0.0.5 5.00 24.00 29.00 NOTE

Check Details

Version: 0.0.5
Check: dependencies in R code
Result: NOTE
    Packages in Depends field not imported from:
     ‘Iso’ ‘nnls’
     These packages need to be imported from (in the NAMESPACE file)
     for when this namespace is loaded but not attached.
Flavors: r-devel-linux-x86_64-debian-clang, r-devel-linux-x86_64-debian-gcc, r-devel-linux-x86_64-fedora-clang, r-devel-linux-x86_64-fedora-gcc, r-devel-osx-x86_64-clang, r-devel-windows-ix86+x86_64, r-patched-linux-x86_64, r-patched-solaris-sparc, r-patched-solaris-x86, r-release-linux-x86_64, r-release-osx-x86_64-mavericks, r-release-windows-ix86+x86_64, r-oldrel-windows-ix86+x86_64

Version: 0.0.5
Check: R code for possible problems
Result: NOTE
    barplot3: no visible global function definition for ‘par’
    barplot3: no visible global function definition for ‘heat.colors’
    barplot3: no visible global function definition for ‘plot.new’
    barplot3: no visible global function definition for ‘plot.window’
    barplot3: no visible global function definition for ‘rect’
    barplot3: no visible global function definition for ‘axTicks’
    barplot3: no visible global function definition for ‘abline’
    barplot3 : xyrect: no visible global function definition for ‘rect’
    barplot3: no visible global function definition for ‘segments’
    barplot3: no visible global function definition for ‘axis’
    barplot3: no visible global function definition for ‘xinch’
    barplot3: no visible global function definition for ‘yinch’
    barplot3: no visible global function definition for ‘legend’
    barplot3: no visible global function definition for ‘title’
    getC: no visible global function definition for ‘coef’
    getC: no visible global function definition for ‘nnls’
    getC: no visible global function definition for ‘ufit’
    getCList: no visible global function definition for ‘nnls’
    getCList: no visible global function definition for ‘coef’
    getCList: no visible global function definition for ‘ufit’
    getS: no visible global function definition for ‘nnls’
    getS: no visible global function definition for ‘coef’
    getS: no visible global function definition for ‘ufit’
    plotS: no visible global function definition for ‘pdf’
    plotS: no visible global function definition for ‘postscript’
    plotS: no visible global function definition for ‘par’
    plotS: no visible global function definition for ‘mtext’
    plotS: no visible global function definition for ‘dev.off’
    Undefined global functions or variables:
     abline axTicks axis coef dev.off heat.colors legend mtext nnls par
     pdf plot.new plot.window postscript rect segments title ufit xinch
     yinch
    Consider adding
     importFrom("grDevices", "dev.off", "heat.colors", "pdf", "postscript")
     importFrom("graphics", "abline", "axTicks", "axis", "legend", "mtext",
     "par", "plot.new", "plot.window", "rect", "segments",
     "title", "xinch", "yinch")
     importFrom("stats", "coef")
    to your NAMESPACE.
Flavors: r-devel-linux-x86_64-debian-clang, r-devel-linux-x86_64-debian-gcc, r-devel-linux-x86_64-fedora-clang, r-devel-linux-x86_64-fedora-gcc, r-devel-windows-ix86+x86_64

Version: 0.0.5
Check: R code for possible problems
Result: NOTE
    getC: no visible global function definition for ‘nnls’
    getC: no visible global function definition for ‘ufit’
    getCList: no visible global function definition for ‘nnls’
    getCList: no visible global function definition for ‘ufit’
    getS: no visible global function definition for ‘nnls’
    getS: no visible global function definition for ‘ufit’
    Undefined global functions or variables:
     nnls ufit
Flavor: r-devel-osx-x86_64-clang

Version: 0.0.5
Check: R code for possible problems
Result: NOTE
    getC: no visible global function definition for ‘nnls’
    getC: no visible global function definition for ‘ufit’
    getCList: no visible global function definition for ‘nnls’
    getCList: no visible global function definition for ‘ufit’
    getS: no visible global function definition for ‘nnls’
    getS: no visible global function definition for ‘ufit’
Flavors: r-patched-linux-x86_64, r-patched-solaris-sparc, r-patched-solaris-x86, r-release-linux-x86_64, r-release-osx-x86_64-mavericks, r-release-windows-ix86+x86_64, r-oldrel-windows-ix86+x86_64