CRAN Package Check Results for Package ALS

Last updated on 2014-04-24 07:52:23.

Flavor Version Tinstall Tcheck Ttotal Status Flags
r-devel-linux-x86_64-debian-clang 0.0.5 0.78 12.55 13.32 NOTE
r-devel-linux-x86_64-debian-gcc 0.0.5 0.81 12.70 13.51 NOTE
r-devel-linux-x86_64-fedora-clang 0.0.5 25.62 NOTE
r-devel-linux-x86_64-fedora-gcc 0.0.5 23.74 NOTE
r-devel-osx-x86_64-clang 0.0.5 28.10 NOTE
r-devel-osx-x86_64-gcc 0.0.5 NOTE
r-devel-windows-ix86+x86_64 0.0.5 3.00 21.00 24.00 NOTE
r-patched-linux-x86_64 0.0.5 0.82 12.47 13.28 NOTE
r-patched-solaris-sparc 0.0.5 140.80 NOTE
r-patched-solaris-x86 0.0.5 37.30 NOTE
r-release-linux-ix86 0.0.5 1.00 25.00 26.00 NOTE
r-release-linux-x86_64 0.0.5 0.88 12.22 13.10 NOTE
r-release-osx-x86_64-mavericks 0.0.5 WARN
r-release-windows-ix86+x86_64 0.0.5 6.00 31.00 37.00 NOTE
r-oldrel-windows-ix86+x86_64 0.0.5 3.00 23.00 26.00 NOTE

Check Details

Version: 0.0.5
Check: dependencies in R code
Result: NOTE
    Packages in Depends field not imported from:
     ‘Iso’ ‘nnls’
     These packages need to be imported from (in the NAMESPACE file)
     for when this namespace is loaded but not attached.
    See the information on DESCRIPTION files in the chapter ‘Creating R
    packages’ of the ‘Writing R Extensions’ manual.
Flavors: r-devel-linux-x86_64-debian-clang, r-devel-linux-x86_64-debian-gcc, r-devel-linux-x86_64-fedora-clang, r-devel-linux-x86_64-fedora-gcc, r-devel-osx-x86_64-clang, r-devel-osx-x86_64-gcc, r-devel-windows-ix86+x86_64, r-patched-linux-x86_64, r-patched-solaris-sparc, r-patched-solaris-x86, r-release-linux-ix86, r-release-linux-x86_64, r-release-osx-x86_64-mavericks, r-release-windows-ix86+x86_64, r-oldrel-windows-ix86+x86_64

Version: 0.0.5
Check: PDF version of manual
Result: WARNING
    LaTeX errors when creating PDF version.
    This typically indicates Rd problems.
    LaTeX errors found:
    ! LaTeX Error: File `upquote.sty' not found.
    
    Type X to quit or <RETURN> to proceed,
    or enter new name. (Default extension: sty)
    
    b6061f/Rd2.tex:8: ==> Fatal error occurred, no output PDF file produced!
Flavor: r-release-osx-x86_64-mavericks