CRAN Package Check Results for Package ALS

Last updated on 2015-03-01 12:47:29.

Flavor Version Tinstall Tcheck Ttotal Status Flags
r-devel-linux-x86_64-debian-clang 0.0.5 0.69 11.10 11.78 NOTE
r-devel-linux-x86_64-debian-gcc 0.0.5 0.64 11.33 11.97 NOTE
r-devel-linux-x86_64-fedora-clang 0.0.5 21.47 NOTE
r-devel-linux-x86_64-fedora-gcc 0.0.5 21.17 NOTE
r-devel-osx-x86_64-clang 0.0.5 25.33 NOTE
r-devel-windows-ix86+x86_64 0.0.5 2.00 19.00 21.00 NOTE
r-patched-linux-x86_64 0.0.5 0.82 13.11 13.93 NOTE
r-patched-solaris-sparc 0.0.5 187.30 NOTE
r-patched-solaris-x86 0.0.5 38.20 NOTE
r-release-linux-ix86 0.0.5 1.19 18.19 19.38 NOTE
r-release-linux-x86_64 0.0.5 1.04 12.90 13.94 NOTE
r-release-osx-x86_64-mavericks 0.0.5 NOTE
r-release-windows-ix86+x86_64 0.0.5 3.00 23.00 26.00 NOTE
r-oldrel-windows-ix86+x86_64 0.0.5 3.00 23.00 26.00 NOTE

Check Details

Version: 0.0.5
Check: dependencies in R code
Result: NOTE
    Packages in Depends field not imported from:
     ‘Iso’ ‘nnls’
     These packages need to be imported from (in the NAMESPACE file)
     for when this namespace is loaded but not attached.
Flavors: r-devel-linux-x86_64-debian-clang, r-devel-linux-x86_64-debian-gcc, r-devel-linux-x86_64-fedora-clang, r-devel-linux-x86_64-fedora-gcc, r-devel-osx-x86_64-clang, r-devel-windows-ix86+x86_64, r-patched-linux-x86_64, r-patched-solaris-x86

Version: 0.0.5
Check: R code for possible problems
Result: NOTE
    getC: no visible global function definition for ‘nnls’
    getC: no visible global function definition for ‘ufit’
    getCList: no visible global function definition for ‘nnls’
    getCList: no visible global function definition for ‘ufit’
    getS: no visible global function definition for ‘nnls’
    getS: no visible global function definition for ‘ufit’
Flavors: r-devel-linux-x86_64-debian-clang, r-devel-linux-x86_64-debian-gcc, r-devel-linux-x86_64-fedora-clang, r-devel-linux-x86_64-fedora-gcc, r-devel-osx-x86_64-clang, r-devel-windows-ix86+x86_64, r-patched-linux-x86_64, r-patched-solaris-sparc, r-patched-solaris-x86, r-release-linux-ix86, r-release-linux-x86_64, r-release-osx-x86_64-mavericks, r-release-windows-ix86+x86_64

Version: 0.0.5
Check: dependencies in R code
Result: NOTE
    Packages in Depends field not imported from:
     ‘Iso’ ‘nnls’
     These packages need to be imported from (in the NAMESPACE file)
     for when this namespace is loaded but not attached.
    See the information on DESCRIPTION files in the chapter ‘Creating R
    packages’ of the ‘Writing R Extensions’ manual.
Flavors: r-patched-solaris-sparc, r-release-linux-ix86, r-release-linux-x86_64, r-release-osx-x86_64-mavericks, r-release-windows-ix86+x86_64, r-oldrel-windows-ix86+x86_64