CRAN Package Check Results for Package ALS

Last updated on 2014-07-25 17:47:56.

Flavor Version Tinstall Tcheck Ttotal Status Flags
r-devel-linux-x86_64-debian-clang 0.0.5 0.72 11.46 12.17 NOTE
r-devel-linux-x86_64-debian-gcc 0.0.5 0.68 12.18 12.86 NOTE
r-devel-linux-x86_64-fedora-clang 0.0.5 25.57 NOTE
r-devel-linux-x86_64-fedora-gcc 0.0.5 24.50 NOTE
r-devel-osx-x86_64-clang 0.0.5 26.46 NOTE
r-devel-windows-ix86+x86_64 0.0.5 3.00 23.00 26.00 NOTE
r-patched-linux-x86_64 0.0.5 0.70 11.96 12.66 NOTE
r-patched-solaris-sparc 0.0.5 140.80 NOTE
r-patched-solaris-x86 0.0.5 36.20 NOTE
r-release-linux-ix86 0.0.5 1.36 18.01 19.38 NOTE
r-release-linux-x86_64 0.0.5 0.74 12.10 12.84 NOTE
r-release-osx-x86_64-mavericks 0.0.5 NOTE
r-release-windows-ix86+x86_64 0.0.5 4.00 23.00 27.00 NOTE
r-oldrel-windows-ix86+x86_64 0.0.5 3.00 23.00 26.00 NOTE

Check Details

Version: 0.0.5
Check: dependencies in R code
Result: NOTE
    Packages in Depends field not imported from:
     ‘Iso’ ‘nnls’
     These packages need to be imported from (in the NAMESPACE file)
     for when this namespace is loaded but not attached.
    See the information on DESCRIPTION files in the chapter ‘Creating R
    packages’ of the ‘Writing R Extensions’ manual.
Flavors: r-devel-linux-x86_64-debian-clang, r-devel-linux-x86_64-debian-gcc, r-devel-linux-x86_64-fedora-clang, r-devel-linux-x86_64-fedora-gcc, r-devel-osx-x86_64-clang, r-devel-windows-ix86+x86_64, r-patched-linux-x86_64, r-patched-solaris-sparc, r-patched-solaris-x86, r-release-linux-ix86, r-release-linux-x86_64, r-release-osx-x86_64-mavericks, r-release-windows-ix86+x86_64, r-oldrel-windows-ix86+x86_64