CRAN Package Check Results for Package ALS

Last updated on 2015-01-28 22:47:32.

Flavor Version Tinstall Tcheck Ttotal Status Flags
r-devel-linux-x86_64-debian-clang 0.0.5 0.72 11.05 11.77 NOTE
r-devel-linux-x86_64-debian-gcc 0.0.5 0.72 11.22 11.94 NOTE
r-devel-linux-x86_64-fedora-clang 0.0.5 27.77 NOTE
r-devel-linux-x86_64-fedora-gcc 0.0.5 23.91 NOTE
r-devel-osx-x86_64-clang 0.0.5 28.20 NOTE
r-devel-windows-ix86+x86_64 0.0.5 3.00 23.00 26.00 NOTE
r-patched-linux-x86_64 0.0.5 0.78 12.20 12.98 NOTE
r-patched-solaris-sparc 0.0.5 187.30 NOTE
r-patched-solaris-x86 0.0.5 37.40 NOTE
r-release-linux-ix86 0.0.5 1.11 17.75 18.86 NOTE
r-release-linux-x86_64 0.0.5 0.74 12.23 12.97 NOTE
r-release-osx-x86_64-mavericks 0.0.5 NOTE
r-release-windows-ix86+x86_64 0.0.5 3.00 23.00 26.00 NOTE
r-oldrel-windows-ix86+x86_64 0.0.5 3.00 23.00 26.00 NOTE

Check Details

Version: 0.0.5
Check: dependencies in R code
Result: NOTE
    Packages in Depends field not imported from:
     ‘Iso’ ‘nnls’
     These packages need to be imported from (in the NAMESPACE file)
     for when this namespace is loaded but not attached.
Flavors: r-devel-linux-x86_64-debian-clang, r-devel-linux-x86_64-debian-gcc, r-devel-linux-x86_64-fedora-clang, r-devel-linux-x86_64-fedora-gcc, r-devel-osx-x86_64-clang, r-devel-windows-ix86+x86_64

Version: 0.0.5
Check: R code for possible problems
Result: NOTE
    getC: no visible global function definition for ‘nnls’
    getC: no visible global function definition for ‘ufit’
    getCList: no visible global function definition for ‘nnls’
    getCList: no visible global function definition for ‘ufit’
    getS: no visible global function definition for ‘nnls’
    getS: no visible global function definition for ‘ufit’
Flavors: r-devel-linux-x86_64-debian-clang, r-devel-linux-x86_64-debian-gcc, r-devel-linux-x86_64-fedora-clang, r-devel-linux-x86_64-fedora-gcc, r-devel-osx-x86_64-clang, r-devel-windows-ix86+x86_64, r-patched-linux-x86_64, r-patched-solaris-sparc, r-patched-solaris-x86, r-release-linux-ix86, r-release-linux-x86_64, r-release-osx-x86_64-mavericks, r-release-windows-ix86+x86_64

Version: 0.0.5
Check: dependencies in R code
Result: NOTE
    Packages in Depends field not imported from:
     ‘Iso’ ‘nnls’
     These packages need to be imported from (in the NAMESPACE file)
     for when this namespace is loaded but not attached.
    See the information on DESCRIPTION files in the chapter ‘Creating R
    packages’ of the ‘Writing R Extensions’ manual.
Flavors: r-patched-linux-x86_64, r-patched-solaris-sparc, r-patched-solaris-x86, r-release-linux-ix86, r-release-linux-x86_64, r-release-osx-x86_64-mavericks, r-release-windows-ix86+x86_64, r-oldrel-windows-ix86+x86_64