CRAN Package Check Results for Package ALS

Last updated on 2015-05-23 05:47:43.

Flavor Version Tinstall Tcheck Ttotal Status Flags
r-devel-linux-x86_64-debian-clang 0.0.5 0.65 11.03 11.68 NOTE
r-devel-linux-x86_64-debian-gcc 0.0.5 0.68 10.89 11.57 NOTE
r-devel-linux-x86_64-fedora-clang 0.0.5 21.81 NOTE
r-devel-linux-x86_64-fedora-gcc 0.0.5 22.14 NOTE
r-devel-osx-x86_64-clang 0.0.5 25.38 NOTE
r-devel-windows-ix86+x86_64 0.0.5 3.00 28.00 31.00 NOTE
r-patched-linux-x86_64 0.0.5 0.66 11.10 11.76 NOTE
r-patched-solaris-sparc 0.0.5 158.40 NOTE
r-patched-solaris-x86 0.0.5 32.90 NOTE
r-release-linux-x86_64 0.0.5 0.65 10.78 11.44 NOTE
r-release-osx-x86_64-mavericks 0.0.5 NOTE
r-release-osx-x86_64-snowleopard 0.0.5 NOTE
r-release-windows-ix86+x86_64 0.0.5 2.00 18.00 20.00 NOTE
r-oldrel-windows-ix86+x86_64 0.0.5 5.00 30.00 35.00 NOTE

Check Details

Version: 0.0.5
Check: dependencies in R code
Result: NOTE
    Packages in Depends field not imported from:
     ‘Iso’ ‘nnls’
     These packages need to be imported from (in the NAMESPACE file)
     for when this namespace is loaded but not attached.
Flavors: r-devel-linux-x86_64-debian-clang, r-devel-linux-x86_64-debian-gcc, r-devel-linux-x86_64-fedora-clang, r-devel-linux-x86_64-fedora-gcc, r-devel-osx-x86_64-clang, r-devel-windows-ix86+x86_64, r-patched-linux-x86_64, r-patched-solaris-sparc, r-patched-solaris-x86, r-release-linux-x86_64, r-release-osx-x86_64-mavericks, r-release-osx-x86_64-snowleopard, r-release-windows-ix86+x86_64, r-oldrel-windows-ix86+x86_64

Version: 0.0.5
Check: R code for possible problems
Result: NOTE
    getC: no visible global function definition for ‘nnls’
    getC: no visible global function definition for ‘ufit’
    getCList: no visible global function definition for ‘nnls’
    getCList: no visible global function definition for ‘ufit’
    getS: no visible global function definition for ‘nnls’
    getS: no visible global function definition for ‘ufit’
Flavors: r-devel-linux-x86_64-debian-clang, r-devel-linux-x86_64-debian-gcc, r-devel-linux-x86_64-fedora-clang, r-devel-linux-x86_64-fedora-gcc, r-devel-osx-x86_64-clang, r-devel-windows-ix86+x86_64, r-patched-linux-x86_64, r-patched-solaris-sparc, r-patched-solaris-x86, r-release-linux-x86_64, r-release-osx-x86_64-mavericks, r-release-osx-x86_64-snowleopard, r-release-windows-ix86+x86_64, r-oldrel-windows-ix86+x86_64