CRAN Package Check Results for Package ALSM

Last updated on 2020-02-18 03:47:30 CET.

Flavor Version Tinstall Tcheck Ttotal Status Flags
r-devel-linux-x86_64-debian-clang 0.2.0 0.47 2.21 2.68 ERROR
r-devel-linux-x86_64-debian-gcc 0.2.0 6.23 39.29 45.52 OK
r-devel-linux-x86_64-fedora-clang 0.2.0 69.08 OK
r-devel-linux-x86_64-fedora-gcc 0.2.0 66.92 OK
r-devel-windows-ix86+x86_64 0.2.0 15.00 70.00 85.00 OK
r-devel-windows-ix86+x86_64-gcc8 0.2.0 27.00 91.00 118.00 OK
r-patched-linux-x86_64 0.2.0 6.36 44.18 50.54 OK
r-patched-solaris-x86 0.2.0 93.90 OK
r-release-linux-x86_64 0.2.0 6.67 44.23 50.90 OK
r-release-windows-ix86+x86_64 0.2.0 14.00 72.00 86.00 OK
r-release-osx-x86_64 0.2.0 OK
r-oldrel-windows-ix86+x86_64 0.2.0 9.00 62.00 71.00 OK
r-oldrel-osx-x86_64 0.2.0 OK

Check Details

Version: 0.2.0
Check: package dependencies
Result: ERROR
    Package required but not available: 'car'
    
    See section 'The DESCRIPTION file' in the 'Writing R Extensions'
    manual.
Flavor: r-devel-linux-x86_64-debian-clang