CRAN Package Check Results for Package ALTopt

Last updated on 2023-09-28 15:58:14 CEST.

Flavor Version Tinstall Tcheck Ttotal Status Flags
r-devel-linux-x86_64-debian-clang 0.1.2 3.65 29.95 33.60 NOTE
r-devel-linux-x86_64-debian-gcc 0.1.2 2.46 23.46 25.92 NOTE
r-devel-linux-x86_64-fedora-clang 0.1.2 42.33 NOTE
r-devel-linux-x86_64-fedora-gcc 0.1.2 40.69 NOTE
r-devel-windows-x86_64 0.1.2 4.00 49.00 53.00 NOTE
r-patched-linux-x86_64 0.1.2 2.94 29.03 31.97 NOTE
r-release-linux-x86_64 0.1.2 3.52 29.49 33.01 NOTE
r-release-macos-arm64 0.1.2 17.00 NOTE
r-release-macos-x86_64 0.1.2 25.00 NOTE
r-release-windows-x86_64 0.1.2 3.00 50.00 53.00 NOTE
r-oldrel-macos-arm64 0.1.2 17.00 NOTE
r-oldrel-macos-x86_64 0.1.2 25.00 NOTE
r-oldrel-windows-x86_64 0.1.2 5.00 50.00 55.00 NOTE

Check Details

Version: 0.1.2
Check: LazyData
Result: NOTE
     'LazyData' is specified without a 'data' directory
Flavors: r-devel-linux-x86_64-debian-clang, r-devel-linux-x86_64-debian-gcc, r-devel-linux-x86_64-fedora-clang, r-devel-linux-x86_64-fedora-gcc, r-devel-windows-x86_64, r-patched-linux-x86_64, r-release-linux-x86_64, r-release-macos-arm64, r-release-macos-x86_64, r-release-windows-x86_64, r-oldrel-macos-arm64, r-oldrel-macos-x86_64, r-oldrel-windows-x86_64