CRAN Package Check Results for Package ALTopt

Last updated on 2022-10-07 14:00:05 CEST.

Flavor Version Tinstall Tcheck Ttotal Status Flags
r-devel-linux-x86_64-debian-clang 0.1.2 3.49 31.22 34.71 NOTE
r-devel-linux-x86_64-debian-gcc 0.1.2 2.61 23.93 26.54 NOTE
r-devel-linux-x86_64-fedora-clang 0.1.2 57.65 NOTE
r-devel-linux-x86_64-fedora-gcc 0.1.2 50.93 NOTE
r-devel-windows-x86_64 0.1.2 9.00 60.00 69.00 NOTE
r-patched-linux-x86_64 0.1.2 3.14 29.40 32.54 NOTE
r-release-linux-x86_64 0.1.2 3.31 29.16 32.47 NOTE
r-release-macos-arm64 0.1.2 17.00 NOTE
r-release-macos-x86_64 0.1.2 25.00 NOTE
r-release-windows-x86_64 0.1.2 15.00 56.00 71.00 NOTE
r-oldrel-macos-arm64 0.1.2 24.00 NOTE
r-oldrel-macos-x86_64 0.1.2 32.00 NOTE
r-oldrel-windows-ix86+x86_64 0.1.2 7.00 54.00 61.00 NOTE

Check Details

Version: 0.1.2
Check: LazyData
Result: NOTE
     'LazyData' is specified without a 'data' directory
Flavors: r-devel-linux-x86_64-debian-clang, r-devel-linux-x86_64-debian-gcc, r-devel-linux-x86_64-fedora-clang, r-devel-linux-x86_64-fedora-gcc, r-devel-windows-x86_64, r-patched-linux-x86_64, r-release-linux-x86_64, r-release-macos-arm64, r-release-macos-x86_64, r-release-windows-x86_64, r-oldrel-macos-arm64, r-oldrel-macos-x86_64, r-oldrel-windows-ix86+x86_64