CRAN Package Check Results for Package AMOEBA

Last updated on 2020-12-05 21:47:45 CET.

Flavor Version Tinstall Tcheck Ttotal Status Flags
r-devel-linux-x86_64-debian-clang 1.1 15.07 134.78 149.85 NOTE
r-devel-linux-x86_64-debian-gcc 1.1 12.85 102.88 115.73 NOTE
r-devel-linux-x86_64-fedora-clang 1.1 190.82 NOTE
r-devel-linux-x86_64-fedora-gcc 1.1 182.43 NOTE
r-devel-windows-ix86+x86_64 1.1 35.00 155.00 190.00 NOTE
r-patched-linux-x86_64 1.1 14.49 125.92 140.41 NOTE
r-patched-solaris-x86 1.1 266.90 NOTE
r-release-linux-x86_64 1.1 14.58 126.66 141.24 NOTE
r-release-macos-x86_64 1.1 NOTE
r-release-windows-ix86+x86_64 1.1 26.00 155.00 181.00 NOTE
r-oldrel-macos-x86_64 1.1 NOTE
r-oldrel-windows-ix86+x86_64 1.1 31.00 127.00 158.00 NOTE

Check Details

Version: 1.1
Check: R code for possible problems
Result: NOTE
    AMOEBA : Classi: no visible global function definition for 'sd'
    Undefined global functions or variables:
     sd
    Consider adding
     importFrom("stats", "sd")
    to your NAMESPACE file.
Flavors: r-devel-linux-x86_64-debian-clang, r-devel-linux-x86_64-debian-gcc, r-devel-linux-x86_64-fedora-clang, r-devel-linux-x86_64-fedora-gcc, r-devel-windows-ix86+x86_64, r-patched-linux-x86_64, r-patched-solaris-x86, r-release-linux-x86_64, r-release-macos-x86_64, r-release-windows-ix86+x86_64, r-oldrel-macos-x86_64, r-oldrel-windows-ix86+x86_64