CRAN Package Check Results for Package AMORE

Last updated on 2016-10-01 12:47:38.

Flavor Version Tinstall Tcheck Ttotal Status Flags
r-devel-linux-x86_64-debian-clang 0.2-15 2.02 11.56 13.58 NOTE
r-devel-linux-x86_64-debian-gcc 0.2-15 1.91 11.24 13.15 NOTE
r-devel-linux-x86_64-fedora-clang 0.2-15 26.19 NOTE
r-devel-linux-x86_64-fedora-gcc 0.2-15 19.42 NOTE
r-devel-macos-x86_64-clang 0.2-15 18.57 NOTE
r-devel-windows-ix86+x86_64 0.2-15 20.00 27.00 47.00 NOTE
r-patched-linux-x86_64 0.2-15 1.76 11.04 12.80 NOTE
r-patched-solaris-sparc 0.2-15 131.20 NOTE
r-patched-solaris-x86 0.2-15 30.70 NOTE
r-release-linux-x86_64 0.2-15 1.71 10.85 12.57 NOTE
r-release-osx-x86_64-mavericks 0.2-15 NOTE
r-release-windows-ix86+x86_64 0.2-15 11.00 27.00 38.00 NOTE
r-oldrel-windows-ix86+x86_64 0.2-15 15.00 22.00 37.00 OK

Check Details

Version: 0.2-15
Check: R code for possible problems
Result: NOTE
    random.init.MLPneuron: no visible global function definition for
     ‘runif’
    Undefined global functions or variables:
     runif
    Consider adding
     importFrom("stats", "runif")
    to your NAMESPACE file.
Flavors: r-devel-linux-x86_64-debian-clang, r-devel-linux-x86_64-debian-gcc, r-devel-linux-x86_64-fedora-clang, r-devel-linux-x86_64-fedora-gcc, r-devel-macos-x86_64-clang, r-devel-windows-ix86+x86_64, r-patched-linux-x86_64, r-patched-solaris-sparc, r-patched-solaris-x86, r-release-linux-x86_64, r-release-osx-x86_64-mavericks, r-release-windows-ix86+x86_64