CRAN Package Check Results for Package AMORE

Last updated on 2015-07-29 21:46:38.

Flavor Version Tinstall Tcheck Ttotal Status Flags
r-devel-linux-x86_64-debian-clang 0.2-15 1.46 10.32 11.78 NOTE
r-devel-linux-x86_64-debian-gcc 0.2-15 1.70 9.97 11.68 NOTE
r-devel-linux-x86_64-fedora-clang 0.2-15 21.83 NOTE
r-devel-linux-x86_64-fedora-gcc 0.2-15 21.11 NOTE
r-devel-osx-x86_64-clang 0.2-15 23.14 OK
r-devel-windows-ix86+x86_64 0.2-15 23.00 22.00 45.00 NOTE
r-patched-linux-x86_64 0.2-15 1.72 10.77 12.49 OK
r-patched-solaris-sparc 0.2-15 143.50 OK
r-patched-solaris-x86 0.2-15 34.90 OK
r-release-linux-x86_64 0.2-15 2.03 10.82 12.85 OK
r-release-osx-x86_64-mavericks 0.2-15 OK
r-release-windows-ix86+x86_64 0.2-15 11.00 23.00 34.00 OK
r-oldrel-windows-ix86+x86_64 0.2-15 17.00 29.00 46.00 OK

Check Details

Version: 0.2-15
Check: R code for possible problems
Result: NOTE
    random.init.MLPneuron: no visible global function definition for
     ‘runif’
    Undefined global functions or variables:
     runif
    Consider adding
     importFrom("stats", "runif")
    to your NAMESPACE.
Flavors: r-devel-linux-x86_64-debian-clang, r-devel-linux-x86_64-debian-gcc, r-devel-linux-x86_64-fedora-clang, r-devel-linux-x86_64-fedora-gcc, r-devel-windows-ix86+x86_64