CRAN Package Check Results for Package AMORE

Last updated on 2018-05-21 10:49:43 CEST.

Flavor Version Tinstall Tcheck Ttotal Status Flags
r-devel-linux-x86_64-debian-clang 0.2-15 3.00 17.71 20.71 NOTE
r-devel-linux-x86_64-debian-gcc 0.2-15 2.71 14.46 17.17 NOTE
r-devel-linux-x86_64-fedora-clang 0.2-15 29.56 NOTE
r-devel-linux-x86_64-fedora-gcc 0.2-15 28.22 NOTE
r-devel-windows-ix86+x86_64 0.2-15 22.00 36.00 58.00 NOTE
r-patched-linux-x86_64 0.2-15 3.43 18.64 22.07 NOTE
r-patched-solaris-x86 0.2-15 41.30 NOTE
r-release-linux-x86_64 0.2-15 3.30 18.55 21.85 NOTE
r-release-windows-ix86+x86_64 0.2-15 21.00 50.00 71.00 NOTE
r-release-osx-x86_64 0.2-15 NOTE
r-oldrel-windows-ix86+x86_64 0.2-15 13.00 31.00 44.00 NOTE
r-oldrel-osx-x86_64 0.2-15 NOTE

Check Details

Version: 0.2-15
Check: R code for possible problems
Result: NOTE
    random.init.MLPneuron: no visible global function definition for
     ‘runif’
    Undefined global functions or variables:
     runif
    Consider adding
     importFrom("stats", "runif")
    to your NAMESPACE file.
Flavors: r-devel-linux-x86_64-debian-clang, r-devel-linux-x86_64-debian-gcc, r-devel-linux-x86_64-fedora-clang, r-devel-linux-x86_64-fedora-gcc, r-devel-windows-ix86+x86_64, r-patched-linux-x86_64, r-patched-solaris-x86, r-release-linux-x86_64, r-release-windows-ix86+x86_64, r-release-osx-x86_64, r-oldrel-windows-ix86+x86_64, r-oldrel-osx-x86_64

Version: 0.2-15
Check: compiled code
Result: NOTE
    File ‘AMORE/libs/AMORE.so’:
     Found no calls to: ‘R_registerRoutines’, ‘R_useDynamicSymbols’
    
    It is good practice to register native routines and to disable symbol
    search.
    
    See ‘Writing portable packages’ in the ‘Writing R Extensions’ manual.
Flavors: r-devel-linux-x86_64-debian-clang, r-devel-linux-x86_64-debian-gcc, r-devel-linux-x86_64-fedora-clang, r-devel-linux-x86_64-fedora-gcc, r-patched-linux-x86_64, r-release-linux-x86_64