CRAN Package Check Results for Package AMORE

Last updated on 2017-06-28 20:48:20.

Flavor Version Tinstall Tcheck Ttotal Status Flags
r-devel-linux-x86_64-debian-clang 0.2-15 2.08 12.70 14.77 NOTE
r-devel-linux-x86_64-debian-gcc 0.2-15 2.00 12.51 14.50 NOTE
r-devel-linux-x86_64-fedora-clang 0.2-15 25.27 NOTE
r-devel-linux-x86_64-fedora-gcc 0.2-15 23.00 NOTE
r-devel-windows-ix86+x86_64 0.2-15 23.00 48.00 71.00 NOTE
r-patched-linux-x86_64 0.2-15 1.98 12.50 14.48 NOTE
r-patched-solaris-sparc 0.2-15 148.50 NOTE
r-patched-solaris-x86 0.2-15 33.40 NOTE
r-release-linux-x86_64 0.2-15 2.42 12.45 14.87 NOTE
r-release-windows-ix86+x86_64 0.2-15 15.00 30.00 45.00 NOTE
r-release-osx-x86_64 0.2-15 NOTE
r-oldrel-windows-ix86+x86_64 0.2-15 46.00 29.00 75.00 NOTE
r-oldrel-osx-x86_64 0.2-15 NOTE

Check Details

Version: 0.2-15
Check: R code for possible problems
Result: NOTE
    random.init.MLPneuron: no visible global function definition for
     ‘runif’
    Undefined global functions or variables:
     runif
    Consider adding
     importFrom("stats", "runif")
    to your NAMESPACE file.
Flavors: r-devel-linux-x86_64-debian-clang, r-devel-linux-x86_64-debian-gcc, r-devel-linux-x86_64-fedora-clang, r-devel-linux-x86_64-fedora-gcc, r-devel-windows-ix86+x86_64, r-patched-linux-x86_64, r-patched-solaris-sparc, r-patched-solaris-x86, r-release-linux-x86_64, r-release-windows-ix86+x86_64, r-release-osx-x86_64, r-oldrel-windows-ix86+x86_64, r-oldrel-osx-x86_64

Version: 0.2-15
Check: compiled code
Result: NOTE
    File ‘AMORE/libs/AMORE.so’:
     Found no calls to: ‘R_registerRoutines’, ‘R_useDynamicSymbols’
    
    It is good practice to register native routines and to disable symbol
    search.
    
    See ‘Writing portable packages’ in the ‘Writing R Extensions’ manual.
Flavors: r-devel-linux-x86_64-debian-clang, r-devel-linux-x86_64-debian-gcc, r-devel-linux-x86_64-fedora-clang, r-devel-linux-x86_64-fedora-gcc, r-patched-linux-x86_64, r-release-linux-x86_64