CRAN Package Check Results for Package AMORE

Last updated on 2017-05-23 18:48:06.

Flavor Version Tinstall Tcheck Ttotal Status Flags
r-devel-linux-x86_64-debian-clang 0.2-15 2.14 12.74 14.88 NOTE
r-devel-linux-x86_64-debian-gcc 0.2-15 1.99 12.54 14.53 NOTE
r-devel-linux-x86_64-fedora-clang 0.2-15 24.74 NOTE --no-stop-on-test-error
r-devel-linux-x86_64-fedora-gcc 0.2-15 22.87 NOTE --no-stop-on-test-error
r-devel-windows-ix86+x86_64 0.2-15 23.00 38.00 61.00 NOTE
r-patched-linux-x86_64 0.2-15 1.79 12.53 14.32 NOTE
r-patched-solaris-sparc 0.2-15 148.50 NOTE
r-patched-solaris-x86 0.2-15 33.20 NOTE
r-release-linux-x86_64 0.2-15 3.26 12.58 15.83 NOTE
r-release-windows-ix86+x86_64 0.2-15 15.00 30.00 45.00 NOTE
r-release-osx-x86_64 0.2-15 NOTE
r-oldrel-windows-ix86+x86_64 0.2-15 46.00 29.00 75.00 NOTE
r-oldrel-osx-x86_64 0.2-15 NOTE

Check Details

Version: 0.2-15
Check: R code for possible problems
Result: NOTE
    random.init.MLPneuron: no visible global function definition for
     ‘runif’
    Undefined global functions or variables:
     runif
    Consider adding
     importFrom("stats", "runif")
    to your NAMESPACE file.
Flavors: r-devel-linux-x86_64-debian-clang, r-devel-linux-x86_64-debian-gcc, r-devel-windows-ix86+x86_64, r-patched-linux-x86_64, r-patched-solaris-sparc, r-patched-solaris-x86, r-release-linux-x86_64, r-release-windows-ix86+x86_64, r-release-osx-x86_64, r-oldrel-windows-ix86+x86_64, r-oldrel-osx-x86_64

Version: 0.2-15
Check: compiled code
Result: NOTE
    File ‘AMORE/libs/AMORE.so’:
     Found no calls to: ‘R_registerRoutines’, ‘R_useDynamicSymbols’
    
    It is good practice to register native routines and to disable symbol
    search.
    
    See ‘Writing portable packages’ in the ‘Writing R Extensions’ manual.
Flavors: r-devel-linux-x86_64-debian-clang, r-devel-linux-x86_64-debian-gcc, r-patched-linux-x86_64, r-release-linux-x86_64

Version: 0.2-15
Flags: --no-stop-on-test-error
Check: R code for possible problems
Result: NOTE
    random.init.MLPneuron: no visible global function definition for
     ‘runif’
    Undefined global functions or variables:
     runif
    Consider adding
     importFrom("stats", "runif")
    to your NAMESPACE file.
Flavors: r-devel-linux-x86_64-fedora-clang, r-devel-linux-x86_64-fedora-gcc

Version: 0.2-15
Flags: --no-stop-on-test-error
Check: compiled code
Result: NOTE
    File ‘AMORE/libs/AMORE.so’:
     Found no calls to: ‘R_registerRoutines’, ‘R_useDynamicSymbols’
    
    It is good practice to register native routines and to disable symbol
    search.
    
    See ‘Writing portable packages’ in the ‘Writing R Extensions’ manual.
Flavors: r-devel-linux-x86_64-fedora-clang, r-devel-linux-x86_64-fedora-gcc