CRAN Package Check Results for Package AMORE

Last updated on 2017-01-20 17:51:51.

Flavor Version Tinstall Tcheck Ttotal Status Flags
r-devel-linux-x86_64-debian-clang 0.2-15 1.92 12.23 14.15 NOTE
r-devel-linux-x86_64-debian-gcc 0.2-15 1.89 12.14 14.03 NOTE
r-devel-linux-x86_64-fedora-clang 0.2-15 23.68 NOTE --no-stop-on-test-error
r-devel-linux-x86_64-fedora-gcc 0.2-15 28.29 NOTE --no-stop-on-test-error
r-devel-macos-x86_64-clang 0.2-15 20.49 NOTE --no-stop-on-test-error
r-devel-windows-ix86+x86_64 0.2-15 48.00 32.00 80.00 NOTE
r-patched-linux-x86_64 0.2-15 1.70 10.42 12.12 NOTE
r-patched-solaris-sparc 0.2-15 133.90 NOTE
r-patched-solaris-x86 0.2-15 30.50 NOTE
r-release-linux-x86_64 0.2-15 1.83 10.63 12.46 NOTE
r-release-osx-x86_64-mavericks 0.2-15 NOTE
r-release-windows-ix86+x86_64 0.2-15 46.00 29.00 75.00 NOTE
r-oldrel-windows-ix86+x86_64 0.2-15 64.00 26.00 90.00 OK

Check Details

Version: 0.2-15
Check: R code for possible problems
Result: NOTE
    random.init.MLPneuron: no visible global function definition for
     ‘runif’
    Undefined global functions or variables:
     runif
    Consider adding
     importFrom("stats", "runif")
    to your NAMESPACE file.
Flavors: r-devel-linux-x86_64-debian-clang, r-devel-linux-x86_64-debian-gcc, r-devel-windows-ix86+x86_64, r-patched-linux-x86_64, r-patched-solaris-sparc, r-patched-solaris-x86, r-release-linux-x86_64, r-release-osx-x86_64-mavericks, r-release-windows-ix86+x86_64

Version: 0.2-15
Flags: --no-stop-on-test-error
Check: R code for possible problems
Result: NOTE
    random.init.MLPneuron: no visible global function definition for
     ‘runif’
    Undefined global functions or variables:
     runif
    Consider adding
     importFrom("stats", "runif")
    to your NAMESPACE file.
Flavors: r-devel-linux-x86_64-fedora-clang, r-devel-linux-x86_64-fedora-gcc, r-devel-macos-x86_64-clang