CRAN Package Check Results for Package AMORE

Last updated on 2017-02-27 23:03:13.

Flavor Version Tinstall Tcheck Ttotal Status Flags
r-devel-linux-x86_64-debian-clang 0.2-15 2.07 12.72 14.79 NOTE
r-devel-linux-x86_64-debian-gcc 0.2-15 1.95 12.58 14.53 NOTE
r-devel-linux-x86_64-fedora-clang 0.2-15 29.24 NOTE --no-stop-on-test-error
r-devel-linux-x86_64-fedora-gcc 0.2-15 28.51 NOTE --no-stop-on-test-error
r-devel-macos-x86_64-clang 0.2-15 21.38 NOTE --no-stop-on-test-error
r-devel-windows-ix86+x86_64 0.2-15 15.00 46.00 61.00 NOTE
r-patched-linux-x86_64 0.2-15 1.78 10.65 12.43 NOTE
r-patched-solaris-sparc 0.2-15 133.90 NOTE
r-patched-solaris-x86 0.2-15 30.40 NOTE
r-release-linux-x86_64 0.2-15 1.76 10.68 12.44 NOTE
r-release-osx-x86_64-mavericks 0.2-15 NOTE
r-release-windows-ix86+x86_64 0.2-15 46.00 29.00 75.00 NOTE
r-oldrel-windows-ix86+x86_64 0.2-15 64.00 26.00 90.00 OK

Check Details

Version: 0.2-15
Check: R code for possible problems
Result: NOTE
    random.init.MLPneuron: no visible global function definition for
     ‘runif’
    Undefined global functions or variables:
     runif
    Consider adding
     importFrom("stats", "runif")
    to your NAMESPACE file.
Flavors: r-devel-linux-x86_64-debian-clang, r-devel-linux-x86_64-debian-gcc, r-devel-windows-ix86+x86_64, r-patched-linux-x86_64, r-patched-solaris-sparc, r-patched-solaris-x86, r-release-linux-x86_64, r-release-osx-x86_64-mavericks, r-release-windows-ix86+x86_64

Version: 0.2-15
Check: compiled code
Result: NOTE
    File ‘AMORE/libs/AMORE.so’:
     Found no calls to: ‘R_registerRoutines’, ‘R_useDynamicSymbols’
    
    It is good practice to register native routines and to disable symbol
    search.
    
    See ‘Writing portable packages’ in the ‘Writing R Extensions’ manual.
Flavors: r-devel-linux-x86_64-debian-clang, r-devel-linux-x86_64-debian-gcc

Version: 0.2-15
Flags: --no-stop-on-test-error
Check: R code for possible problems
Result: NOTE
    random.init.MLPneuron: no visible global function definition for
     ‘runif’
    Undefined global functions or variables:
     runif
    Consider adding
     importFrom("stats", "runif")
    to your NAMESPACE file.
Flavors: r-devel-linux-x86_64-fedora-clang, r-devel-linux-x86_64-fedora-gcc, r-devel-macos-x86_64-clang

Version: 0.2-15
Flags: --no-stop-on-test-error
Check: compiled code
Result: NOTE
    File ‘AMORE/libs/AMORE.so’:
     Found no calls to: ‘R_registerRoutines’, ‘R_useDynamicSymbols’
    
    It is good practice to register native routines and to disable symbol
    search.
    
    See ‘Writing portable packages’ in the ‘Writing R Extensions’ manual.
Flavors: r-devel-linux-x86_64-fedora-clang, r-devel-linux-x86_64-fedora-gcc, r-devel-macos-x86_64-clang