CRAN Package Check Results for Package AMORE

Last updated on 2016-02-13 11:54:13.

Flavor Version Tinstall Tcheck Ttotal Status Flags
r-devel-linux-x86_64-debian-gcc 0.2-15 1.72 9.59 11.32 NOTE
r-devel-linux-x86_64-fedora-clang 0.2-15 19.63 NOTE
r-devel-linux-x86_64-fedora-gcc 0.2-15 18.70 NOTE
r-devel-osx-x86_64-clang 0.2-15 23.00 NOTE
r-devel-windows-ix86+x86_64 0.2-15 24.00 24.00 48.00 NOTE
r-patched-linux-x86_64 0.2-15 1.98 10.26 12.24 OK
r-patched-solaris-sparc 0.2-15 129.60 OK
r-patched-solaris-x86 0.2-15 30.20 OK
r-release-linux-x86_64 0.2-15 1.98 10.41 12.39 OK
r-release-osx-x86_64-mavericks 0.2-15 OK
r-release-windows-ix86+x86_64 0.2-15 15.00 22.00 37.00 OK
r-oldrel-windows-ix86+x86_64 0.2-15 17.00 29.00 46.00 OK

Check Details

Version: 0.2-15
Check: R code for possible problems
Result: NOTE
    random.init.MLPneuron: no visible global function definition for
     ‘runif’
    Undefined global functions or variables:
     runif
    Consider adding
     importFrom("stats", "runif")
    to your NAMESPACE file.
Flavors: r-devel-linux-x86_64-debian-gcc, r-devel-linux-x86_64-fedora-clang, r-devel-linux-x86_64-fedora-gcc, r-devel-osx-x86_64-clang, r-devel-windows-ix86+x86_64