CRAN Package Check Results for Package AMORE

Last updated on 2015-09-01 12:48:03.

Flavor Version Tinstall Tcheck Ttotal Status Flags
r-devel-linux-x86_64-debian-clang 0.2-15 1.46 9.99 11.46 NOTE
r-devel-linux-x86_64-debian-gcc 0.2-15 1.73 9.80 11.52 NOTE
r-devel-linux-x86_64-fedora-clang 0.2-15 21.80 NOTE
r-devel-linux-x86_64-fedora-gcc 0.2-15 20.22 NOTE
r-devel-osx-x86_64-clang 0.2-15 21.61 OK
r-devel-windows-ix86+x86_64 0.2-15 13.00 24.00 37.00 NOTE
r-patched-linux-x86_64 0.2-15 1.74 10.61 12.34 OK
r-patched-solaris-sparc 0.2-15 143.50 OK
r-patched-solaris-x86 0.2-15 36.10 OK
r-release-linux-x86_64 0.2-15 1.89 10.58 12.47 OK
r-release-osx-x86_64-mavericks 0.2-15 OK
r-release-windows-ix86+x86_64 0.2-15 13.00 32.00 45.00 OK
r-oldrel-windows-ix86+x86_64 0.2-15 17.00 29.00 46.00 OK

Check Details

Version: 0.2-15
Check: R code for possible problems
Result: NOTE
    random.init.MLPneuron: no visible global function definition for
     ‘runif’
    Undefined global functions or variables:
     runif
    Consider adding
     importFrom("stats", "runif")
    to your NAMESPACE.
Flavors: r-devel-linux-x86_64-debian-clang, r-devel-linux-x86_64-debian-gcc, r-devel-linux-x86_64-fedora-clang, r-devel-linux-x86_64-fedora-gcc, r-devel-windows-ix86+x86_64