CRAN Package Check Results for Package ANOVAShiny

Last updated on 2022-08-14 02:51:38 CEST.

Flavor Version Tinstall Tcheck Ttotal Status Flags
r-devel-linux-x86_64-debian-clang 0.1.0 2.19 20.67 22.86 NOTE
r-devel-linux-x86_64-debian-gcc 0.1.0 1.93 16.29 18.22 NOTE
r-devel-linux-x86_64-fedora-clang 0.1.0 39.52 NOTE
r-devel-linux-x86_64-fedora-gcc 0.1.0 39.10 NOTE
r-devel-windows-x86_64 0.1.0 7.00 46.00 53.00 NOTE
r-patched-linux-x86_64 0.1.0 1.96 19.89 21.85 NOTE
r-release-linux-x86_64 0.1.0 1.76 20.05 21.81 NOTE
r-release-macos-arm64 0.1.0 16.00 NOTE
r-release-macos-x86_64 0.1.0 24.00 NOTE
r-release-windows-x86_64 0.1.0 9.00 66.00 75.00 NOTE
r-oldrel-macos-arm64 0.1.0 19.00 NOTE
r-oldrel-macos-x86_64 0.1.0 25.00 NOTE
r-oldrel-windows-ix86+x86_64 0.1.0 9.00 46.00 55.00 NOTE

Check Details

Version: 0.1.0
Check: LazyData
Result: NOTE
     'LazyData' is specified without a 'data' directory
Flavors: r-devel-linux-x86_64-debian-clang, r-devel-linux-x86_64-debian-gcc, r-devel-linux-x86_64-fedora-clang, r-devel-linux-x86_64-fedora-gcc, r-devel-windows-x86_64, r-patched-linux-x86_64, r-release-linux-x86_64, r-release-macos-arm64, r-release-macos-x86_64, r-release-windows-x86_64, r-oldrel-macos-arm64, r-oldrel-macos-x86_64, r-oldrel-windows-ix86+x86_64

Version: 0.1.0
Check: dependencies in R code
Result: NOTE
    Namespaces in Imports field not imported from:
     ‘DescTools’ ‘HH’ ‘datasets’ ‘dplyr’ ‘rhandsontable’ ‘shiny’
     All declared Imports should be used.
Flavors: r-devel-linux-x86_64-fedora-clang, r-devel-linux-x86_64-fedora-gcc, r-release-macos-arm64, r-release-macos-x86_64, r-oldrel-macos-arm64, r-oldrel-macos-x86_64