CRAN Package Check Results for Package AOfamilies

Last updated on 2015-05-25 18:46:49.

Flavor Version Tinstall Tcheck Ttotal Status Flags
r-devel-linux-x86_64-debian-clang 1.01 1.12 32.25 33.36 NOTE
r-devel-linux-x86_64-debian-gcc 1.01 1.12 30.96 32.07 NOTE
r-devel-linux-x86_64-fedora-clang 1.01 65.68 NOTE
r-devel-linux-x86_64-fedora-gcc 1.01 61.70 NOTE
r-devel-osx-x86_64-clang 1.01 62.97 NOTE
r-devel-windows-ix86+x86_64 1.01 4.00 51.00 55.00 NOTE
r-patched-linux-x86_64 1.01 1.11 32.54 33.65 NOTE
r-patched-solaris-sparc 1.01 434.60 NOTE
r-patched-solaris-x86 1.01 81.10 NOTE
r-release-linux-x86_64 1.01 1.17 31.51 32.68 NOTE
r-release-osx-x86_64-mavericks 1.01 NOTE
r-release-osx-x86_64-snowleopard 1.01 ERROR
r-release-windows-ix86+x86_64 1.01 5.00 51.00 56.00 NOTE
r-oldrel-windows-ix86+x86_64 1.01 5.00 54.00 59.00 OK

Check Details

Version: 1.01
Check: DESCRIPTION meta-information
Result: NOTE
    Malformed Description field: should contain one or more complete sentences.
Flavors: r-devel-linux-x86_64-debian-clang, r-devel-linux-x86_64-debian-gcc, r-devel-linux-x86_64-fedora-clang, r-devel-linux-x86_64-fedora-gcc, r-devel-osx-x86_64-clang, r-devel-windows-ix86+x86_64, r-patched-linux-x86_64, r-patched-solaris-sparc, r-patched-solaris-x86, r-release-linux-x86_64, r-release-osx-x86_64-mavericks, r-release-windows-ix86+x86_64

Version: 1.01
Check: S3 generic/method consistency
Result: NOTE
    Found the following apparent S3 methods exported but not registered:
     AIC.ao.glm ao.glm.default ao.glm.fit ao.glm.formula ao.qr.default
     ao.qr.fit ao.qr.formula fitted.ao.glm fitted.ao.qr logLik.ao.glm
     plot.ao.glm predict.ao.glm predict.ao.qr print.ao.glm
     print.ao.glm.dose print.ao.qr print.fitted.ao.glm print.fitted.ao.qr
     print.predict.ao.glm print.predict.ao.qr print.summary.ao.glm
     print.summary.ao.qr summary.ao.glm summary.ao.qr
    See section ‘Registering S3 methods’ in the ‘Writing R Extensions’
    manual.
Flavors: r-devel-linux-x86_64-debian-clang, r-devel-linux-x86_64-debian-gcc, r-devel-linux-x86_64-fedora-clang, r-devel-linux-x86_64-fedora-gcc, r-devel-osx-x86_64-clang, r-patched-linux-x86_64, r-patched-solaris-sparc, r-patched-solaris-x86, r-release-linux-x86_64

Version: 1.01
Check: package dependencies
Result: ERROR
    Package required but not available: ‘quantreg’
    
    See section ‘The DESCRIPTION file’ in the ‘Writing R Extensions’
    manual.
Flavor: r-release-osx-x86_64-snowleopard