CRAN Package Check Results for Package AOfamilies

Last updated on 2015-02-01 11:47:06.

Flavor Version Tinstall Tcheck Ttotal Status Flags
r-devel-linux-x86_64-debian-clang 1.01 1.16 31.67 32.83 NOTE
r-devel-linux-x86_64-debian-gcc 1.01 1.13 31.32 32.46 NOTE
r-devel-linux-x86_64-fedora-clang 1.01 73.50 NOTE
r-devel-linux-x86_64-fedora-gcc 1.01 63.06 NOTE
r-devel-osx-x86_64-clang 1.01 69.04 NOTE
r-devel-windows-ix86+x86_64 1.01 6.00 47.00 53.00 OK
r-patched-linux-x86_64 1.01 1.55 36.09 37.64 OK
r-patched-solaris-sparc 1.01 483.70 OK
r-patched-solaris-x86 1.01 91.30 OK
r-release-linux-ix86 1.01 1.65 45.61 47.26 OK
r-release-linux-x86_64 1.01 1.29 37.08 38.36 OK
r-release-osx-x86_64-mavericks 1.01 OK
r-release-osx-x86_64-snowleopard 1.01 OK
r-release-windows-ix86+x86_64 1.01 5.00 54.00 59.00 OK
r-oldrel-windows-ix86+x86_64 1.01 6.00 59.00 65.00 OK

Check Details

Version: 1.01
Check: S3 generic/method consistency
Result: NOTE
    Found the following apparent S3 methods exported but not registered:
     ao.glm.default ao.glm.fit ao.glm.formula ao.qr.default ao.qr.fit
     ao.qr.formula print.ao.glm print.ao.glm.dose print.ao.qr
     print.fitted.ao.glm print.fitted.ao.qr print.predict.ao.glm
     print.predict.ao.qr print.summary.ao.glm print.summary.ao.qr
     summary.ao.glm summary.ao.qr plot.ao.glm AIC.ao.glm fitted.ao.glm
     fitted.ao.qr logLik.ao.glm predict.ao.glm predict.ao.qr
    See section ‘Registering S3 methods’ in the ‘Writing R Extensions’
    manual.
Flavors: r-devel-linux-x86_64-debian-clang, r-devel-linux-x86_64-debian-gcc, r-devel-linux-x86_64-fedora-clang, r-devel-linux-x86_64-fedora-gcc, r-devel-osx-x86_64-clang