CRAN Package Check Results for Package AOfamilies

Last updated on 2015-09-01 21:46:51.

Flavor Version Tinstall Tcheck Ttotal Status Flags
r-devel-linux-x86_64-debian-clang 1.01 3.55 51.28 54.83 NOTE
r-devel-linux-x86_64-debian-gcc 1.01 2.98 50.71 53.69 NOTE
r-devel-linux-x86_64-fedora-clang 1.01 110.97 NOTE
r-devel-linux-x86_64-fedora-gcc 1.01 104.24 NOTE
r-devel-osx-x86_64-clang 1.01 91.04 NOTE
r-devel-windows-ix86+x86_64 1.01 12.00 83.00 95.00 NOTE
r-patched-linux-x86_64 1.01 3.40 54.62 58.02 NOTE
r-patched-solaris-sparc 1.01 416.10 NOTE
r-patched-solaris-x86 1.01 84.00 NOTE
r-release-linux-x86_64 1.01 3.19 52.86 56.05 NOTE
r-release-osx-x86_64-mavericks 1.01 NOTE
r-release-windows-ix86+x86_64 1.01 12.00 86.00 98.00 NOTE
r-oldrel-windows-ix86+x86_64 1.01 16.00 102.00 118.00 OK

Check Details

Version: 1.01
Check: DESCRIPTION meta-information
Result: NOTE
    Malformed Description field: should contain one or more complete sentences.
Flavors: r-devel-linux-x86_64-debian-clang, r-devel-linux-x86_64-debian-gcc, r-devel-linux-x86_64-fedora-clang, r-devel-linux-x86_64-fedora-gcc, r-devel-osx-x86_64-clang, r-devel-windows-ix86+x86_64, r-patched-linux-x86_64, r-patched-solaris-sparc, r-patched-solaris-x86, r-release-linux-x86_64, r-release-osx-x86_64-mavericks, r-release-windows-ix86+x86_64

Version: 1.01
Check: S3 generic/method consistency
Result: NOTE
    Found the following apparent S3 methods exported but not registered:
     AIC.ao.glm ao.glm.default ao.glm.fit ao.glm.formula ao.qr.default
     ao.qr.fit ao.qr.formula fitted.ao.glm fitted.ao.qr logLik.ao.glm
     plot.ao.glm predict.ao.glm predict.ao.qr print.ao.glm
     print.ao.glm.dose print.ao.qr print.fitted.ao.glm print.fitted.ao.qr
     print.predict.ao.glm print.predict.ao.qr print.summary.ao.glm
     print.summary.ao.qr summary.ao.glm summary.ao.qr
    See section ‘Registering S3 methods’ in the ‘Writing R Extensions’
    manual.
Flavors: r-devel-linux-x86_64-debian-clang, r-devel-linux-x86_64-debian-gcc, r-devel-linux-x86_64-fedora-clang, r-devel-linux-x86_64-fedora-gcc, r-devel-osx-x86_64-clang, r-patched-linux-x86_64, r-patched-solaris-sparc, r-patched-solaris-x86, r-release-linux-x86_64

Version: 1.01
Check: R code for possible problems
Result: NOTE
    AIC.ao.glm: no visible global function definition for ‘AIC’
    ao.asym: no visible global function definition for ‘make.link’
    ao.dose.p: no visible global function definition for ‘qnorm’
    ao.glm.fit: no visible global function definition for ‘glm.fit’
    ao.glm.fit: no visible global function definition for ‘binomial’
    ao.glm.formula: no visible global function definition for
     ‘model.response’
    ao.glm.formula: no visible global function definition for
     ‘model.matrix’
    ao.glm.formula: no visible binding for global variable ‘contrasts’
    ao.glm.formula: no visible global function definition for
     ‘model.weights’
    ao.qr.fit: no visible global function definition for ‘predict’
    ao.qr.formula: no visible global function definition for
     ‘model.response’
    ao.qr.formula: no visible global function definition for ‘model.matrix’
    ao.qr.formula: no visible binding for global variable ‘contrasts’
    ao.qr.formula: no visible global function definition for
     ‘model.weights’
    ao.sym: no visible global function definition for ‘make.link’
    logLik.ao.glm: no visible global function definition for ‘logLik’
    plot.ao.glm: no visible global function definition for ‘par’
    plot.ao.glm: no visible global function definition for ‘plot’
    predict.ao.glm: no visible global function definition for ‘terms’
    predict.ao.glm: no visible global function definition for
     ‘delete.response’
    predict.ao.glm: no visible global function definition for ‘model.frame’
    predict.ao.glm: no visible global function definition for
     ‘model.matrix’
    predict.ao.qr: no visible global function definition for ‘terms’
    predict.ao.qr: no visible global function definition for
     ‘delete.response’
    predict.ao.qr: no visible global function definition for ‘model.frame’
    predict.ao.qr: no visible global function definition for ‘model.matrix’
    predict.ao.qr: no visible global function definition for ‘predict’
    print.summary.ao.glm: no visible global function definition for ‘pnorm’
    print.summary.ao.glm: no visible global function definition for
     ‘printCoefmat’
    print.summary.ao.qr: no visible global function definition for ‘plot’
    print.summary.ao.qr: no visible global function definition for ‘lines’
    print.summary.ao.qr: no visible global function definition for ‘par’
    print.summary.ao.qr: no visible global function definition for ‘legend’
    print.summary.ao.qr: no visible global function definition for
     ‘printCoefmat’
    summary.ao.glm: no visible global function definition for ‘qchisq’
    summary.ao.glm: no visible global function definition for
     ‘smooth.spline’
    summary.ao.glm: no visible global function definition for ‘plot’
    summary.ao.glm: no visible global function definition for ‘lines’
    summary.ao.glm: no visible global function definition for ‘par’
    summary.ao.glm: no visible global function definition for ‘legend’
    summary.ao.glm: no visible global function definition for ‘summary.glm’
    Undefined global functions or variables:
     AIC binomial contrasts delete.response glm.fit legend lines logLik
     make.link model.frame model.matrix model.response model.weights par
     plot pnorm predict printCoefmat qchisq qnorm smooth.spline
     summary.glm terms
    Consider adding
     importFrom("graphics", "legend", "lines", "par", "plot")
     importFrom("stats", "AIC", "binomial", "contrasts", "delete.response",
     "glm.fit", "logLik", "make.link", "model.frame",
     "model.matrix", "model.response", "model.weights", "pnorm",
     "predict", "printCoefmat", "qchisq", "qnorm",
     "smooth.spline", "summary.glm", "terms")
    to your NAMESPACE.
Flavors: r-devel-linux-x86_64-debian-clang, r-devel-linux-x86_64-debian-gcc, r-devel-linux-x86_64-fedora-clang, r-devel-linux-x86_64-fedora-gcc, r-devel-windows-ix86+x86_64