CRAN Package Check Results for Package AOfamilies

Last updated on 2014-04-24 07:52:23.

Flavor Version Tinstall Tcheck Ttotal Status Flags
r-devel-linux-x86_64-debian-clang 1.01 1.32 34.89 36.21 OK
r-devel-linux-x86_64-debian-gcc 1.01 1.22 35.57 36.79 OK
r-devel-linux-x86_64-fedora-clang 1.01 73.27 OK
r-devel-linux-x86_64-fedora-gcc 1.01 70.93 OK
r-devel-osx-x86_64-clang 1.01 64.76 OK
r-devel-osx-x86_64-gcc 1.01 ERROR
r-devel-windows-ix86+x86_64 1.01 4.00 50.00 54.00 OK
r-patched-linux-x86_64 1.01 1.20 34.64 35.85 OK
r-patched-solaris-sparc 1.01 410.50 OK
r-patched-solaris-x86 1.01 86.00 OK
r-release-linux-ix86 1.01 2.00 57.00 59.00 OK
r-release-linux-x86_64 1.01 1.21 35.61 36.82 OK
r-release-osx-x86_64-mavericks 1.01 WARN
r-release-osx-x86_64-snowleopard 1.01 OK
r-release-windows-ix86+x86_64 1.01 4.00 54.00 58.00 OK
r-oldrel-windows-ix86+x86_64 1.01 4.00 57.00 61.00 OK

Check Details

Version: 1.01
Check: package dependencies
Result: ERROR
    Package required but not available: ‘quantreg’
    
    See the information on DESCRIPTION files in the chapter ‘Creating R
    packages’ of the ‘Writing R Extensions’ manual.
Flavor: r-devel-osx-x86_64-gcc

Version: 1.01
Check: PDF version of manual
Result: WARNING
    LaTeX errors when creating PDF version.
    This typically indicates Rd problems.
    LaTeX errors found:
    ! LaTeX Error: File `upquote.sty' not found.
    
    Type X to quit or <RETURN> to proceed,
    or enter new name. (Default extension: sty)
    
    e247b44/Rd2.tex:8: ==> Fatal error occurred, no output PDF file produced!
Flavor: r-release-osx-x86_64-mavericks