CRAN Package Check Results for Package APCI

Last updated on 2021-04-19 03:49:06 CEST.

Flavor Version Tinstall Tcheck Ttotal Status Flags
r-devel-linux-x86_64-debian-clang 0.1.0 6.82 64.28 71.10 OK
r-devel-linux-x86_64-debian-gcc 0.1.0 5.10 47.80 52.90 OK
r-devel-linux-x86_64-fedora-clang 0.1.0 94.60 NOTE
r-devel-linux-x86_64-fedora-gcc 0.1.0 89.56 NOTE
r-devel-windows-ix86+x86_64 0.1.0 13.00 65.00 78.00 OK
r-devel-windows-x86_64-gcc10-UCRT 0.1.0 NOTE
r-patched-linux-x86_64 0.1.0 6.51 60.15 66.66 OK
r-patched-solaris-x86 0.1.0 120.50 NOTE
r-release-linux-x86_64 0.1.0 7.48 62.28 69.76 OK
r-release-macos-x86_64 0.1.0 NOTE
r-release-windows-ix86+x86_64 0.1.0 17.00 86.00 103.00 OK
r-oldrel-macos-x86_64 0.1.0 NOTE
r-oldrel-windows-ix86+x86_64 0.1.0 11.00 72.00 83.00 NOTE

Check Details

Version: 0.1.0
Check: dependencies in R code
Result: NOTE
    Namespaces in Imports field not imported from:
     ‘haven’ ‘tidyverse’
     All declared Imports should be used.
Flavors: r-devel-linux-x86_64-fedora-clang, r-devel-linux-x86_64-fedora-gcc, r-devel-windows-x86_64-gcc10-UCRT, r-patched-solaris-x86, r-release-macos-x86_64, r-oldrel-macos-x86_64

Version: 0.1.0
Check: R code for possible problems
Result: NOTE
    apci.plot.hexagram: no visible global function definition for ‘plot’
    Undefined global functions or variables:
     plot
    Consider adding
     importFrom("graphics", "plot")
    to your NAMESPACE file.
Flavors: r-oldrel-macos-x86_64, r-oldrel-windows-ix86+x86_64