CRAN Package Check Results for Package ARAMIS

Last updated on 2014-08-29 19:48:04.

Flavor Version Tinstall Tcheck Ttotal Status Flags
r-devel-linux-x86_64-debian-clang 1.0.1 0.97 16.65 17.62 NOTE
r-devel-linux-x86_64-debian-gcc 1.0.1 1.19 15.84 17.04 NOTE
r-devel-linux-x86_64-fedora-clang 1.0.1 50.94 NOTE
r-devel-linux-x86_64-fedora-gcc 1.0.1 47.18 NOTE
r-devel-osx-x86_64-clang 1.0.1 33.89 NOTE
r-devel-windows-ix86+x86_64 1.0.1 4.00 27.00 31.00 NOTE
r-patched-linux-x86_64 1.0.1 1.05 19.68 20.73 NOTE
r-patched-solaris-sparc 1.0.1 276.80 NOTE --no-vignettes
r-patched-solaris-x86 1.0.1 72.10 NOTE
r-release-linux-ix86 1.0.1 1.39 26.31 27.70 NOTE
r-release-linux-x86_64 1.0.1 1.09 19.06 20.14 NOTE
r-release-osx-x86_64-mavericks 1.0.1 NOTE
r-release-windows-ix86+x86_64 1.0.1 4.00 28.00 32.00 NOTE
r-oldrel-windows-ix86+x86_64 1.0.1 4.00 424.00 428.00 NOTE

Check Details

Version: 1.0.1
Check: R code for possible problems
Result: NOTE
    AMIS: no visible global function definition for ‘detectCores’
    AMIS: no visible global function definition for ‘makeCluster’
    AMIS: no visible global function definition for ‘mccollect’
    AMIS : <anonymous>: no visible global function definition for
     ‘mcparallel’
    fitMclust: no visible global function definition for ‘emControl’
    fitMclust: no visible global function definition for ‘mvn’
    fitMclust: no visible global function definition for ‘bic’
    fitMclust: no visible global function definition for ‘hc’
    fitMclust: no visible global function definition for ‘hclass’
    fitMclust: no visible global function definition for ‘unmap’
    fitMclust: no visible global function definition for ‘me’
Flavors: r-devel-linux-x86_64-debian-clang, r-devel-linux-x86_64-debian-gcc, r-devel-linux-x86_64-fedora-clang, r-devel-linux-x86_64-fedora-gcc, r-devel-osx-x86_64-clang, r-devel-windows-ix86+x86_64

Version: 1.0.1
Check: for old-style vignette sources
Result: NOTE
    Vignette sources only in ‘inst/doc’:
     ‘demoARAMIS.Rnw’
    A ‘vignettes’ directory is required as from R 3.1.0
    and these will not be indexed nor checked
Flavors: r-devel-linux-x86_64-debian-clang, r-devel-linux-x86_64-debian-gcc, r-devel-linux-x86_64-fedora-clang, r-devel-linux-x86_64-fedora-gcc, r-devel-osx-x86_64-clang, r-devel-windows-ix86+x86_64, r-patched-linux-x86_64, r-patched-solaris-x86, r-release-linux-ix86, r-release-linux-x86_64, r-release-osx-x86_64-mavericks, r-release-windows-ix86+x86_64

Version: 1.0.1
Check: Rd line widths
Result: NOTE
    Rd file 'AMIS.Rd':
     \usage lines wider than 90 characters:
     AIS(N,niter,p,target,proposal=mvtComp(df=3),initialize,mixture,verbose=FALSE,tol=0.001,seed=NULL)
     AMIS(N,niter,p,target,proposal=mvtComp(df=3),initialize=uniInit(),mixture,verbose=FALSE,parallel = c("no", "multicore", "snow"),nCores= ... [TRUNCATED]
     \examples lines wider than 100 characters:
     amis <- AMIS(N=c(10,50,100),niter=10,p=2,target=targetBanana(),initialize= amisInit(maxit=5), mixture=mclustMix(),verbose=TRUE)
    
    These lines will be truncated in the PDF manual.
Flavors: r-devel-linux-x86_64-fedora-clang, r-devel-linux-x86_64-fedora-gcc

Version: 1.0.1
Flags: --no-vignettes
Check: for old-style vignette sources
Result: NOTE
    Vignette sources only in ‘inst/doc’:
     ‘demoARAMIS.Rnw’
    A ‘vignettes’ directory is required as from R 3.1.0
    and these will not be indexed nor checked
Flavor: r-patched-solaris-sparc

Version: 1.0.1
Check: package dependencies
Result: NOTE
    Package suggested but not available for checking: ‘copula’
Flavor: r-release-osx-x86_64-mavericks

Version: 1.0.1
Check: R code for possible problems
Result: NOTE
    AMIS: no visible global function definition for 'mccollect'
    AMIS : <anonymous>: no visible global function definition for
     'mcparallel'
Flavors: r-release-windows-ix86+x86_64, r-oldrel-windows-ix86+x86_64

Version: 1.0.1
Check: for old-style vignette sources
Result: NOTE
    Vignette sources only in 'inst/doc':
     'demoARAMIS.Rnw'
    A 'vignettes' directory will be required as from R 3.1.0
Flavor: r-oldrel-windows-ix86+x86_64