CRAN Package Check Results for Package ARAMIS

Last updated on 2014-04-23 20:47:07.

Flavor Version Tinstall Tcheck Ttotal Status Flags
r-devel-linux-x86_64-debian-clang 1.0.1 1.06 19.66 20.72 NOTE
r-devel-linux-x86_64-debian-gcc 1.0.1 1.14 19.81 20.96 NOTE
r-devel-linux-x86_64-fedora-clang 1.0.1 56.74 NOTE
r-devel-linux-x86_64-fedora-gcc 1.0.1 54.38 NOTE
r-devel-osx-x86_64-clang 1.0.1 39.67 NOTE
r-devel-osx-x86_64-gcc 1.0.1 NOTE
r-devel-windows-ix86+x86_64 1.0.1 5.00 35.00 40.00 NOTE
r-patched-linux-x86_64 1.0.1 1.07 19.52 20.59 NOTE
r-patched-solaris-sparc 1.0.1 231.90 NOTE --no-vignettes
r-patched-solaris-x86 1.0.1 57.90 NOTE
r-release-linux-ix86 1.0.1 2.00 36.00 38.00 NOTE
r-release-linux-x86_64 1.0.1 1.09 19.92 21.01 NOTE
r-release-osx-x86_64-mavericks 1.0.1 WARN
r-release-windows-ix86+x86_64 1.0.1 4.00 30.00 34.00 NOTE
r-oldrel-windows-ix86+x86_64 1.0.1 4.00 420.00 424.00 NOTE

Check Details

Version: 1.0.1
Check: for old-style vignette sources
Result: NOTE
    Vignette sources only in ‘inst/doc’:
     ‘demoARAMIS.Rnw’
    A ‘vignettes’ directory is required as from R 3.1.0
    and these will not be indexed nor checked
Flavors: r-devel-linux-x86_64-debian-clang, r-devel-linux-x86_64-debian-gcc, r-devel-linux-x86_64-fedora-clang, r-devel-linux-x86_64-fedora-gcc, r-devel-osx-x86_64-clang, r-devel-osx-x86_64-gcc, r-devel-windows-ix86+x86_64, r-patched-linux-x86_64, r-patched-solaris-x86, r-release-linux-ix86, r-release-linux-x86_64, r-release-osx-x86_64-mavericks, r-release-windows-ix86+x86_64

Version: 1.0.1
Check: Rd line widths
Result: NOTE
    Rd file 'AMIS.Rd':
     \usage lines wider than 90 characters:
     AIS(N,niter,p,target,proposal=mvtComp(df=3),initialize,mixture,verbose=FALSE,tol=0.001,seed=NULL)
     AMIS(N,niter,p,target,proposal=mvtComp(df=3),initialize=uniInit(),mixture,verbose=FALSE,parallel = c("no", "multicore", "snow"),nCores= ... [TRUNCATED]
     \examples lines wider than 100 characters:
     amis <- AMIS(N=c(10,50,100),niter=10,p=2,target=targetBanana(),initialize= amisInit(maxit=5), mixture=mclustMix(),verbose=TRUE)
    
    These lines will be truncated in the PDF manual.
Flavors: r-devel-linux-x86_64-fedora-clang, r-devel-linux-x86_64-fedora-gcc

Version: 1.0.1
Check: package dependencies
Result: NOTE
    Package suggested but not available for checking: ‘copula’
Flavors: r-devel-osx-x86_64-gcc, r-release-osx-x86_64-mavericks

Version: 1.0.1
Check: R code for possible problems
Result: NOTE
    AMIS: no visible global function definition for 'mccollect'
    AMIS : <anonymous>: no visible global function definition for
     'mcparallel'
Flavors: r-devel-windows-ix86+x86_64, r-release-windows-ix86+x86_64, r-oldrel-windows-ix86+x86_64

Version: 1.0.1
Flags: --no-vignettes
Check: for old-style vignette sources
Result: NOTE
    Vignette sources only in ‘inst/doc’:
     ‘demoARAMIS.Rnw’
    A ‘vignettes’ directory is required as from R 3.1.0
    and these will not be indexed nor checked
Flavor: r-patched-solaris-sparc

Version: 1.0.1
Check: PDF version of manual
Result: WARNING
    LaTeX errors when creating PDF version.
    This typically indicates Rd problems.
    LaTeX errors found:
    ! LaTeX Error: File `upquote.sty' not found.
    
    Type X to quit or <RETURN> to proceed,
    or enter new name. (Default extension: sty)
    
    7c97ef/Rd2.tex:8: ==> Fatal error occurred, no output PDF file produced!
Flavor: r-release-osx-x86_64-mavericks

Version: 1.0.1
Check: for old-style vignette sources
Result: NOTE
    Vignette sources only in 'inst/doc':
     'demoARAMIS.Rnw'
    A 'vignettes' directory will be required as from R 3.1.0
Flavor: r-oldrel-windows-ix86+x86_64