CRAN Package Check Results for Package ARTIVA

Last updated on 2014-04-23 12:48:14.

Flavor Version Tinstall Tcheck Ttotal Status Flags
r-devel-linux-x86_64-debian-clang 1.2.2 1.65 24.07 25.72 NOTE
r-devel-linux-x86_64-debian-gcc 1.2.2 1.50 24.57 26.08 NOTE
r-devel-linux-x86_64-fedora-clang 1.2.2 49.08 NOTE
r-devel-linux-x86_64-fedora-gcc 1.2.2 44.93 NOTE
r-devel-osx-x86_64-clang 1.2.2 47.89 NOTE
r-devel-osx-x86_64-gcc 1.2.2 ERROR
r-devel-windows-ix86+x86_64 1.2.2 6.00 34.00 40.00 NOTE
r-patched-linux-x86_64 1.2.2 1.50 23.16 24.66 NOTE
r-patched-solaris-sparc 1.2.2 266.40 NOTE
r-patched-solaris-x86 1.2.2 64.20 NOTE
r-release-linux-ix86 1.2.2 3.00 43.00 46.00 NOTE
r-release-linux-x86_64 1.2.2 1.57 23.56 25.13 NOTE
r-release-osx-x86_64-mavericks 1.2.2 WARN
r-release-osx-x86_64-snowleopard 1.2.2 OK
r-release-windows-ix86+x86_64 1.2.2 5.00 37.00 42.00 NOTE
r-oldrel-windows-ix86+x86_64 1.2.2 6.00 46.00 52.00 NOTE

Check Details

Version: 1.2.2
Check: dependencies in R code
Result: NOTE
    Packages in Depends field not imported from:
     ‘MASS’ ‘gplots’ ‘igraph’
     These packages need to be imported from (in the NAMESPACE file)
     for when this namespace is loaded but not attached.
    See the information on DESCRIPTION files in the chapter ‘Creating R
    packages’ of the ‘Writing R Extensions’ manual.
Flavors: r-devel-linux-x86_64-debian-clang, r-devel-linux-x86_64-debian-gcc, r-devel-linux-x86_64-fedora-clang, r-devel-linux-x86_64-fedora-gcc, r-devel-osx-x86_64-clang, r-devel-windows-ix86+x86_64, r-patched-linux-x86_64, r-patched-solaris-sparc, r-patched-solaris-x86, r-release-linux-ix86, r-release-linux-x86_64, r-release-osx-x86_64-mavericks, r-release-windows-ix86+x86_64, r-oldrel-windows-ix86+x86_64

Version: 1.2.2
Check: R code for possible problems
Result: NOTE
    Found the following calls to data() loading into the global environment:
    File ‘ARTIVA/R/choosePriors.R’:
     data(priors)
    See section ‘Good practice’ in ‘?data’.
Flavors: r-devel-linux-x86_64-debian-clang, r-devel-linux-x86_64-debian-gcc, r-devel-linux-x86_64-fedora-clang, r-devel-osx-x86_64-clang, r-patched-linux-x86_64, r-release-linux-ix86, r-release-linux-x86_64

Version: 1.2.2
Check: package dependencies
Result: ERROR
    Package required but not available: ‘igraph’
    
    See the information on DESCRIPTION files in the chapter ‘Creating R
    packages’ of the ‘Writing R Extensions’ manual.
Flavor: r-devel-osx-x86_64-gcc

Version: 1.2.2
Check: PDF version of manual
Result: WARNING
    LaTeX errors when creating PDF version.
    This typically indicates Rd problems.
    LaTeX errors found:
    ! LaTeX Error: File `upquote.sty' not found.
    
    Type X to quit or <RETURN> to proceed,
    or enter new name. (Default extension: sty)
    
    d71eafb/Rd2.tex:8: ==> Fatal error occurred, no output PDF file produced!
Flavor: r-release-osx-x86_64-mavericks