CRAN Package Check Results for Package ARTIVA

Last updated on 2014-08-02 01:49:57.

Flavor Version Tinstall Tcheck Ttotal Status Flags
r-devel-linux-x86_64-debian-clang 1.2.2 1.45 22.14 23.59 NOTE
r-devel-linux-x86_64-debian-gcc 1.2.2 1.60 22.16 23.77 NOTE
r-devel-linux-x86_64-fedora-clang 1.2.2 48.33 NOTE
r-devel-linux-x86_64-fedora-gcc 1.2.2 45.56 NOTE
r-devel-osx-x86_64-clang 1.2.2 44.63 NOTE
r-devel-windows-ix86+x86_64 1.2.2 5.00 36.00 41.00 NOTE
r-patched-linux-x86_64 1.2.2 1.47 23.12 24.59 NOTE
r-patched-solaris-sparc 1.2.2 321.70 NOTE
r-patched-solaris-x86 1.2.2 63.20 NOTE
r-release-linux-ix86 1.2.2 2.04 30.47 32.50 NOTE
r-release-linux-x86_64 1.2.2 1.57 23.28 24.84 NOTE
r-release-osx-x86_64-mavericks 1.2.2 NOTE
r-release-osx-x86_64-snowleopard 1.2.2 OK
r-release-windows-ix86+x86_64 1.2.2 10.00 51.00 61.00 NOTE
r-oldrel-windows-ix86+x86_64 1.2.2 11.00 53.00 64.00 NOTE

Check Details

Version: 1.2.2
Check: dependencies in R code
Result: NOTE
    Packages in Depends field not imported from:
     MASS gplots igraph
     These packages need to be imported from (in the NAMESPACE file)
     for when this namespace is loaded but not attached.
    See the information on DESCRIPTION files in the chapter Creating R
    packages of the Writing R Extensions manual.
Flavors: r-devel-linux-x86_64-debian-clang, r-devel-linux-x86_64-debian-gcc, r-devel-linux-x86_64-fedora-clang, r-devel-linux-x86_64-fedora-gcc, r-devel-osx-x86_64-clang, r-devel-windows-ix86+x86_64, r-patched-linux-x86_64, r-patched-solaris-sparc, r-patched-solaris-x86, r-release-linux-ix86, r-release-linux-x86_64, r-release-osx-x86_64-mavericks, r-release-windows-ix86+x86_64, r-oldrel-windows-ix86+x86_64

Version: 1.2.2
Check: R code for possible problems
Result: NOTE
    Found the following calls to data() loading into the global environment:
    File ARTIVA/R/choosePriors.R :
     data(priors)
    See section Good practice in ?data .
Flavors: r-devel-linux-x86_64-debian-clang, r-devel-linux-x86_64-debian-gcc, r-devel-linux-x86_64-fedora-clang, r-devel-osx-x86_64-clang, r-patched-linux-x86_64, r-release-linux-ix86, r-release-linux-x86_64