CRAN Package Check Results for Package ARTIVA

Last updated on 2014-07-24 17:48:57.

Flavor Version Tinstall Tcheck Ttotal Status Flags
r-devel-linux-x86_64-debian-clang 1.2.2 1.45 23.21 24.66 NOTE
r-devel-linux-x86_64-debian-gcc 1.2.2 1.75 21.92 23.67 NOTE
r-devel-linux-x86_64-fedora-clang 1.2.2 50.29 NOTE
r-devel-linux-x86_64-fedora-gcc 1.2.2 45.68 NOTE
r-devel-osx-x86_64-clang 1.2.2 44.44 NOTE
r-devel-windows-ix86+x86_64 1.2.2 5.00 37.00 42.00 NOTE
r-patched-linux-x86_64 1.2.2 1.70 22.30 24.00 NOTE
r-patched-solaris-sparc 1.2.2 266.40 NOTE
r-patched-solaris-x86 1.2.2 62.90 NOTE
r-release-linux-ix86 1.2.2 2.04 30.83 32.87 NOTE
r-release-linux-x86_64 1.2.2 1.65 22.78 24.42 NOTE
r-release-osx-x86_64-mavericks 1.2.2 NOTE
r-release-osx-x86_64-snowleopard 1.2.2 OK
r-release-windows-ix86+x86_64 1.2.2 5.00 39.00 44.00 NOTE
r-oldrel-windows-ix86+x86_64 1.2.2 6.00 36.00 42.00 NOTE

Check Details

Version: 1.2.2
Check: dependencies in R code
Result: NOTE
    Packages in Depends field not imported from:
     ‘MASS’ ‘gplots’ ‘igraph’
     These packages need to be imported from (in the NAMESPACE file)
     for when this namespace is loaded but not attached.
    See the information on DESCRIPTION files in the chapter ‘Creating R
    packages’ of the ‘Writing R Extensions’ manual.
Flavors: r-devel-linux-x86_64-debian-clang, r-devel-linux-x86_64-debian-gcc, r-devel-linux-x86_64-fedora-clang, r-devel-linux-x86_64-fedora-gcc, r-devel-osx-x86_64-clang, r-devel-windows-ix86+x86_64, r-patched-linux-x86_64, r-patched-solaris-sparc, r-patched-solaris-x86, r-release-linux-ix86, r-release-linux-x86_64, r-release-osx-x86_64-mavericks, r-release-windows-ix86+x86_64, r-oldrel-windows-ix86+x86_64

Version: 1.2.2
Check: R code for possible problems
Result: NOTE
    Found the following calls to data() loading into the global environment:
    File ‘ARTIVA/R/choosePriors.R’:
     data(priors)
    See section ‘Good practice’ in ‘?data’.
Flavors: r-devel-linux-x86_64-debian-clang, r-devel-linux-x86_64-debian-gcc, r-devel-linux-x86_64-fedora-clang, r-devel-osx-x86_64-clang, r-patched-linux-x86_64, r-release-linux-ix86, r-release-linux-x86_64