CRAN Package Check Results for Package ARTP2

Last updated on 2019-04-24 05:48:02 CEST.

Flavor Version Tinstall Tcheck Ttotal Status Flags
r-devel-linux-x86_64-debian-clang 0.9.45 22.92 63.72 86.64 OK
r-devel-linux-x86_64-debian-gcc 0.9.45 17.97 49.70 67.67 OK
r-devel-linux-x86_64-fedora-clang 0.9.45 115.67 NOTE
r-devel-linux-x86_64-fedora-gcc 0.9.45 104.05 OK
r-devel-windows-ix86+x86_64 0.9.45 60.00 120.00 180.00 NOTE
r-patched-linux-x86_64 0.9.45 19.85 62.58 82.43 OK
r-patched-solaris-x86 0.9.45 150.50 NOTE
r-release-linux-x86_64 0.9.45 18.75 53.51 72.26 OK
r-release-windows-ix86+x86_64 0.9.45 39.00 114.00 153.00 NOTE
r-release-osx-x86_64 0.9.45 NOTE
r-oldrel-windows-ix86+x86_64 0.9.45 47.00 117.00 164.00 NOTE
r-oldrel-osx-x86_64 0.9.45 NOTE

Check Details

Version: 0.9.45
Check: installed package size
Result: NOTE
     installed size is 6.2Mb
     sub-directories of 1Mb or more:
     extdata 3.7Mb
     libs 1.3Mb
Flavors: r-devel-linux-x86_64-fedora-clang, r-devel-windows-ix86+x86_64, r-patched-solaris-x86, r-release-windows-ix86+x86_64, r-release-osx-x86_64, r-oldrel-windows-ix86+x86_64, r-oldrel-osx-x86_64