CRAN Package Check Results for Package ARTool

Last updated on 2018-04-26 05:49:38 CEST.

Flavor Version Tinstall Tcheck Ttotal Status Flags
r-devel-linux-x86_64-debian-clang 0.10.4 5.16 82.88 88.04 OK
r-devel-linux-x86_64-debian-gcc 0.10.4 4.70 74.11 78.81 OK
r-devel-linux-x86_64-fedora-clang 0.10.4 123.52 OK
r-devel-linux-x86_64-fedora-gcc 0.10.4 117.80 OK
r-devel-windows-ix86+x86_64 0.10.4 16.00 140.00 156.00 OK
r-patched-linux-x86_64 0.10.4 6.88 91.91 98.79 OK
r-patched-solaris-x86 0.10.4 173.70 OK
r-release-linux-x86_64 0.10.4 6.38 92.01 98.39 OK
r-release-windows-ix86+x86_64 0.10.4 16.00 140.00 156.00 OK
r-release-osx-x86_64 0.10.4 OK
r-oldrel-windows-ix86+x86_64 0.10.4 12.00 113.00 125.00 OK
r-oldrel-osx-x86_64 0.10.4 WARN

Check Details

Version: 0.10.4
Check: package dependencies
Result: NOTE
    Package suggested but not available for checking: ‘Cairo’
Flavor: r-oldrel-osx-x86_64

Version: 0.10.4
Check: re-building of vignette outputs
Result: WARN
    Error in re-building vignettes:
     ...
     Pandoc (>= 1.12.3) and/or pandoc-citeproc not available. Falling back to R Markdown v1.
    
    Attaching package: 'dplyr'
    
    The following objects are masked from 'package:stats':
    
     filter, lag
    
    The following objects are masked from 'package:base':
    
     intersect, setdiff, setequal, union
    
    Loading required package: estimability
    Loading required package: car
    
    Attaching package: 'car'
    
    The following object is masked from 'package:dplyr':
    
     recode
    
    Quitting from lines 95-107 (art-contrasts.Rmd)
    Error: processing vignette 'art-contrasts.Rmd' failed with diagnostics:
    there is no package called 'Cairo'
    Execution halted
Flavor: r-oldrel-osx-x86_64