CRAN Package Check Results for Package ARTool

Last updated on 2017-10-24 01:46:06.

Flavor Version Tinstall Tcheck Ttotal Status Flags
r-devel-linux-x86_64-debian-clang 0.10.4 4.24 70.95 75.20 OK
r-devel-linux-x86_64-debian-gcc 0.10.4 4.39 74.06 78.45 OK
r-devel-linux-x86_64-fedora-clang 0.10.4 159.30 OK
r-devel-linux-x86_64-fedora-gcc 0.10.4 160.63 OK
r-devel-windows-ix86+x86_64 0.10.4 11.00 117.00 128.00 OK
r-patched-linux-x86_64 0.10.4 3.77 71.29 75.07 OK
r-patched-solaris-x86 0.10.4 200.70 OK
r-release-linux-x86_64 0.10.4 4.03 69.57 73.60 OK
r-release-windows-ix86+x86_64 0.10.4 17.00 170.00 187.00 OK
r-release-osx-x86_64 0.10.4 WARN
r-oldrel-windows-ix86+x86_64 0.10.4 10.00 104.00 114.00 OK
r-oldrel-osx-x86_64 0.10.4 OK

Check Details

Version: 0.10.4
Check: package dependencies
Result: NOTE
    Package suggested but not available for checking: ‘Cairo’
Flavor: r-release-osx-x86_64

Version: 0.10.4
Check: re-building of vignette outputs
Result: WARN
    Error in re-building vignettes:
     ...
     Pandoc (>= 1.12.3) and/or pandoc-citeproc not available. Falling back to R Markdown v1.
    
    Attaching package: 'dplyr'
    
    The following objects are masked from 'package:stats':
    
     filter, lag
    
    The following objects are masked from 'package:base':
    
     intersect, setdiff, setequal, union
    
    Loading required package: estimability
    Loading required package: car
    
    Attaching package: 'car'
    
    The following object is masked from 'package:dplyr':
    
     recode
    
    Quitting from lines 95-107 (art-contrasts.Rmd)
    Error: processing vignette 'art-contrasts.Rmd' failed with diagnostics:
    there is no package called 'Cairo'
    Execution halted
Flavor: r-release-osx-x86_64