CRAN Package Check Results for Package ARTool

Last updated on 2018-01-19 05:49:41 CET.

Flavor Version Tinstall Tcheck Ttotal Status Flags
r-devel-linux-x86_64-debian-clang 0.10.4 4.40 101.24 105.64 OK
r-devel-linux-x86_64-debian-gcc 0.10.4 4.33 85.81 90.14 OK
r-devel-linux-x86_64-fedora-clang 0.10.4 141.53 OK
r-devel-linux-x86_64-fedora-gcc 0.10.4 157.73 OK
r-devel-windows-ix86+x86_64 0.10.4 10.00 111.00 121.00 OK
r-patched-linux-x86_64 0.10.4 5.54 116.00 121.54 OK
r-patched-solaris-x86 0.10.4 218.00 OK
r-release-linux-x86_64 0.10.4 5.78 115.32 121.10 OK
r-release-windows-ix86+x86_64 0.10.4 12.00 111.00 123.00 OK
r-release-osx-x86_64 0.10.4 WARN
r-oldrel-windows-ix86+x86_64 0.10.4 11.00 99.00 110.00 OK
r-oldrel-osx-x86_64 0.10.4 OK

Check Details

Version: 0.10.4
Check: package dependencies
Result: NOTE
    Package suggested but not available for checking: ‘Cairo’
Flavor: r-release-osx-x86_64

Version: 0.10.4
Check: re-building of vignette outputs
Result: WARN
    Error in re-building vignettes:
     ...
     Pandoc (>= 1.12.3) and/or pandoc-citeproc not available. Falling back to R Markdown v1.
    
    Attaching package: 'dplyr'
    
    The following objects are masked from 'package:stats':
    
     filter, lag
    
    The following objects are masked from 'package:base':
    
     intersect, setdiff, setequal, union
    
    Loading required package: estimability
    Loading required package: car
    
    Attaching package: 'car'
    
    The following object is masked from 'package:dplyr':
    
     recode
    
    Quitting from lines 95-107 (art-contrasts.Rmd)
    Error: processing vignette 'art-contrasts.Rmd' failed with diagnostics:
    there is no package called 'Cairo'
    Execution halted
Flavor: r-release-osx-x86_64