CRAN Package Check Results for Package ASICS

Last updated on 2017-11-23 05:48:42 CET.

Flavor Version Tinstall Tcheck Ttotal Status Flags
r-devel-linux-x86_64-debian-clang 1.0.0 2.18 225.77 227.95 OK
r-devel-linux-x86_64-debian-gcc 1.0.0 2.21 232.08 234.29 OK
r-devel-linux-x86_64-fedora-clang 1.0.0 255.28 OK
r-devel-linux-x86_64-fedora-gcc 1.0.0 272.82 OK
r-devel-windows-ix86+x86_64 1.0.0 6.00 222.00 228.00 OK
r-patched-linux-x86_64 1.0.0 1.96 128.27 130.23 OK
r-patched-solaris-x86 1.0.0 363.80 OK
r-release-linux-x86_64 1.0.0 1.94 134.30 136.24 OK
r-release-windows-ix86+x86_64 1.0.0 7.00 225.00 232.00 OK
r-release-osx-x86_64 1.0.0 WARN
r-oldrel-windows-ix86+x86_64 1.0.0 6.00 219.00 225.00 OK
r-oldrel-osx-x86_64 1.0.0 WARN

Check Details

Version: 1.0.0
Check: package dependencies
Result: NOTE
    Package suggested but not available for checking: ‘BiocStyle’
Flavor: r-release-osx-x86_64

Version: 1.0.0
Check: for executable files
Result: WARN
    Found the following executable file:
     inst/extdata/example_spectra/AG_faq_Beck01/2/pdata/1/1i
    Source packages should not contain undeclared executable files.
    See section ‘Package structure’ in the ‘Writing R Extensions’ manual.
Flavors: r-release-osx-x86_64, r-oldrel-osx-x86_64