Last updated on 2023-05-28 20:57:40 CEST.
Flavor | Version | Tinstall | Tcheck | Ttotal | Status | Flags |
---|---|---|---|---|---|---|
r-devel-linux-x86_64-debian-clang | 1.1.3 | 57.40 | 244.33 | 301.73 | OK | |
r-devel-linux-x86_64-debian-gcc | 1.1.3 | 48.99 | 188.67 | 237.66 | OK | |
r-devel-linux-x86_64-fedora-clang | 1.1.3 | 433.85 | OK | |||
r-devel-linux-x86_64-fedora-gcc | 1.1.3 | 433.04 | OK | |||
r-devel-windows-x86_64 | 1.1.3 | 52.00 | 182.00 | 234.00 | OK | |
r-patched-linux-x86_64 | 1.1.3 | 61.55 | 234.81 | 296.36 | OK | |
r-release-linux-x86_64 | 1.1.3 | 54.01 | 234.47 | 288.48 | OK | |
r-release-macos-arm64 | 1.1.3 | 118.00 | NOTE | |||
r-release-macos-x86_64 | 1.1.3 | 209.00 | NOTE | |||
r-release-windows-x86_64 | 1.1.3 | 61.00 | 244.00 | 305.00 | OK | |
r-oldrel-macos-arm64 | 1.1.3 | 110.00 | NOTE | |||
r-oldrel-macos-x86_64 | 1.1.3 | 153.00 | OK | |||
r-oldrel-windows-x86_64 | 1.1.3 | 61.00 | 266.00 | 327.00 | OK |
Version: 1.1.3
Check: installed package size
Result: NOTE
installed size is 5.4Mb
sub-directories of 1Mb or more:
data 5.1Mb
Flavors: r-release-macos-arm64, r-release-macos-x86_64, r-oldrel-macos-arm64