CRAN Package Check Results for Package ASSOCShiny

Last updated on 2020-02-20 15:48:19 CET.

Flavor Version Tinstall Tcheck Ttotal Status Flags
r-devel-linux-x86_64-debian-clang 0.1.0 2.19 17.48 19.67 OK
r-devel-linux-x86_64-debian-gcc 0.1.0 1.72 13.85 15.57 OK
r-devel-linux-x86_64-fedora-clang 0.1.0 24.48 NOTE
r-devel-linux-x86_64-fedora-gcc 0.1.0 23.35 NOTE
r-devel-windows-ix86+x86_64 0.1.0 8.00 32.00 40.00 OK
r-devel-windows-ix86+x86_64-gcc8 0.1.0 14.00 42.00 56.00 OK
r-patched-linux-x86_64 0.1.0 1.60 16.18 17.78 OK
r-patched-solaris-x86 0.1.0 37.80 NOTE
r-release-linux-x86_64 0.1.0 1.56 15.95 17.51 OK
r-release-windows-ix86+x86_64 0.1.0 8.00 43.00 51.00 OK
r-release-osx-x86_64 0.1.0 NOTE
r-oldrel-windows-ix86+x86_64 0.1.0 4.00 48.00 52.00 OK
r-oldrel-osx-x86_64 0.1.0 NOTE

Check Details

Version: 0.1.0
Check: dependencies in R code
Result: NOTE
    Namespaces in Imports field not imported from:
     ‘arules’ ‘arulesViz’ ‘dplyr’ ‘methods’ ‘plotly’ ‘shiny’ ‘shinyMatrix’
     All declared Imports should be used.
Flavors: r-devel-linux-x86_64-fedora-clang, r-devel-linux-x86_64-fedora-gcc, r-patched-solaris-x86, r-release-osx-x86_64, r-oldrel-osx-x86_64