CRAN Package Check Results for Package ASV

Last updated on 2022-12-03 23:01:22 CET.

Flavor Version Tinstall Tcheck Ttotal Status Flags
r-devel-linux-x86_64-debian-clang 1.1.1 55.87 53.00 108.87 OK
r-devel-linux-x86_64-debian-gcc 1.1.1 45.78 38.07 83.85 OK
r-devel-linux-x86_64-fedora-clang 1.1.1 160.72 OK
r-devel-linux-x86_64-fedora-gcc 1.1.1 154.86 OK
r-devel-windows-x86_64 1.1.1 47.00 114.00 161.00 OK
r-patched-linux-x86_64 1.1.1 43.58 50.07 93.65 OK
r-release-linux-x86_64 1.1.1 47.34 50.49 97.83 OK
r-release-macos-arm64 1.1.1 39.00 NOTE
r-release-macos-x86_64 1.1.1 52.00 NOTE
r-release-windows-x86_64 1.1.1 50.00 119.00 169.00 OK
r-oldrel-macos-arm64 1.1.1 37.00 NOTE
r-oldrel-macos-x86_64 1.1.1 53.00 NOTE
r-oldrel-windows-ix86+x86_64 1.1.1 125.00 147.00 272.00 OK

Check Details

Version: 1.1.1
Check: installed package size
Result: NOTE
     installed size is 6.5Mb
     sub-directories of 1Mb or more:
     libs 6.3Mb
Flavors: r-release-macos-arm64, r-release-macos-x86_64, r-oldrel-macos-arm64, r-oldrel-macos-x86_64