CRAN Package Check Results for Package ATE

Last updated on 2019-11-13 11:47:02 CET.

Flavor Version Tinstall Tcheck Ttotal Status Flags
r-devel-linux-x86_64-debian-clang 0.2.0 3.28 26.99 30.27 NOTE
r-devel-linux-x86_64-debian-gcc 0.2.0 2.16 20.43 22.59 NOTE
r-devel-linux-x86_64-fedora-clang 0.2.0 39.90 NOTE
r-devel-linux-x86_64-fedora-gcc 0.2.0 34.60 NOTE
r-devel-windows-ix86+x86_64 0.2.0 6.00 37.00 43.00 NOTE
r-patched-linux-x86_64 0.2.0 2.38 25.62 28.00 NOTE
r-patched-solaris-x86 0.2.0 50.00 NOTE
r-release-linux-x86_64 0.2.0 2.08 25.45 27.53 NOTE
r-release-windows-ix86+x86_64 0.2.0 5.00 54.00 59.00 NOTE
r-release-osx-x86_64 0.2.0 NOTE
r-oldrel-windows-ix86+x86_64 0.2.0 4.00 36.00 40.00 NOTE
r-oldrel-osx-x86_64 0.2.0 NOTE

Check Details

Version: 0.2.0
Check: R code for possible problems
Result: NOTE
    get.est.ATT: no visible global function definition for 'tail'
    get.est.MT: no visible global function definition for 'tail'
    get.est.simple: no visible global function definition for 'tail'
    newton.r: no visible global function definition for 'tail'
    plot.ATE: no visible global function definition for 'par'
    plot.ATE: no visible global function definition for 'plot'
    plot.ATE: no visible global function definition for 'axis'
    plot.ATE: no visible global function definition for 'abline'
    plot.ATE: no visible global function definition for 'lines'
    plot.ATE: no visible global function definition for 'legend'
    plot.ATE: no visible global function definition for 'points'
    print.summary.ATE: no visible global function definition for
     'printCoefmat'
    summary.ATE: no visible global function definition for 'qnorm'
    summary.ATE: no visible global function definition for 'pnorm'
    Undefined global functions or variables:
     abline axis legend lines par plot pnorm points printCoefmat qnorm
     tail
    Consider adding
     importFrom("graphics", "abline", "axis", "legend", "lines", "par",
     "plot", "points")
     importFrom("stats", "pnorm", "printCoefmat", "qnorm")
     importFrom("utils", "tail")
    to your NAMESPACE file.
Flavors: r-devel-linux-x86_64-debian-clang, r-devel-linux-x86_64-debian-gcc, r-devel-linux-x86_64-fedora-clang, r-devel-linux-x86_64-fedora-gcc, r-devel-windows-ix86+x86_64, r-patched-linux-x86_64, r-patched-solaris-x86, r-release-linux-x86_64, r-release-windows-ix86+x86_64, r-release-osx-x86_64, r-oldrel-windows-ix86+x86_64, r-oldrel-osx-x86_64