CRAN Package Check Results for Package ATmet

Last updated on 2019-10-14 05:46:51 CEST.

Flavor Version Tinstall Tcheck Ttotal Status Flags
r-devel-linux-x86_64-debian-clang 1.2 7.86 86.95 94.81 NOTE
r-devel-linux-x86_64-debian-gcc 1.2 6.69 65.49 72.18 NOTE
r-devel-linux-x86_64-fedora-clang 1.2 195.45 NOTE
r-devel-linux-x86_64-fedora-gcc 1.2 109.51 NOTE
r-devel-windows-ix86+x86_64 1.2 21.00 451.00 472.00 ERROR
r-patched-linux-x86_64 1.2 6.42 81.78 88.20 NOTE
r-patched-solaris-x86 1.2 164.60 NOTE
r-release-linux-x86_64 1.2 7.81 82.06 89.87 NOTE
r-release-windows-ix86+x86_64 1.2 27.00 394.00 421.00 NOTE
r-release-osx-x86_64 1.2 NOTE
r-oldrel-windows-ix86+x86_64 1.2 12.00 350.00 362.00 ERROR
r-oldrel-osx-x86_64 1.2 NOTE

Check Details

Version: 1.2
Check: R code for possible problems
Result: NOTE
    LHSdesign: no visible global function definition for 'qnorm'
    LHSdesign: no visible global function definition for 'qunif'
    LHSdesign: no visible global function definition for 'qt'
    MCdesign: no visible global function definition for 'rnorm'
    MCdesign: no visible global function definition for 'runif'
    MCdesign: no visible global function definition for 'rt'
    Undefined global functions or variables:
     qnorm qt qunif rnorm rt runif
    Consider adding
     importFrom("stats", "qnorm", "qt", "qunif", "rnorm", "rt", "runif")
    to your NAMESPACE file.
Flavors: r-devel-linux-x86_64-debian-clang, r-devel-linux-x86_64-debian-gcc, r-devel-linux-x86_64-fedora-clang, r-devel-linux-x86_64-fedora-gcc, r-patched-linux-x86_64, r-patched-solaris-x86, r-release-linux-x86_64, r-release-windows-ix86+x86_64, r-release-osx-x86_64, r-oldrel-osx-x86_64

Version: 1.2
Check: whether package can be installed
Result: ERROR
    Installation failed.
Flavors: r-devel-windows-ix86+x86_64, r-oldrel-windows-ix86+x86_64