CRAN Package Check Results for Package ATmet

Last updated on 2019-07-16 07:50:37 CEST.

Flavor Version Tinstall Tcheck Ttotal Status Flags
r-devel-linux-x86_64-debian-clang 1.2 8.03 89.05 97.08 NOTE
r-devel-linux-x86_64-debian-gcc 1.2 6.89 66.42 73.31 NOTE
r-devel-linux-x86_64-fedora-clang 1.2 195.79 NOTE
r-devel-linux-x86_64-fedora-gcc 1.2 107.61 NOTE
r-devel-windows-ix86+x86_64 1.2 34.00 368.00 402.00 NOTE
r-patched-linux-x86_64 1.2 7.75 83.98 91.73 NOTE
r-patched-solaris-x86 1.2 172.30 NOTE
r-release-linux-x86_64 1.2 6.85 82.66 89.51 NOTE
r-release-windows-ix86+x86_64 1.2 15.00 397.00 412.00 NOTE
r-release-osx-x86_64 1.2 NOTE
r-oldrel-windows-ix86+x86_64 1.2 16.00 441.00 457.00 NOTE
r-oldrel-osx-x86_64 1.2 NOTE

Check Details

Version: 1.2
Check: R code for possible problems
Result: NOTE
    LHSdesign: no visible global function definition for 'qnorm'
    LHSdesign: no visible global function definition for 'qunif'
    LHSdesign: no visible global function definition for 'qt'
    MCdesign: no visible global function definition for 'rnorm'
    MCdesign: no visible global function definition for 'runif'
    MCdesign: no visible global function definition for 'rt'
    Undefined global functions or variables:
     qnorm qt qunif rnorm rt runif
    Consider adding
     importFrom("stats", "qnorm", "qt", "qunif", "rnorm", "rt", "runif")
    to your NAMESPACE file.
Flavors: r-devel-linux-x86_64-debian-clang, r-devel-linux-x86_64-debian-gcc, r-devel-linux-x86_64-fedora-clang, r-devel-linux-x86_64-fedora-gcc, r-devel-windows-ix86+x86_64, r-patched-linux-x86_64, r-patched-solaris-x86, r-release-linux-x86_64, r-release-windows-ix86+x86_64, r-release-osx-x86_64, r-oldrel-windows-ix86+x86_64, r-oldrel-osx-x86_64