CRAN Package Check Results for Package AUC

Last updated on 2022-01-25 05:54:35 CET.

Flavor Version Tinstall Tcheck Ttotal Status Flags
r-devel-linux-x86_64-debian-clang 0.3.0 1.79 30.31 32.10 NOTE
r-devel-linux-x86_64-debian-gcc 0.3.0 1.36 25.94 27.30 NOTE
r-devel-linux-x86_64-fedora-clang 0.3.0 40.99 NOTE
r-devel-linux-x86_64-fedora-gcc 0.3.0 29.86 NOTE
r-devel-windows-x86_64-new-UL 0.3.0 21.00 45.00 66.00 NOTE
r-devel-windows-x86_64-new-TK 0.3.0 NOTE
r-patched-linux-x86_64 0.3.0 1.99 29.88 31.87 NOTE
r-release-linux-x86_64 0.3.0 1.63 29.09 30.72 NOTE
r-release-macos-arm64 0.3.0 NOTE
r-release-macos-x86_64 0.3.0 NOTE
r-release-windows-ix86+x86_64 0.3.0 4.00 35.00 39.00 NOTE
r-oldrel-macos-x86_64 0.3.0 NOTE
r-oldrel-windows-ix86+x86_64 0.3.0 4.00 35.00 39.00 NOTE

Check Details

Version: 0.3.0
Check: DESCRIPTION meta-information
Result: NOTE
    Malformed Title field: should not end in a period.
Flavors: r-devel-linux-x86_64-debian-clang, r-devel-linux-x86_64-debian-gcc, r-devel-linux-x86_64-fedora-clang, r-devel-linux-x86_64-fedora-gcc, r-devel-windows-x86_64-new-UL, r-devel-windows-x86_64-new-TK, r-patched-linux-x86_64, r-release-linux-x86_64, r-release-macos-arm64, r-release-macos-x86_64, r-release-windows-ix86+x86_64, r-oldrel-macos-x86_64, r-oldrel-windows-ix86+x86_64

Version: 0.3.0
Check: R code for possible problems
Result: NOTE
    plot.AUC: no visible global function definition for 'lines'
    Undefined global functions or variables:
     lines
    Consider adding
     importFrom("graphics", "lines")
    to your NAMESPACE file.
Flavors: r-devel-linux-x86_64-debian-clang, r-devel-linux-x86_64-debian-gcc, r-devel-linux-x86_64-fedora-clang, r-devel-linux-x86_64-fedora-gcc, r-devel-windows-x86_64-new-UL, r-devel-windows-x86_64-new-TK, r-patched-linux-x86_64, r-release-linux-x86_64, r-release-macos-arm64, r-release-macos-x86_64, r-release-windows-ix86+x86_64, r-oldrel-macos-x86_64, r-oldrel-windows-ix86+x86_64