CRAN Package Check Results for Package AUC

Last updated on 2019-01-16 02:48:52 CET.

Flavor Version Tinstall Tcheck Ttotal Status Flags
r-devel-linux-x86_64-debian-clang 0.3.0 1.14 19.02 20.16 NOTE
r-devel-linux-x86_64-debian-gcc 0.3.0 0.91 15.13 16.04 NOTE
r-devel-linux-x86_64-fedora-clang 0.3.0 23.81 NOTE
r-devel-linux-x86_64-fedora-gcc 0.3.0 24.45 NOTE
r-devel-windows-ix86+x86_64 0.3.0 2.00 30.00 32.00 NOTE
r-patched-linux-x86_64 0.3.0 0.95 17.22 18.17 NOTE
r-patched-solaris-x86 0.3.0 34.70 NOTE
r-release-linux-x86_64 0.3.0 0.84 17.21 18.05 NOTE
r-release-windows-ix86+x86_64 0.3.0 2.00 30.00 32.00 NOTE
r-release-osx-x86_64 0.3.0 NOTE
r-oldrel-windows-ix86+x86_64 0.3.0 3.00 28.00 31.00 NOTE
r-oldrel-osx-x86_64 0.3.0 NOTE

Check Details

Version: 0.3.0
Check: DESCRIPTION meta-information
Result: NOTE
    Malformed Title field: should not end in a period.
Flavors: r-devel-linux-x86_64-debian-clang, r-devel-linux-x86_64-debian-gcc, r-devel-linux-x86_64-fedora-clang, r-devel-linux-x86_64-fedora-gcc, r-devel-windows-ix86+x86_64, r-patched-linux-x86_64, r-patched-solaris-x86, r-release-linux-x86_64, r-release-windows-ix86+x86_64, r-release-osx-x86_64, r-oldrel-windows-ix86+x86_64, r-oldrel-osx-x86_64

Version: 0.3.0
Check: R code for possible problems
Result: NOTE
    plot.AUC: no visible global function definition for ‘plot’
    plot.AUC: no visible global function definition for ‘lines’
    Undefined global functions or variables:
     lines plot
    Consider adding
     importFrom("graphics", "lines", "plot")
    to your NAMESPACE file.
Flavors: r-devel-linux-x86_64-debian-clang, r-devel-linux-x86_64-debian-gcc, r-devel-linux-x86_64-fedora-clang, r-devel-linux-x86_64-fedora-gcc, r-devel-windows-ix86+x86_64, r-patched-linux-x86_64, r-patched-solaris-x86, r-release-linux-x86_64, r-release-windows-ix86+x86_64, r-release-osx-x86_64, r-oldrel-windows-ix86+x86_64, r-oldrel-osx-x86_64