CRAN Package Check Results for Package AUCRF

Last updated on 2017-10-18 23:47:36.

Flavor Version Tinstall Tcheck Ttotal Status Flags
r-devel-linux-x86_64-debian-clang 1.1 0.76 18.99 19.75 NOTE
r-devel-linux-x86_64-debian-gcc 1.1 0.64 19.44 20.07 NOTE
r-devel-linux-x86_64-fedora-clang 1.1 35.99 NOTE
r-devel-linux-x86_64-fedora-gcc 1.1 35.19 NOTE
r-devel-windows-ix86+x86_64 1.1 3.00 35.00 38.00 NOTE
r-patched-linux-x86_64 1.1 0.76 19.10 19.85 NOTE
r-patched-solaris-x86 1.1 54.00 NOTE
r-release-linux-x86_64 1.1 0.79 18.71 19.50 NOTE
r-release-windows-ix86+x86_64 1.1 4.00 37.00 41.00 NOTE
r-release-osx-x86_64 1.1 NOTE
r-oldrel-windows-ix86+x86_64 1.1 5.00 50.00 55.00 NOTE
r-oldrel-osx-x86_64 1.1 NOTE

Check Details

Version: 1.1
Check: R code for possible problems
Result: NOTE
    AUCRFcv: no visible global function definition for ‘predict’
    plot.AUCRF: no visible global function definition for ‘par’
    plot.AUCRF: no visible global function definition for ‘dotchart’
    plot.AUCRF: no visible global function definition for ‘title’
    plot.AUCRF: no visible global function definition for ‘text’
    Undefined global functions or variables:
     dotchart par predict text title
    Consider adding
     importFrom("graphics", "dotchart", "par", "text", "title")
     importFrom("stats", "predict")
    to your NAMESPACE file.
Flavors: r-devel-linux-x86_64-debian-clang, r-devel-linux-x86_64-debian-gcc, r-devel-linux-x86_64-fedora-clang, r-devel-linux-x86_64-fedora-gcc, r-devel-windows-ix86+x86_64, r-patched-linux-x86_64, r-patched-solaris-x86, r-release-linux-x86_64, r-release-windows-ix86+x86_64, r-release-osx-x86_64, r-oldrel-windows-ix86+x86_64, r-oldrel-osx-x86_64