CRAN Package Check Results for Package AUCRF

Last updated on 2015-07-06 19:47:26.

Flavor Version Tinstall Tcheck Ttotal Status Flags
r-devel-linux-x86_64-debian-clang 1.1 0.65 14.47 15.12 NOTE
r-devel-linux-x86_64-debian-gcc 1.1 0.64 15.06 15.70 NOTE
r-devel-linux-x86_64-fedora-clang 1.1 32.00 NOTE
r-devel-linux-x86_64-fedora-gcc 1.1 30.79 NOTE
r-devel-osx-x86_64-clang 1.1 30.40 OK
r-devel-windows-ix86+x86_64 1.1 7.00 40.00 47.00 NOTE
r-patched-linux-x86_64 1.1 0.70 15.19 15.88 OK
r-patched-solaris-sparc 1.1 185.60 OK
r-patched-solaris-x86 1.1 50.60 OK
r-release-linux-x86_64 1.1 0.86 15.44 16.30 OK
r-release-osx-x86_64-mavericks 1.1 OK
r-release-windows-ix86+x86_64 1.1 4.00 22.00 26.00 OK
r-oldrel-windows-ix86+x86_64 1.1 5.00 42.00 47.00 OK

Check Details

Version: 1.1
Check: R code for possible problems
Result: NOTE
    AUCRFcv: no visible global function definition for ‘predict’
    plot.AUCRF: no visible global function definition for ‘par’
    plot.AUCRF: no visible global function definition for ‘dotchart’
    plot.AUCRF: no visible global function definition for ‘title’
    plot.AUCRF: no visible global function definition for ‘text’
    Undefined global functions or variables:
     dotchart par predict text title
Flavors: r-devel-linux-x86_64-debian-clang, r-devel-linux-x86_64-debian-gcc, r-devel-linux-x86_64-fedora-clang, r-devel-linux-x86_64-fedora-gcc, r-devel-windows-ix86+x86_64