CRAN Package Check Results for Package AUCRF

Last updated on 2016-09-28 05:48:05.

Flavor Version Tinstall Tcheck Ttotal Status Flags
r-devel-linux-x86_64-debian-clang 1.1 0.76 16.35 17.11 NOTE
r-devel-linux-x86_64-debian-gcc 1.1 0.71 15.82 16.53 NOTE
r-devel-linux-x86_64-fedora-clang 1.1 31.74 NOTE
r-devel-linux-x86_64-fedora-gcc 1.1 29.51 NOTE
r-devel-macos-x86_64-clang 1.1 26.38 NOTE
r-devel-windows-ix86+x86_64 1.1 5.00 45.00 50.00 NOTE
r-patched-linux-x86_64 1.1 0.64 15.83 16.47 NOTE
r-patched-solaris-sparc 1.1 146.90 NOTE
r-patched-solaris-x86 1.1 42.20 NOTE
r-release-linux-x86_64 1.1 0.70 16.19 16.90 NOTE
r-release-osx-x86_64-mavericks 1.1 NOTE
r-release-windows-ix86+x86_64 1.1 5.00 32.00 37.00 NOTE
r-oldrel-windows-ix86+x86_64 1.1 5.00 49.00 54.00 OK

Check Details

Version: 1.1
Check: R code for possible problems
Result: NOTE
    AUCRFcv: no visible global function definition for ‘predict’
    plot.AUCRF: no visible global function definition for ‘par’
    plot.AUCRF: no visible global function definition for ‘dotchart’
    plot.AUCRF: no visible global function definition for ‘title’
    plot.AUCRF: no visible global function definition for ‘text’
    Undefined global functions or variables:
     dotchart par predict text title
    Consider adding
     importFrom("graphics", "dotchart", "par", "text", "title")
     importFrom("stats", "predict")
    to your NAMESPACE file.
Flavors: r-devel-linux-x86_64-debian-clang, r-devel-linux-x86_64-debian-gcc, r-devel-linux-x86_64-fedora-clang, r-devel-linux-x86_64-fedora-gcc, r-devel-macos-x86_64-clang, r-devel-windows-ix86+x86_64, r-patched-linux-x86_64, r-patched-solaris-sparc, r-patched-solaris-x86, r-release-linux-x86_64, r-release-osx-x86_64-mavericks, r-release-windows-ix86+x86_64