CRAN Package Check Results for Package AUCRF

Last updated on 2017-01-24 03:47:13.

Flavor Version Tinstall Tcheck Ttotal Status Flags
r-devel-linux-x86_64-debian-clang 1.1 0.80 18.19 18.99 NOTE
r-devel-linux-x86_64-debian-gcc 1.1 0.80 18.59 19.39 NOTE
r-devel-linux-x86_64-fedora-clang 1.1 33.42 NOTE --no-stop-on-test-error
r-devel-linux-x86_64-fedora-gcc 1.1 38.69 NOTE --no-stop-on-test-error
r-devel-macos-x86_64-clang 1.1 28.66 NOTE --no-stop-on-test-error
r-devel-windows-ix86+x86_64 1.1 3.00 37.00 40.00 NOTE
r-patched-linux-x86_64 1.1 0.64 16.79 17.43 NOTE
r-patched-solaris-sparc 1.1 148.80 NOTE
r-patched-solaris-x86 1.1 45.20 NOTE
r-release-linux-x86_64 1.1 0.69 16.33 17.01 NOTE
r-release-osx-x86_64-mavericks 1.1 NOTE
r-release-windows-ix86+x86_64 1.1 8.00 36.00 44.00 NOTE
r-oldrel-windows-ix86+x86_64 1.1 7.00 45.00 52.00 OK

Check Details

Version: 1.1
Check: R code for possible problems
Result: NOTE
    AUCRFcv: no visible global function definition for ‘predict’
    plot.AUCRF: no visible global function definition for ‘par’
    plot.AUCRF: no visible global function definition for ‘dotchart’
    plot.AUCRF: no visible global function definition for ‘title’
    plot.AUCRF: no visible global function definition for ‘text’
    Undefined global functions or variables:
     dotchart par predict text title
    Consider adding
     importFrom("graphics", "dotchart", "par", "text", "title")
     importFrom("stats", "predict")
    to your NAMESPACE file.
Flavors: r-devel-linux-x86_64-debian-clang, r-devel-linux-x86_64-debian-gcc, r-devel-windows-ix86+x86_64, r-patched-linux-x86_64, r-patched-solaris-sparc, r-patched-solaris-x86, r-release-linux-x86_64, r-release-osx-x86_64-mavericks, r-release-windows-ix86+x86_64

Version: 1.1
Flags: --no-stop-on-test-error
Check: R code for possible problems
Result: NOTE
    AUCRFcv: no visible global function definition for ‘predict’
    plot.AUCRF: no visible global function definition for ‘par’
    plot.AUCRF: no visible global function definition for ‘dotchart’
    plot.AUCRF: no visible global function definition for ‘title’
    plot.AUCRF: no visible global function definition for ‘text’
    Undefined global functions or variables:
     dotchart par predict text title
    Consider adding
     importFrom("graphics", "dotchart", "par", "text", "title")
     importFrom("stats", "predict")
    to your NAMESPACE file.
Flavors: r-devel-linux-x86_64-fedora-clang, r-devel-linux-x86_64-fedora-gcc, r-devel-macos-x86_64-clang