CRAN Package Check Results for Package AUCRF

Last updated on 2016-02-14 21:46:54.

Flavor Version Tinstall Tcheck Ttotal Status Flags
r-devel-linux-x86_64-debian-gcc 1.1 0.65 14.45 15.10 NOTE
r-devel-linux-x86_64-fedora-clang 1.1 31.15 NOTE
r-devel-linux-x86_64-fedora-gcc 1.1 30.02 NOTE
r-devel-osx-x86_64-clang 1.1 34.70 NOTE
r-devel-windows-ix86+x86_64 1.1 4.00 29.00 33.00 NOTE
r-patched-linux-x86_64 1.1 0.74 16.29 17.03 OK
r-patched-solaris-sparc 1.1 153.60 OK
r-patched-solaris-x86 1.1 43.60 OK
r-release-linux-x86_64 1.1 2.73 16.57 19.29 OK
r-release-osx-x86_64-mavericks 1.1 OK
r-release-windows-ix86+x86_64 1.1 4.00 28.00 32.00 OK
r-oldrel-windows-ix86+x86_64 1.1 6.00 30.00 36.00 OK

Check Details

Version: 1.1
Check: R code for possible problems
Result: NOTE
    AUCRFcv: no visible global function definition for ‘predict’
    plot.AUCRF: no visible global function definition for ‘par’
    plot.AUCRF: no visible global function definition for ‘dotchart’
    plot.AUCRF: no visible global function definition for ‘title’
    plot.AUCRF: no visible global function definition for ‘text’
    Undefined global functions or variables:
     dotchart par predict text title
    Consider adding
     importFrom("graphics", "dotchart", "par", "text", "title")
     importFrom("stats", "predict")
    to your NAMESPACE file.
Flavors: r-devel-linux-x86_64-debian-gcc, r-devel-linux-x86_64-fedora-clang, r-devel-linux-x86_64-fedora-gcc, r-devel-osx-x86_64-clang, r-devel-windows-ix86+x86_64