CRAN Package Check Results for Package AUCRF

Last updated on 2015-08-03 03:47:32.

Flavor Version Tinstall Tcheck Ttotal Status Flags
r-devel-linux-x86_64-debian-clang 1.1 0.73 15.00 15.74 NOTE
r-devel-linux-x86_64-debian-gcc 1.1 0.62 14.49 15.10 NOTE
r-devel-linux-x86_64-fedora-clang 1.1 33.22 NOTE
r-devel-linux-x86_64-fedora-gcc 1.1 29.95 NOTE
r-devel-osx-x86_64-clang 1.1 30.16 OK
r-devel-windows-ix86+x86_64 1.1 3.00 29.00 32.00 NOTE
r-patched-linux-x86_64 1.1 0.70 14.81 15.51 OK
r-patched-solaris-sparc 1.1 179.60 OK
r-patched-solaris-x86 1.1 52.60 OK
r-release-linux-x86_64 1.1 0.66 17.02 17.67 OK
r-release-osx-x86_64-mavericks 1.1 OK
r-release-windows-ix86+x86_64 1.1 4.00 40.00 44.00 OK
r-oldrel-windows-ix86+x86_64 1.1 5.00 30.00 35.00 OK

Check Details

Version: 1.1
Check: R code for possible problems
Result: NOTE
    AUCRFcv: no visible global function definition for ‘predict’
    plot.AUCRF: no visible global function definition for ‘par’
    plot.AUCRF: no visible global function definition for ‘dotchart’
    plot.AUCRF: no visible global function definition for ‘title’
    plot.AUCRF: no visible global function definition for ‘text’
    Undefined global functions or variables:
     dotchart par predict text title
    Consider adding
     importFrom("graphics", "dotchart", "par", "text", "title")
     importFrom("stats", "predict")
    to your NAMESPACE.
Flavors: r-devel-linux-x86_64-debian-clang, r-devel-linux-x86_64-debian-gcc, r-devel-linux-x86_64-fedora-clang, r-devel-linux-x86_64-fedora-gcc, r-devel-windows-ix86+x86_64