CRAN Package Check Results for Package AUCRF

Last updated on 2016-12-04 05:47:40.

Flavor Version Tinstall Tcheck Ttotal Status Flags
r-devel-linux-x86_64-debian-clang 1.1 0.84 19.89 20.73 NOTE
r-devel-linux-x86_64-debian-gcc 1.1 2.18 18.07 20.25 NOTE
r-devel-linux-x86_64-fedora-clang 1.1 36.15 NOTE --no-stop-on-test-error
r-devel-linux-x86_64-fedora-gcc 1.1 34.53 NOTE
r-devel-macos-x86_64-clang 1.1 29.68 NOTE
r-devel-windows-ix86+x86_64 1.1 5.00 48.00 53.00 NOTE
r-patched-linux-x86_64 1.1 0.73 15.19 15.93 NOTE
r-patched-solaris-sparc 1.1 146.90 NOTE
r-patched-solaris-x86 1.1 43.40 NOTE
r-release-linux-x86_64 1.1 0.74 15.78 16.51 NOTE
r-release-osx-x86_64-mavericks 1.1 NOTE
r-release-windows-ix86+x86_64 1.1 4.00 35.00 39.00 NOTE
r-oldrel-windows-ix86+x86_64 1.1 5.00 50.00 55.00 OK

Check Details

Version: 1.1
Check: R code for possible problems
Result: NOTE
    AUCRFcv: no visible global function definition for ‘predict’
    plot.AUCRF: no visible global function definition for ‘par’
    plot.AUCRF: no visible global function definition for ‘dotchart’
    plot.AUCRF: no visible global function definition for ‘title’
    plot.AUCRF: no visible global function definition for ‘text’
    Undefined global functions or variables:
     dotchart par predict text title
    Consider adding
     importFrom("graphics", "dotchart", "par", "text", "title")
     importFrom("stats", "predict")
    to your NAMESPACE file.
Flavors: r-devel-linux-x86_64-debian-clang, r-devel-linux-x86_64-debian-gcc, r-devel-linux-x86_64-fedora-gcc, r-devel-macos-x86_64-clang, r-devel-windows-ix86+x86_64, r-patched-linux-x86_64, r-patched-solaris-sparc, r-patched-solaris-x86, r-release-linux-x86_64, r-release-osx-x86_64-mavericks, r-release-windows-ix86+x86_64

Version: 1.1
Flags: --no-stop-on-test-error
Check: R code for possible problems
Result: NOTE
    AUCRFcv: no visible global function definition for ‘predict’
    plot.AUCRF: no visible global function definition for ‘par’
    plot.AUCRF: no visible global function definition for ‘dotchart’
    plot.AUCRF: no visible global function definition for ‘title’
    plot.AUCRF: no visible global function definition for ‘text’
    Undefined global functions or variables:
     dotchart par predict text title
    Consider adding
     importFrom("graphics", "dotchart", "par", "text", "title")
     importFrom("stats", "predict")
    to your NAMESPACE file.
Flavor: r-devel-linux-x86_64-fedora-clang