CRAN Package Check Results for Package AUCRF

Last updated on 2017-06-27 20:48:25.

Flavor Version Tinstall Tcheck Ttotal Status Flags
r-devel-linux-x86_64-debian-clang 1.1 1.04 19.21 20.24 NOTE
r-devel-linux-x86_64-debian-gcc 1.1 0.81 17.80 18.62 NOTE
r-devel-linux-x86_64-fedora-clang 1.1 37.70 NOTE
r-devel-linux-x86_64-fedora-gcc 1.1 35.39 NOTE
r-devel-windows-ix86+x86_64 1.1 5.00 36.00 41.00 NOTE
r-patched-linux-x86_64 1.1 0.82 19.10 19.93 NOTE
r-patched-solaris-sparc 1.1 167.80 NOTE
r-patched-solaris-x86 1.1 49.70 NOTE
r-release-linux-x86_64 1.1 0.76 18.84 19.60 NOTE
r-release-windows-ix86+x86_64 1.1 3.00 50.00 53.00 NOTE
r-release-osx-x86_64 1.1 NOTE
r-oldrel-windows-ix86+x86_64 1.1 4.00 50.00 54.00 NOTE
r-oldrel-osx-x86_64 1.1 NOTE

Check Details

Version: 1.1
Check: R code for possible problems
Result: NOTE
    AUCRFcv: no visible global function definition for ‘predict’
    plot.AUCRF: no visible global function definition for ‘par’
    plot.AUCRF: no visible global function definition for ‘dotchart’
    plot.AUCRF: no visible global function definition for ‘title’
    plot.AUCRF: no visible global function definition for ‘text’
    Undefined global functions or variables:
     dotchart par predict text title
    Consider adding
     importFrom("graphics", "dotchart", "par", "text", "title")
     importFrom("stats", "predict")
    to your NAMESPACE file.
Flavors: r-devel-linux-x86_64-debian-clang, r-devel-linux-x86_64-debian-gcc, r-devel-linux-x86_64-fedora-clang, r-devel-linux-x86_64-fedora-gcc, r-devel-windows-ix86+x86_64, r-patched-linux-x86_64, r-patched-solaris-sparc, r-patched-solaris-x86, r-release-linux-x86_64, r-release-windows-ix86+x86_64, r-release-osx-x86_64, r-oldrel-windows-ix86+x86_64, r-oldrel-osx-x86_64