CRAN Package Check Results for Package AUCRF

Last updated on 2016-05-03 11:48:49.

Flavor Version Tinstall Tcheck Ttotal Status Flags
r-devel-linux-x86_64-debian-gcc 1.1 0.68 17.53 18.21 NOTE
r-devel-linux-x86_64-fedora-clang 1.1 31.50 NOTE
r-devel-linux-x86_64-fedora-gcc 1.1 36.83 NOTE
r-devel-osx-x86_64-clang 1.1 36.72 NOTE
r-devel-windows-ix86+x86_64 1.1 4.00 36.00 40.00 NOTE
r-patched-linux-x86_64 1.1 0.70 15.80 16.50 NOTE
r-patched-solaris-sparc 1.1 153.90 NOTE
r-patched-solaris-x86 1.1 44.60 NOTE
r-release-linux-x86_64 1.1 0.69 17.61 18.30 OK
r-release-osx-x86_64-mavericks 1.1 OK
r-release-windows-ix86+x86_64 1.1 3.00 43.00 46.00 OK
r-oldrel-windows-ix86+x86_64 1.1 6.00 35.00 41.00 OK

Check Details

Version: 1.1
Check: R code for possible problems
Result: NOTE
    AUCRFcv: no visible global function definition for ‘predict’
    plot.AUCRF: no visible global function definition for ‘par’
    plot.AUCRF: no visible global function definition for ‘dotchart’
    plot.AUCRF: no visible global function definition for ‘title’
    plot.AUCRF: no visible global function definition for ‘text’
    Undefined global functions or variables:
     dotchart par predict text title
    Consider adding
     importFrom("graphics", "dotchart", "par", "text", "title")
     importFrom("stats", "predict")
    to your NAMESPACE file.
Flavors: r-devel-linux-x86_64-debian-gcc, r-devel-linux-x86_64-fedora-clang, r-devel-linux-x86_64-fedora-gcc, r-devel-osx-x86_64-clang, r-devel-windows-ix86+x86_64, r-patched-linux-x86_64, r-patched-solaris-sparc, r-patched-solaris-x86