CRAN Package Check Results for Package AUCRF

Last updated on 2014-04-24 17:49:40.

Flavor Version Tinstall Tcheck Ttotal Status Flags
r-devel-linux-x86_64-debian-clang 1.1 0.73 15.59 16.32 OK
r-devel-linux-x86_64-debian-gcc 1.1 0.73 15.71 16.44 OK
r-devel-linux-x86_64-fedora-clang 1.1 35.84 OK
r-devel-linux-x86_64-fedora-gcc 1.1 35.36 OK
r-devel-osx-x86_64-clang 1.1 36.97 OK
r-devel-osx-x86_64-gcc 1.1 OK
r-devel-windows-ix86+x86_64 1.1 2.00 24.00 26.00 OK
r-patched-linux-x86_64 1.1 0.74 14.80 15.53 OK
r-patched-solaris-sparc 1.1 172.30 OK
r-patched-solaris-x86 1.1 56.00 OK
r-release-linux-ix86 1.1 2.00 34.00 36.00 OK
r-release-linux-x86_64 1.1 0.70 15.68 16.38 OK
r-release-osx-x86_64-mavericks 1.1 WARN
r-release-windows-ix86+x86_64 1.1 3.00 24.00 27.00 OK
r-oldrel-windows-ix86+x86_64 1.1 3.00 26.00 29.00 OK

Check Details

Version: 1.1
Check: PDF version of manual
Result: WARNING
    LaTeX errors when creating PDF version.
    This typically indicates Rd problems.
    LaTeX errors found:
    ! LaTeX Error: File `upquote.sty' not found.
    
    Type X to quit or <RETURN> to proceed,
    or enter new name. (Default extension: sty)
    
    578c110/Rd2.tex:8: ==> Fatal error occurred, no output PDF file produced!
Flavor: r-release-osx-x86_64-mavericks