CRAN Package Check Results for Package AUCRF

Last updated on 2016-06-30 23:47:38.

Flavor Version Tinstall Tcheck Ttotal Status Flags
r-devel-linux-x86_64-debian-gcc 1.1 0.79 19.25 20.04 NOTE
r-devel-linux-x86_64-fedora-clang 1.1 37.76 NOTE
r-devel-linux-x86_64-fedora-gcc 1.1 32.20 NOTE
r-devel-osx-x86_64-clang 1.1 26.54 NOTE
r-devel-windows-ix86+x86_64 1.1 4.00 51.00 55.00 NOTE
r-patched-linux-x86_64 1.1 0.89 18.19 19.08 NOTE
r-patched-solaris-sparc 1.1 146.90 NOTE
r-patched-solaris-x86 1.1 43.80 NOTE
r-release-linux-x86_64 1.1 0.88 17.47 18.35 NOTE
r-release-osx-x86_64-mavericks 1.1 NOTE
r-release-windows-ix86+x86_64 1.1 4.00 37.00 41.00 NOTE
r-oldrel-windows-ix86+x86_64 1.1 5.00 46.00 51.00 OK

Check Details

Version: 1.1
Check: R code for possible problems
Result: NOTE
    AUCRFcv: no visible global function definition for ‘predict’
    plot.AUCRF: no visible global function definition for ‘par’
    plot.AUCRF: no visible global function definition for ‘dotchart’
    plot.AUCRF: no visible global function definition for ‘title’
    plot.AUCRF: no visible global function definition for ‘text’
    Undefined global functions or variables:
     dotchart par predict text title
    Consider adding
     importFrom("graphics", "dotchart", "par", "text", "title")
     importFrom("stats", "predict")
    to your NAMESPACE file.
Flavors: r-devel-linux-x86_64-debian-gcc, r-devel-linux-x86_64-fedora-clang, r-devel-linux-x86_64-fedora-gcc, r-devel-osx-x86_64-clang, r-devel-windows-ix86+x86_64, r-patched-linux-x86_64, r-patched-solaris-sparc, r-patched-solaris-x86, r-release-linux-x86_64, r-release-osx-x86_64-mavericks, r-release-windows-ix86+x86_64