CRAN Package Check Results for Package AUCRF

Last updated on 2017-03-25 15:47:33.

Flavor Version Tinstall Tcheck Ttotal Status Flags
r-devel-linux-x86_64-debian-clang 1.1 1.18 19.38 20.56 NOTE
r-devel-linux-x86_64-debian-gcc 1.1 0.89 18.47 19.36 NOTE
r-devel-linux-x86_64-fedora-clang 1.1 35.18 NOTE --no-stop-on-test-error
r-devel-linux-x86_64-fedora-gcc 1.1 44.69 NOTE --no-stop-on-test-error
r-devel-macos-x86_64-clang 1.1 29.94 NOTE --no-stop-on-test-error
r-devel-windows-ix86+x86_64 1.1 3.00 56.00 59.00 NOTE
r-patched-linux-x86_64 1.1 0.78 18.65 19.43 NOTE
r-patched-solaris-sparc 1.1 167.80 NOTE
r-patched-solaris-x86 1.1 48.90 NOTE
r-release-linux-x86_64 1.1 0.69 16.76 17.45 NOTE
r-release-osx-x86_64-mavericks 1.1 NOTE
r-release-windows-ix86+x86_64 1.1 4.00 35.00 39.00 NOTE
r-oldrel-windows-ix86+x86_64 1.1 3.00 46.00 49.00 OK

Check Details

Version: 1.1
Check: R code for possible problems
Result: NOTE
    AUCRFcv: no visible global function definition for ‘predict’
    plot.AUCRF: no visible global function definition for ‘par’
    plot.AUCRF: no visible global function definition for ‘dotchart’
    plot.AUCRF: no visible global function definition for ‘title’
    plot.AUCRF: no visible global function definition for ‘text’
    Undefined global functions or variables:
     dotchart par predict text title
    Consider adding
     importFrom("graphics", "dotchart", "par", "text", "title")
     importFrom("stats", "predict")
    to your NAMESPACE file.
Flavors: r-devel-linux-x86_64-debian-clang, r-devel-linux-x86_64-debian-gcc, r-devel-windows-ix86+x86_64, r-patched-linux-x86_64, r-patched-solaris-sparc, r-patched-solaris-x86, r-release-linux-x86_64, r-release-osx-x86_64-mavericks, r-release-windows-ix86+x86_64

Version: 1.1
Flags: --no-stop-on-test-error
Check: R code for possible problems
Result: NOTE
    AUCRFcv: no visible global function definition for ‘predict’
    plot.AUCRF: no visible global function definition for ‘par’
    plot.AUCRF: no visible global function definition for ‘dotchart’
    plot.AUCRF: no visible global function definition for ‘title’
    plot.AUCRF: no visible global function definition for ‘text’
    Undefined global functions or variables:
     dotchart par predict text title
    Consider adding
     importFrom("graphics", "dotchart", "par", "text", "title")
     importFrom("stats", "predict")
    to your NAMESPACE file.
Flavors: r-devel-linux-x86_64-fedora-clang, r-devel-linux-x86_64-fedora-gcc, r-devel-macos-x86_64-clang