CRAN Package Check Results for Package AWR.Kinesis

Last updated on 2019-05-23 14:48:56 CEST.

Flavor Version Tinstall Tcheck Ttotal Status Flags
r-devel-linux-x86_64-debian-clang 1.7.3 4.04 32.50 36.54 OK
r-devel-linux-x86_64-debian-gcc 1.7.3 3.28 25.79 29.07 OK
r-devel-linux-x86_64-fedora-clang 1.7.3 44.74 OK
r-devel-linux-x86_64-fedora-gcc 1.7.3 43.67 OK
r-devel-windows-ix86+x86_64 1.7.3 8.00 58.00 66.00 ERROR
r-patched-linux-x86_64 1.7.3 3.63 32.19 35.82 OK
r-patched-solaris-x86 1.7.3 62.60 OK
r-release-linux-x86_64 1.7.3 3.42 32.31 35.73 OK
r-release-windows-ix86+x86_64 1.7.3 11.00 38.00 49.00 ERROR
r-release-osx-x86_64 1.7.3 OK
r-oldrel-windows-ix86+x86_64 1.7.3 5.00 44.00 49.00 OK
r-oldrel-osx-x86_64 1.7.3 OK

Check Details

Version: 1.7.3
Check: examples
Result: ERROR
    Running examples in 'AWR.Kinesis-Ex.R' failed
    The error occurred in:
    
    
    R Under development (unstable) (2019-05-21 r76566) -- "Unsuffered Consequences"
    Copyright (C) 2019 The R Foundation for Statistical Computing
    Platform: x86_64-w64-mingw32/x64 (64-bit)
    
    R is free software and comes with ABSOLUTELY NO WARRANTY.
    You are welcome to redistribute it under certain conditions.
    Type 'license()' or 'licence()' for distribution details.
    
     Natural language support but running in an English locale
    
    R is a collaborative project with many contributors.
    Type 'contributors()' for more information and
    'citation()' on how to cite R or R packages in publications.
    
    Type 'demo()' for some demos, 'help()' for on-line help, or
    'help.start()' for an HTML browser interface to help.
    Type 'q()' to quit R.
    
    > pkgname <- "AWR.Kinesis"
    > source(file.path(R.home("share"), "R", "examples-header.R"))
    > options(warn = 1)
    > options(pager = "console")
    > library('AWR.Kinesis')
    >
    > base::assign(".oldSearch", base::search(), pos = 'CheckExEnv')
    > base::assign(".old_wd", base::getwd(), pos = 'CheckExEnv')
    > cleanEx()
    Error: connections left open:
     stdin (file)
    Execution halted
Flavor: r-devel-windows-ix86+x86_64

Version: 1.7.3
Check: examples
Result: ERROR
    Running examples in 'AWR.Kinesis-Ex.R' failed
    The error occurred in:
    
    
    R version 3.6.0 (2019-04-26) -- "Planting of a Tree"
    Copyright (C) 2019 The R Foundation for Statistical Computing
    Platform: x86_64-w64-mingw32/x64 (64-bit)
    
    R is free software and comes with ABSOLUTELY NO WARRANTY.
    You are welcome to redistribute it under certain conditions.
    Type 'license()' or 'licence()' for distribution details.
    
     Natural language support but running in an English locale
    
    R is a collaborative project with many contributors.
    Type 'contributors()' for more information and
    'citation()' on how to cite R or R packages in publications.
    
    Type 'demo()' for some demos, 'help()' for on-line help, or
    'help.start()' for an HTML browser interface to help.
    Type 'q()' to quit R.
    
    > pkgname <- "AWR.Kinesis"
    > source(file.path(R.home("share"), "R", "examples-header.R"))
    > options(warn = 1)
    > options(pager = "console")
    > library('AWR.Kinesis')
    >
    > base::assign(".oldSearch", base::search(), pos = 'CheckExEnv')
    > base::assign(".old_wd", base::getwd(), pos = 'CheckExEnv')
    > cleanEx()
    Error: connections left open:
     stdin (file)
    Execution halted
Flavor: r-release-windows-ix86+x86_64