CRAN Package Check Results for Package AWS.tools

Last updated on 2014-07-22 19:47:47.

Flavor Version Tinstall Tcheck Ttotal Status Flags
r-devel-linux-x86_64-debian-clang 0.0.5 1.02 13.58 14.60 NOTE
r-devel-linux-x86_64-debian-gcc 0.0.5 1.00 13.61 14.60 NOTE
r-devel-linux-x86_64-fedora-clang 0.0.5 32.91 NOTE
r-devel-linux-x86_64-fedora-gcc 0.0.5 30.44 NOTE
r-devel-osx-x86_64-clang 0.0.5 31.32 NOTE
r-devel-windows-ix86+x86_64 0.0.5 4.00 20.00 24.00 NOTE
r-patched-linux-x86_64 0.0.5 1.01 13.60 14.61 NOTE
r-patched-solaris-sparc 0.0.5 178.40 NOTE
r-patched-solaris-x86 0.0.5 42.90 NOTE
r-release-linux-ix86 0.0.5 1.37 19.91 21.28 NOTE
r-release-linux-x86_64 0.0.5 1.03 14.00 15.04 NOTE
r-release-osx-x86_64-mavericks 0.0.5 NOTE
r-release-windows-ix86+x86_64 0.0.5 5.00 23.00 28.00 NOTE
r-oldrel-windows-ix86+x86_64 0.0.5 4.00 23.00 27.00 NOTE

Check Details

Version: 0.0.5
Check: for hidden files and directories
Result: NOTE
    Found the following hidden files and directories:
     .gitignore
    These were most likely included in error. See section ‘Package
    structure’ in the ‘Writing R Extensions’ manual.
Flavors: r-devel-linux-x86_64-debian-clang, r-devel-linux-x86_64-debian-gcc, r-devel-linux-x86_64-fedora-clang, r-devel-linux-x86_64-fedora-gcc, r-devel-osx-x86_64-clang, r-devel-windows-ix86+x86_64, r-patched-linux-x86_64, r-patched-solaris-sparc, r-patched-solaris-x86, r-release-linux-ix86, r-release-linux-x86_64, r-release-osx-x86_64-mavericks, r-release-windows-ix86+x86_64, r-oldrel-windows-ix86+x86_64

Version: 0.0.5
Check: dependencies in R code
Result: NOTE
    Package in Depends field not imported from: ‘XML’
     These packages need to be imported from (in the NAMESPACE file)
     for when this namespace is loaded but not attached.
    See the information on DESCRIPTION files in the chapter ‘Creating R
    packages’ of the ‘Writing R Extensions’ manual.
Flavors: r-devel-linux-x86_64-debian-clang, r-devel-linux-x86_64-debian-gcc, r-devel-linux-x86_64-fedora-clang, r-devel-linux-x86_64-fedora-gcc, r-devel-osx-x86_64-clang, r-devel-windows-ix86+x86_64, r-patched-linux-x86_64, r-patched-solaris-sparc, r-patched-solaris-x86, r-release-linux-ix86, r-release-linux-x86_64, r-release-osx-x86_64-mavericks, r-release-windows-ix86+x86_64, r-oldrel-windows-ix86+x86_64

Version: 0.0.5
Check: top-level files
Result: NOTE
    Non-standard file/directory found at top level:
     ‘README.rst’
Flavors: r-devel-linux-x86_64-fedora-clang, r-devel-linux-x86_64-fedora-gcc