CRAN Package Check Results for Package AWS.tools

Last updated on 2014-04-24 15:50:34.

Flavor Version Tinstall Tcheck Ttotal Status Flags
r-devel-linux-x86_64-debian-clang 0.0.5 1.17 14.59 15.76 NOTE
r-devel-linux-x86_64-debian-gcc 0.0.5 1.14 14.37 15.51 NOTE
r-devel-linux-x86_64-fedora-clang 0.0.5 31.75 NOTE
r-devel-linux-x86_64-fedora-gcc 0.0.5 30.53 NOTE
r-devel-osx-x86_64-clang 0.0.5 31.76 NOTE
r-devel-osx-x86_64-gcc 0.0.5 ERROR
r-devel-windows-ix86+x86_64 0.0.5 4.00 20.00 24.00 NOTE
r-patched-linux-x86_64 0.0.5 1.18 14.46 15.64 NOTE
r-patched-solaris-sparc 0.0.5 178.40 NOTE
r-patched-solaris-x86 0.0.5 44.90 NOTE
r-release-linux-ix86 0.0.5 2.00 29.00 31.00 NOTE
r-release-linux-x86_64 0.0.5 1.07 14.40 15.47 NOTE
r-release-osx-x86_64-mavericks 0.0.5 WARN
r-release-windows-ix86+x86_64 0.0.5 6.00 30.00 36.00 NOTE
r-oldrel-windows-ix86+x86_64 0.0.5 4.00 23.00 27.00 NOTE

Check Details

Version: 0.0.5
Check: for hidden files and directories
Result: NOTE
    Found the following hidden files and directories:
     .gitignore
    These were most likely included in error. See section ‘Package
    structure’ in the ‘Writing R Extensions’ manual.
Flavors: r-devel-linux-x86_64-debian-clang, r-devel-linux-x86_64-debian-gcc, r-devel-linux-x86_64-fedora-clang, r-devel-linux-x86_64-fedora-gcc, r-devel-osx-x86_64-clang, r-devel-windows-ix86+x86_64, r-patched-linux-x86_64, r-patched-solaris-sparc, r-patched-solaris-x86, r-release-linux-ix86, r-release-linux-x86_64, r-release-osx-x86_64-mavericks, r-release-windows-ix86+x86_64, r-oldrel-windows-ix86+x86_64

Version: 0.0.5
Check: dependencies in R code
Result: NOTE
    Package in Depends field not imported from: ‘XML’
     These packages need to be imported from (in the NAMESPACE file)
     for when this namespace is loaded but not attached.
    See the information on DESCRIPTION files in the chapter ‘Creating R
    packages’ of the ‘Writing R Extensions’ manual.
Flavors: r-devel-linux-x86_64-debian-clang, r-devel-linux-x86_64-debian-gcc, r-devel-linux-x86_64-fedora-clang, r-devel-linux-x86_64-fedora-gcc, r-devel-osx-x86_64-clang, r-devel-windows-ix86+x86_64, r-patched-linux-x86_64, r-patched-solaris-sparc, r-patched-solaris-x86, r-release-linux-ix86, r-release-linux-x86_64, r-release-osx-x86_64-mavericks, r-release-windows-ix86+x86_64, r-oldrel-windows-ix86+x86_64

Version: 0.0.5
Check: top-level files
Result: NOTE
    Non-standard file/directory found at top level:
     ‘README.rst’
Flavors: r-devel-linux-x86_64-fedora-clang, r-devel-linux-x86_64-fedora-gcc

Version: 0.0.5
Check: package dependencies
Result: ERROR
    Package required but not available: ‘XML’
    
    See the information on DESCRIPTION files in the chapter ‘Creating R
    packages’ of the ‘Writing R Extensions’ manual.
Flavor: r-devel-osx-x86_64-gcc

Version: 0.0.5
Check: PDF version of manual
Result: WARNING
    LaTeX errors when creating PDF version.
    This typically indicates Rd problems.
    LaTeX errors found:
    ! LaTeX Error: File `upquote.sty' not found.
    
    Type X to quit or <RETURN> to proceed,
    or enter new name. (Default extension: sty)
    
    8d4ab91/Rd2.tex:8: ==> Fatal error occurred, no output PDF file produced!
Flavor: r-release-osx-x86_64-mavericks