CRAN Package Check Results for Package AbsFilterGSEA

Last updated on 2019-08-20 16:47:58 CEST.

Flavor Version Tinstall Tcheck Ttotal Status Flags
r-devel-linux-x86_64-debian-clang 1.5.1 42.77 152.24 195.01 NOTE
r-devel-linux-x86_64-debian-gcc 1.5.1 36.85 117.40 154.25 NOTE
r-devel-linux-x86_64-fedora-clang 1.5.1 263.44 NOTE
r-devel-linux-x86_64-fedora-gcc 1.5.1 237.61 NOTE
r-devel-windows-ix86+x86_64 1.5.1 120.00 269.00 389.00 OK
r-patched-linux-x86_64 1.5.1 36.56 144.39 180.95 OK
r-patched-solaris-x86 1.5.1 344.10 OK
r-release-linux-x86_64 1.5.1 37.80 144.26 182.06 OK
r-release-windows-ix86+x86_64 1.5.1 71.00 189.00 260.00 OK
r-release-osx-x86_64 1.5.1 ERROR
r-oldrel-windows-ix86+x86_64 1.5.1 85.00 268.00 353.00 OK
r-oldrel-osx-x86_64 1.5.1 OK

Check Details

Version: 1.5.1
Check: for non-standard things in the check directory
Result: NOTE
    Found the following files/directories:
     'geneset.txt'
Flavors: r-devel-linux-x86_64-debian-clang, r-devel-linux-x86_64-debian-gcc, r-devel-linux-x86_64-fedora-clang, r-devel-linux-x86_64-fedora-gcc

Version: 1.5.1
Check: package dependencies
Result: ERROR
    Packages required but not available: 'Biobase', 'DESeq', 'limma'
    
    See section ‘The DESCRIPTION file’ in the ‘Writing R Extensions’
    manual.
Flavor: r-release-osx-x86_64