CRAN Package Check Results for Package AbsFilterGSEA

Last updated on 2019-12-10 15:47:53 CET.

Flavor Version Tinstall Tcheck Ttotal Status Flags
r-devel-linux-x86_64-debian-clang 1.5.1 47.93 168.83 216.76 NOTE
r-devel-linux-x86_64-debian-gcc 1.5.1 40.43 129.60 170.03 NOTE
r-devel-linux-x86_64-fedora-clang 1.5.1 285.86 NOTE
r-devel-linux-x86_64-fedora-gcc 1.5.1 261.45 NOTE
r-devel-windows-ix86+x86_64 1.5.1 99.00 201.00 300.00 OK
r-devel-windows-ix86+x86_64-gcc8 1.5.1 102.00 207.00 309.00 OK
r-patched-linux-x86_64 1.5.1 40.68 148.83 189.51 OK
r-patched-solaris-x86 1.5.1 325.50 OK
r-release-linux-x86_64 1.5.1 39.81 143.39 183.20 OK
r-release-windows-ix86+x86_64 1.5.1 82.00 207.00 289.00 OK
r-release-osx-x86_64 1.5.1 OK
r-oldrel-windows-ix86+x86_64 1.5.1 65.00 272.00 337.00 OK
r-oldrel-osx-x86_64 1.5.1 OK

Check Details

Version: 1.5.1
Check: for non-standard things in the check directory
Result: NOTE
    Found the following files/directories:
     'geneset.txt'
Flavors: r-devel-linux-x86_64-debian-clang, r-devel-linux-x86_64-debian-gcc, r-devel-linux-x86_64-fedora-clang, r-devel-linux-x86_64-fedora-gcc