CRAN Package Check Results for Package Actigraphy

Last updated on 2015-07-06 06:46:31.

Flavor Version Tinstall Tcheck Ttotal Status Flags
r-devel-linux-x86_64-debian-clang 1.2 3.14 55.61 58.75 NOTE
r-devel-linux-x86_64-debian-gcc 1.2 3.01 55.32 58.33 NOTE
r-devel-linux-x86_64-fedora-clang 1.2 118.97 NOTE
r-devel-linux-x86_64-fedora-gcc 1.2 114.43 NOTE
r-devel-osx-x86_64-clang 1.2 105.61 NOTE
r-devel-windows-ix86+x86_64 1.2 11.00 86.00 97.00 NOTE
r-patched-linux-x86_64 1.2 2.82 55.11 57.93 NOTE
r-patched-solaris-sparc 1.2 783.10 NOTE
r-patched-solaris-x86 1.2 156.80 NOTE
r-release-linux-x86_64 1.2 2.82 55.57 58.40 NOTE
r-release-osx-x86_64-mavericks 1.2 NOTE
r-release-windows-ix86+x86_64 1.2 11.00 87.00 98.00 NOTE
r-oldrel-windows-ix86+x86_64 1.2 14.00 160.00 174.00 NOTE

Check Details

Version: 1.2
Check: dependencies in R code
Result: NOTE
    Packages in Depends field not imported from:
     ‘SDMTools’ ‘fda’ ‘lattice’
     These packages need to be imported from (in the NAMESPACE file)
     for when this namespace is loaded but not attached.
Flavors: r-devel-linux-x86_64-debian-clang, r-devel-linux-x86_64-debian-gcc, r-devel-linux-x86_64-fedora-clang, r-devel-linux-x86_64-fedora-gcc, r-devel-osx-x86_64-clang, r-devel-windows-ix86+x86_64, r-patched-linux-x86_64, r-patched-solaris-sparc, r-patched-solaris-x86, r-release-linux-x86_64, r-release-osx-x86_64-mavericks, r-release-windows-ix86+x86_64, r-oldrel-windows-ix86+x86_64

Version: 1.2
Check: R code for possible problems
Result: NOTE
    Ftest: no visible global function definition for ‘fRegress’
    Ftest: no visible global function definition for ‘Fstat.fd’
    Ftest: no visible global function definition for ‘quantile’
    Ftest: no visible binding for global variable ‘quantile’
    Ftest: no visible global function definition for ‘is.fd’
    Ftest: no visible global function definition for ‘plot’
    Ftest: no visible global function definition for ‘lines’
    Ftest: no visible global function definition for ‘abline’
    Ftest: no visible global function definition for ‘legend’
    Ftest: no visible global function definition for ‘hist’
    cat_flm_plot: no visible global function definition for ‘par’
    cat_flm_plot: no visible global function definition for ‘plot’
    cat_flm_plot: no visible global function definition for ‘lines’
    cat_flm_plot: no visible global function definition for ‘axis’
    cat_flm_plot: no visible global function definition for ‘legend’
    cont_flm_plot : minmedmax: no visible global function definition for
     ‘median’
    cont_flm_plot: no visible global function definition for ‘par’
    cont_flm_plot: no visible global function definition for ‘plot’
    cont_flm_plot: no visible global function definition for ‘lines’
    cont_flm_plot: no visible global function definition for ‘predict’
    cont_flm_plot: no visible global function definition for ‘topo.colors’
    cont_flm_plot: no visible global function definition for ‘axis’
    cont_flm_plot: no visible global function definition for
     ‘legend.gradient’
    fda.matchid: no visible global function definition for ‘model.matrix’
    fda.smoothdata: no visible global function definition for
     ‘create.fourier.basis’
    fda.smoothdata: no visible global function definition for
     ‘create.bspline.basis’
    fda.smoothdata: no visible global function definition for ‘fdPar’
    fda.smoothdata: no visible global function definition for
     ‘smooth.basis’
    flm_cate: no visible global function definition for
     ‘create.fourier.basis’
    flm_cate: no visible global function definition for
     ‘create.bspline.basis’
    flm_cate: no visible global function definition for ‘fdPar’
    flm_cate: no visible global function definition for ‘fRegress’
    flm_cate: no visible global function definition for ‘predict’
    flm_cate: no visible global function definition for ‘fRegress.stderr’
    flm_ftest: no visible global function definition for
     ‘create.fourier.basis’
    flm_ftest: no visible global function definition for
     ‘create.bspline.basis’
    flm_ftest: no visible global function definition for ‘fdPar’
    flm_ftest: no visible global function definition for ‘fRegress’
    flm_ftest: no visible global function definition for ‘predict’
    flm_ftest: no visible global function definition for ‘fRegress.stderr’
    flm_ftest: no visible global function definition for ‘axis’
    Undefined global functions or variables:
     Fstat.fd abline axis create.bspline.basis create.fourier.basis
     fRegress fRegress.stderr fdPar hist is.fd legend legend.gradient
     lines median model.matrix par plot predict quantile smooth.basis
     topo.colors
Flavors: r-devel-linux-x86_64-debian-clang, r-devel-linux-x86_64-debian-gcc, r-devel-linux-x86_64-fedora-clang, r-devel-linux-x86_64-fedora-gcc, r-devel-windows-ix86+x86_64

Version: 1.2
Check: R code for possible problems
Result: NOTE
    Ftest: no visible global function definition for ‘fRegress’
    Ftest: no visible global function definition for ‘Fstat.fd’
    Ftest: no visible global function definition for ‘is.fd’
    cont_flm_plot: no visible global function definition for
     ‘legend.gradient’
    fda.smoothdata: no visible global function definition for
     ‘create.fourier.basis’
    fda.smoothdata: no visible global function definition for
     ‘create.bspline.basis’
    fda.smoothdata: no visible global function definition for ‘fdPar’
    fda.smoothdata: no visible global function definition for
     ‘smooth.basis’
    flm_cate: no visible global function definition for
     ‘create.fourier.basis’
    flm_cate: no visible global function definition for
     ‘create.bspline.basis’
    flm_cate: no visible global function definition for ‘fdPar’
    flm_cate: no visible global function definition for ‘fRegress’
    flm_cate: no visible global function definition for ‘fRegress.stderr’
    flm_ftest: no visible global function definition for
     ‘create.fourier.basis’
    flm_ftest: no visible global function definition for
     ‘create.bspline.basis’
    flm_ftest: no visible global function definition for ‘fdPar’
    flm_ftest: no visible global function definition for ‘fRegress’
    flm_ftest: no visible global function definition for ‘fRegress.stderr’
    Undefined global functions or variables:
     Fstat.fd create.bspline.basis create.fourier.basis fRegress
     fRegress.stderr fdPar is.fd legend.gradient smooth.basis
Flavor: r-devel-osx-x86_64-clang

Version: 1.2
Check: R code for possible problems
Result: NOTE
    Ftest: no visible global function definition for ‘fRegress’
    Ftest: no visible global function definition for ‘Fstat.fd’
    Ftest: no visible global function definition for ‘is.fd’
    cont_flm_plot: no visible global function definition for
     ‘legend.gradient’
    fda.smoothdata: no visible global function definition for
     ‘create.fourier.basis’
    fda.smoothdata: no visible global function definition for
     ‘create.bspline.basis’
    fda.smoothdata: no visible global function definition for ‘fdPar’
    fda.smoothdata: no visible global function definition for
     ‘smooth.basis’
    flm_cate: no visible global function definition for
     ‘create.fourier.basis’
    flm_cate: no visible global function definition for
     ‘create.bspline.basis’
    flm_cate: no visible global function definition for ‘fdPar’
    flm_cate: no visible global function definition for ‘fRegress’
    flm_cate: no visible global function definition for ‘fRegress.stderr’
    flm_ftest: no visible global function definition for
     ‘create.fourier.basis’
    flm_ftest: no visible global function definition for
     ‘create.bspline.basis’
    flm_ftest: no visible global function definition for ‘fdPar’
    flm_ftest: no visible global function definition for ‘fRegress’
    flm_ftest: no visible global function definition for ‘fRegress.stderr’
Flavors: r-patched-linux-x86_64, r-patched-solaris-sparc, r-patched-solaris-x86, r-release-linux-x86_64, r-release-osx-x86_64-mavericks, r-release-windows-ix86+x86_64, r-oldrel-windows-ix86+x86_64