CRAN Package Check Results for Package Actigraphy

Last updated on 2015-05-05 11:47:56.

Flavor Version Tinstall Tcheck Ttotal Status Flags
r-devel-linux-x86_64-debian-clang 1.2 3.06 56.52 59.58 NOTE
r-devel-linux-x86_64-debian-gcc 1.2 3.65 56.19 59.84 NOTE
r-devel-linux-x86_64-fedora-clang 1.2 127.61 NOTE
r-devel-linux-x86_64-fedora-gcc 1.2 120.65 NOTE
r-devel-osx-x86_64-clang 1.2 107.89 NOTE
r-devel-windows-ix86+x86_64 1.2 9.00 84.00 93.00 NOTE
r-patched-linux-x86_64 1.2 3.25 56.39 59.64 NOTE
r-patched-solaris-sparc 1.2 797.70 NOTE
r-patched-solaris-x86 1.2 157.30 NOTE
r-release-linux-x86_64 1.2 3.00 58.43 61.43 NOTE
r-release-osx-x86_64-mavericks 1.2 NOTE
r-release-osx-x86_64-snowleopard 1.2 ERROR
r-release-windows-ix86+x86_64 1.2 11.00 116.00 127.00 NOTE
r-oldrel-windows-ix86+x86_64 1.2 13.00 104.00 117.00 NOTE

Check Details

Version: 1.2
Check: dependencies in R code
Result: NOTE
    Packages in Depends field not imported from:
     ‘SDMTools’ ‘fda’ ‘lattice’
     These packages need to be imported from (in the NAMESPACE file)
     for when this namespace is loaded but not attached.
Flavors: r-devel-linux-x86_64-debian-clang, r-devel-linux-x86_64-debian-gcc, r-devel-linux-x86_64-fedora-clang, r-devel-linux-x86_64-fedora-gcc, r-devel-osx-x86_64-clang, r-devel-windows-ix86+x86_64, r-patched-linux-x86_64, r-patched-solaris-sparc, r-patched-solaris-x86, r-release-linux-x86_64, r-release-osx-x86_64-mavericks, r-release-windows-ix86+x86_64, r-oldrel-windows-ix86+x86_64

Version: 1.2
Check: R code for possible problems
Result: NOTE
    Ftest: no visible global function definition for ‘fRegress’
    Ftest: no visible global function definition for ‘Fstat.fd’
    Ftest: no visible global function definition for ‘is.fd’
    cont_flm_plot: no visible global function definition for
     ‘legend.gradient’
    fda.smoothdata: no visible global function definition for
     ‘create.fourier.basis’
    fda.smoothdata: no visible global function definition for
     ‘create.bspline.basis’
    fda.smoothdata: no visible global function definition for ‘fdPar’
    fda.smoothdata: no visible global function definition for
     ‘smooth.basis’
    flm_cate: no visible global function definition for
     ‘create.fourier.basis’
    flm_cate: no visible global function definition for
     ‘create.bspline.basis’
    flm_cate: no visible global function definition for ‘fdPar’
    flm_cate: no visible global function definition for ‘fRegress’
    flm_cate: no visible global function definition for ‘fRegress.stderr’
    flm_ftest: no visible global function definition for
     ‘create.fourier.basis’
    flm_ftest: no visible global function definition for
     ‘create.bspline.basis’
    flm_ftest: no visible global function definition for ‘fdPar’
    flm_ftest: no visible global function definition for ‘fRegress’
    flm_ftest: no visible global function definition for ‘fRegress.stderr’
Flavors: r-devel-linux-x86_64-debian-clang, r-devel-linux-x86_64-debian-gcc, r-devel-linux-x86_64-fedora-clang, r-devel-linux-x86_64-fedora-gcc, r-devel-osx-x86_64-clang, r-devel-windows-ix86+x86_64, r-patched-linux-x86_64, r-patched-solaris-sparc, r-patched-solaris-x86, r-release-linux-x86_64, r-release-osx-x86_64-mavericks, r-release-windows-ix86+x86_64, r-oldrel-windows-ix86+x86_64

Version: 1.2
Check: package dependencies
Result: ERROR
    Packages required but not available: ‘fda’ ‘SDMTools’
    
    See section ‘The DESCRIPTION file’ in the ‘Writing R Extensions’
    manual.
Flavor: r-release-osx-x86_64-snowleopard