CRAN Package Check Results for Package Actigraphy

Last updated on 2014-07-22 19:47:46.

Flavor Version Tinstall Tcheck Ttotal Status Flags
r-devel-linux-x86_64-debian-clang 1.2 3.88 69.31 73.19 NOTE
r-devel-linux-x86_64-debian-gcc 1.2 3.77 68.45 72.22 NOTE
r-devel-linux-x86_64-fedora-clang 1.2 170.99 NOTE
r-devel-linux-x86_64-fedora-gcc 1.2 158.18 NOTE
r-devel-osx-x86_64-clang 1.2 135.94 NOTE
r-devel-windows-ix86+x86_64 1.2 12.00 100.00 112.00 NOTE
r-patched-linux-x86_64 1.2 3.77 69.59 73.36 NOTE
r-patched-solaris-sparc 1.2 872.50 NOTE
r-patched-solaris-x86 1.2 211.90 NOTE
r-release-linux-ix86 1.2 4.70 89.25 93.95 NOTE
r-release-linux-x86_64 1.2 3.94 71.22 75.16 NOTE
r-release-osx-x86_64-mavericks 1.2 NOTE
r-release-windows-ix86+x86_64 1.2 10.00 108.00 118.00 NOTE
r-oldrel-windows-ix86+x86_64 1.2 10.00 96.00 106.00 NOTE

Check Details

Version: 1.2
Check: dependencies in R code
Result: NOTE
    Packages in Depends field not imported from:
     ‘SDMTools’ ‘fda’ ‘lattice’
     These packages need to be imported from (in the NAMESPACE file)
     for when this namespace is loaded but not attached.
    See the information on DESCRIPTION files in the chapter ‘Creating R
    packages’ of the ‘Writing R Extensions’ manual.
Flavors: r-devel-linux-x86_64-debian-clang, r-devel-linux-x86_64-debian-gcc, r-devel-linux-x86_64-fedora-clang, r-devel-linux-x86_64-fedora-gcc, r-devel-osx-x86_64-clang, r-devel-windows-ix86+x86_64, r-patched-linux-x86_64, r-patched-solaris-sparc, r-patched-solaris-x86, r-release-linux-ix86, r-release-linux-x86_64, r-release-osx-x86_64-mavericks, r-release-windows-ix86+x86_64, r-oldrel-windows-ix86+x86_64