CRAN Package Check Results for Package Actigraphy

Last updated on 2014-10-24 19:47:34.

Flavor Version Tinstall Tcheck Ttotal Status Flags
r-devel-linux-x86_64-debian-clang 1.2 3.78 66.28 70.06 NOTE
r-devel-linux-x86_64-debian-gcc 1.2 4.22 65.57 69.78 NOTE
r-devel-linux-x86_64-fedora-clang 1.2 159.13 NOTE
r-devel-linux-x86_64-fedora-gcc 1.2 149.02 NOTE
r-devel-osx-x86_64-clang 1.2 138.04 NOTE
r-devel-windows-ix86+x86_64 1.2 10.00 91.00 101.00 NOTE
r-patched-linux-x86_64 1.2 4.24 71.54 75.78 NOTE
r-patched-solaris-sparc 1.2 901.90 NOTE
r-patched-solaris-x86 1.2 206.30 NOTE
r-release-linux-ix86 1.2 5.00 87.53 92.53 NOTE
r-release-linux-x86_64 1.2 3.94 73.54 77.48 NOTE
r-release-osx-x86_64-mavericks 1.2 NOTE
r-release-windows-ix86+x86_64 1.2 10.00 105.00 115.00 NOTE
r-oldrel-windows-ix86+x86_64 1.2 10.00 97.00 107.00 NOTE

Check Details

Version: 1.2
Check: dependencies in R code
Result: NOTE
    Packages in Depends field not imported from:
     ‘SDMTools’ ‘fda’ ‘lattice’
     These packages need to be imported from (in the NAMESPACE file)
     for when this namespace is loaded but not attached.
    See the information on DESCRIPTION files in the chapter ‘Creating R
    packages’ of the ‘Writing R Extensions’ manual.
Flavors: r-devel-linux-x86_64-debian-clang, r-devel-linux-x86_64-debian-gcc, r-devel-linux-x86_64-fedora-clang, r-devel-linux-x86_64-fedora-gcc, r-devel-osx-x86_64-clang, r-devel-windows-ix86+x86_64, r-patched-linux-x86_64, r-patched-solaris-sparc, r-patched-solaris-x86, r-release-linux-ix86, r-release-linux-x86_64, r-release-osx-x86_64-mavericks, r-release-windows-ix86+x86_64, r-oldrel-windows-ix86+x86_64

Version: 1.2
Check: R code for possible problems
Result: NOTE
    Ftest: no visible global function definition for ‘fRegress’
    Ftest: no visible global function definition for ‘Fstat.fd’
    Ftest: no visible global function definition for ‘is.fd’
    cont_flm_plot: no visible global function definition for
     ‘legend.gradient’
    fda.smoothdata: no visible global function definition for
     ‘create.fourier.basis’
    fda.smoothdata: no visible global function definition for
     ‘create.bspline.basis’
    fda.smoothdata: no visible global function definition for ‘fdPar’
    fda.smoothdata: no visible global function definition for
     ‘smooth.basis’
    flm_cate: no visible global function definition for
     ‘create.fourier.basis’
    flm_cate: no visible global function definition for
     ‘create.bspline.basis’
    flm_cate: no visible global function definition for ‘fdPar’
    flm_cate: no visible global function definition for ‘fRegress’
    flm_cate: no visible global function definition for ‘fRegress.stderr’
    flm_ftest: no visible global function definition for
     ‘create.fourier.basis’
    flm_ftest: no visible global function definition for
     ‘create.bspline.basis’
    flm_ftest: no visible global function definition for ‘fdPar’
    flm_ftest: no visible global function definition for ‘fRegress’
    flm_ftest: no visible global function definition for ‘fRegress.stderr’
Flavors: r-devel-linux-x86_64-debian-clang, r-devel-linux-x86_64-debian-gcc, r-devel-linux-x86_64-fedora-clang, r-devel-linux-x86_64-fedora-gcc, r-devel-osx-x86_64-clang, r-devel-windows-ix86+x86_64, r-patched-linux-x86_64, r-patched-solaris-sparc, r-patched-solaris-x86