CRAN Package Check Results for Package Actigraphy

Last updated on 2014-04-21 12:31:27.

Flavor Version Tinstall Tcheck Ttotal Status Flags
r-devel-linux-x86_64-debian-clang 1.2 4.19 74.67 78.86 NOTE
r-devel-linux-x86_64-debian-gcc 1.2 4.59 74.03 78.62 NOTE
r-devel-linux-x86_64-fedora-clang 1.2 172.97 NOTE
r-devel-linux-x86_64-fedora-gcc 1.2 167.30 NOTE
r-devel-osx-x86_64-clang 1.2 141.54 NOTE
r-devel-osx-x86_64-gcc 1.2 ERROR
r-devel-windows-ix86+x86_64 1.2 11.00 113.00 124.00 NOTE
r-patched-linux-x86_64 1.2 4.06 73.51 77.57 NOTE
r-patched-solaris-sparc 1.2 872.50 NOTE
r-patched-solaris-x86 1.2 211.80 NOTE
r-release-linux-x86_64 1.2 4.09 73.27 77.36 NOTE
r-release-osx-x86_64-mavericks 1.2 WARN
r-release-windows-ix86+x86_64 1.2 13.00 102.00 115.00 NOTE
r-oldrel-windows-ix86+x86_64 1.2 11.00 97.00 108.00 NOTE

Check Details

Version: 1.2
Check: dependencies in R code
Result: NOTE
    Packages in Depends field not imported from:
     ‘SDMTools’ ‘fda’ ‘lattice’
     These packages need to be imported from (in the NAMESPACE file)
     for when this namespace is loaded but not attached.
    See the information on DESCRIPTION files in the chapter ‘Creating R
    packages’ of the ‘Writing R Extensions’ manual.
Flavors: r-devel-linux-x86_64-debian-clang, r-devel-linux-x86_64-debian-gcc, r-devel-linux-x86_64-fedora-clang, r-devel-linux-x86_64-fedora-gcc, r-devel-osx-x86_64-clang, r-devel-windows-ix86+x86_64, r-patched-linux-x86_64, r-patched-solaris-sparc, r-patched-solaris-x86, r-release-linux-x86_64, r-release-osx-x86_64-mavericks, r-release-windows-ix86+x86_64, r-oldrel-windows-ix86+x86_64

Version: 1.2
Check: package dependencies
Result: ERROR
    Packages required but not available: ‘fda’ ‘SDMTools’
    
    See the information on DESCRIPTION files in the chapter ‘Creating R
    packages’ of the ‘Writing R Extensions’ manual.
Flavor: r-devel-osx-x86_64-gcc

Version: 1.2
Check: PDF version of manual
Result: WARNING
    LaTeX errors when creating PDF version.
    This typically indicates Rd problems.
    LaTeX errors found:
    ! LaTeX Error: File `upquote.sty' not found.
    
    Type X to quit or <RETURN> to proceed,
    or enter new name. (Default extension: sty)
    
    eee9cfb/Rd2.tex:8: ==> Fatal error occurred, no output PDF file produced!
Flavor: r-release-osx-x86_64-mavericks