CRAN Package Check Results for Package Actigraphy

Last updated on 2014-11-23 01:47:58.

Flavor Version Tinstall Tcheck Ttotal Status Flags
r-devel-linux-x86_64-debian-clang 1.2 3.78 65.86 69.64 NOTE
r-devel-linux-x86_64-debian-gcc 1.2 4.68 63.31 67.99 NOTE
r-devel-linux-x86_64-fedora-clang 1.2 166.77 NOTE
r-devel-linux-x86_64-fedora-gcc 1.2 151.87 NOTE
r-devel-osx-x86_64-clang 1.2 135.32 NOTE
r-devel-windows-ix86+x86_64 1.2 10.00 95.00 105.00 NOTE
r-patched-linux-x86_64 1.2 3.94 71.15 75.09 NOTE
r-patched-solaris-sparc 1.2 901.90 NOTE
r-patched-solaris-x86 1.2 207.70 NOTE
r-release-linux-ix86 1.2 5.09 86.54 91.63 NOTE
r-release-linux-x86_64 1.2 4.04 70.04 74.08 NOTE
r-release-osx-x86_64-mavericks 1.2 NOTE
r-release-windows-ix86+x86_64 1.2 13.00 101.00 114.00 NOTE
r-oldrel-windows-ix86+x86_64 1.2 11.00 100.00 111.00 NOTE

Check Details

Version: 1.2
Check: dependencies in R code
Result: NOTE
    Packages in Depends field not imported from:
     ‘SDMTools’ ‘fda’ ‘lattice’
     These packages need to be imported from (in the NAMESPACE file)
     for when this namespace is loaded but not attached.
    See the information on DESCRIPTION files in the chapter ‘Creating R
    packages’ of the ‘Writing R Extensions’ manual.
Flavors: r-devel-linux-x86_64-debian-clang, r-devel-linux-x86_64-debian-gcc, r-devel-linux-x86_64-fedora-clang, r-devel-linux-x86_64-fedora-gcc, r-devel-osx-x86_64-clang, r-devel-windows-ix86+x86_64, r-patched-linux-x86_64, r-patched-solaris-sparc, r-patched-solaris-x86, r-release-linux-ix86, r-release-linux-x86_64, r-release-osx-x86_64-mavericks, r-release-windows-ix86+x86_64, r-oldrel-windows-ix86+x86_64

Version: 1.2
Check: R code for possible problems
Result: NOTE
    Ftest: no visible global function definition for ‘fRegress’
    Ftest: no visible global function definition for ‘Fstat.fd’
    Ftest: no visible global function definition for ‘is.fd’
    cont_flm_plot: no visible global function definition for
     ‘legend.gradient’
    fda.smoothdata: no visible global function definition for
     ‘create.fourier.basis’
    fda.smoothdata: no visible global function definition for
     ‘create.bspline.basis’
    fda.smoothdata: no visible global function definition for ‘fdPar’
    fda.smoothdata: no visible global function definition for
     ‘smooth.basis’
    flm_cate: no visible global function definition for
     ‘create.fourier.basis’
    flm_cate: no visible global function definition for
     ‘create.bspline.basis’
    flm_cate: no visible global function definition for ‘fdPar’
    flm_cate: no visible global function definition for ‘fRegress’
    flm_cate: no visible global function definition for ‘fRegress.stderr’
    flm_ftest: no visible global function definition for
     ‘create.fourier.basis’
    flm_ftest: no visible global function definition for
     ‘create.bspline.basis’
    flm_ftest: no visible global function definition for ‘fdPar’
    flm_ftest: no visible global function definition for ‘fRegress’
    flm_ftest: no visible global function definition for ‘fRegress.stderr’
Flavors: r-devel-linux-x86_64-debian-clang, r-devel-linux-x86_64-debian-gcc, r-devel-linux-x86_64-fedora-clang, r-devel-linux-x86_64-fedora-gcc, r-devel-osx-x86_64-clang, r-devel-windows-ix86+x86_64, r-patched-linux-x86_64, r-patched-solaris-sparc, r-patched-solaris-x86, r-release-linux-ix86, r-release-linux-x86_64, r-release-windows-ix86+x86_64