CRAN Package Check Results for Package Actigraphy

Last updated on 2015-01-27 12:47:22.

Flavor Version Tinstall Tcheck Ttotal Status Flags
r-devel-linux-x86_64-debian-clang 1.2 3.50 63.52 67.02 NOTE
r-devel-linux-x86_64-debian-gcc 1.2 3.47 61.42 64.89 NOTE
r-devel-linux-x86_64-fedora-clang 1.2 159.93 NOTE
r-devel-linux-x86_64-fedora-gcc 1.2 181.43 NOTE
r-devel-osx-x86_64-clang 1.2 137.56 NOTE
r-devel-windows-ix86+x86_64 1.2 9.00 90.00 99.00 NOTE
r-patched-linux-x86_64 1.2 3.94 69.07 73.01 NOTE
r-patched-solaris-sparc 1.2 950.40 NOTE
r-patched-solaris-x86 1.2 205.10 NOTE
r-release-linux-ix86 1.2 4.54 84.31 88.85 NOTE
r-release-linux-x86_64 1.2 3.81 69.37 73.18 NOTE
r-release-osx-x86_64-mavericks 1.2 NOTE
r-release-windows-ix86+x86_64 1.2 11.00 103.00 114.00 NOTE
r-oldrel-windows-ix86+x86_64 1.2 16.00 107.00 123.00 NOTE

Check Details

Version: 1.2
Check: dependencies in R code
Result: NOTE
    Packages in Depends field not imported from:
     ‘SDMTools’ ‘fda’ ‘lattice’
     These packages need to be imported from (in the NAMESPACE file)
     for when this namespace is loaded but not attached.
Flavors: r-devel-linux-x86_64-debian-clang, r-devel-linux-x86_64-debian-gcc, r-devel-linux-x86_64-fedora-clang, r-devel-linux-x86_64-fedora-gcc, r-devel-osx-x86_64-clang, r-devel-windows-ix86+x86_64

Version: 1.2
Check: R code for possible problems
Result: NOTE
    Ftest: no visible global function definition for ‘fRegress’
    Ftest: no visible global function definition for ‘Fstat.fd’
    Ftest: no visible global function definition for ‘is.fd’
    cont_flm_plot: no visible global function definition for
     ‘legend.gradient’
    fda.smoothdata: no visible global function definition for
     ‘create.fourier.basis’
    fda.smoothdata: no visible global function definition for
     ‘create.bspline.basis’
    fda.smoothdata: no visible global function definition for ‘fdPar’
    fda.smoothdata: no visible global function definition for
     ‘smooth.basis’
    flm_cate: no visible global function definition for
     ‘create.fourier.basis’
    flm_cate: no visible global function definition for
     ‘create.bspline.basis’
    flm_cate: no visible global function definition for ‘fdPar’
    flm_cate: no visible global function definition for ‘fRegress’
    flm_cate: no visible global function definition for ‘fRegress.stderr’
    flm_ftest: no visible global function definition for
     ‘create.fourier.basis’
    flm_ftest: no visible global function definition for
     ‘create.bspline.basis’
    flm_ftest: no visible global function definition for ‘fdPar’
    flm_ftest: no visible global function definition for ‘fRegress’
    flm_ftest: no visible global function definition for ‘fRegress.stderr’
Flavors: r-devel-linux-x86_64-debian-clang, r-devel-linux-x86_64-debian-gcc, r-devel-linux-x86_64-fedora-clang, r-devel-linux-x86_64-fedora-gcc, r-devel-osx-x86_64-clang, r-devel-windows-ix86+x86_64, r-patched-linux-x86_64, r-patched-solaris-sparc, r-patched-solaris-x86, r-release-linux-ix86, r-release-linux-x86_64, r-release-osx-x86_64-mavericks, r-release-windows-ix86+x86_64

Version: 1.2
Check: dependencies in R code
Result: NOTE
    Packages in Depends field not imported from:
     ‘SDMTools’ ‘fda’ ‘lattice’
     These packages need to be imported from (in the NAMESPACE file)
     for when this namespace is loaded but not attached.
    See the information on DESCRIPTION files in the chapter ‘Creating R
    packages’ of the ‘Writing R Extensions’ manual.
Flavors: r-patched-linux-x86_64, r-patched-solaris-sparc, r-patched-solaris-x86, r-release-linux-ix86, r-release-linux-x86_64, r-release-osx-x86_64-mavericks, r-release-windows-ix86+x86_64, r-oldrel-windows-ix86+x86_64