CRAN Package Check Results for Package ActiveDriverWGS

Last updated on 2021-02-27 07:53:40 CET.

Flavor Version Tinstall Tcheck Ttotal Status Flags
r-devel-linux-x86_64-debian-clang 1.1.1 3.89 171.38 175.27 OK
r-devel-linux-x86_64-debian-gcc 1.1.1 3.31 126.69 130.00 OK
r-devel-linux-x86_64-fedora-clang 1.1.1 216.04 NOTE
r-devel-linux-x86_64-fedora-gcc 1.1.1 221.73 NOTE
r-devel-windows-ix86+x86_64 1.1.1 7.00 156.00 163.00 OK
r-patched-linux-x86_64 1.1.1 3.73 174.92 178.65 OK
r-patched-solaris-x86 1.1.1 384.70 NOTE
r-release-linux-x86_64 1.1.1 3.61 176.28 179.89 OK
r-release-macos-x86_64 1.1.1 NOTE
r-release-windows-ix86+x86_64 1.1.1 17.00 237.00 254.00 OK
r-oldrel-macos-x86_64 1.1.1 ERROR
r-oldrel-windows-ix86+x86_64 1.1.1 4.00 164.00 168.00 OK

Check Details

Version: 1.1.1
Check: package dependencies
Result: NOTE
    Packages suggested but not available for checking:
     'BSgenome.Mmusculus.UCSC.mm9', 'BSgenome.Mmusculus.UCSC.mm10'
Flavors: r-devel-linux-x86_64-fedora-clang, r-devel-linux-x86_64-fedora-gcc, r-patched-solaris-x86, r-release-macos-x86_64

Version: 1.1.1
Check: package dependencies
Result: ERROR
    Package required but not available: ‘BSgenome.Hsapiens.UCSC.hg19’
    
    Packages suggested but not available for checking:
     'BSgenome.Hsapiens.UCSC.hg38', 'BSgenome.Mmusculus.UCSC.mm9',
     'BSgenome.Mmusculus.UCSC.mm10'
    
    See section ‘The DESCRIPTION file’ in the ‘Writing R Extensions’
    manual.
Flavor: r-oldrel-macos-x86_64