CRAN Package Check Results for Package ActuDistns

Last updated on 2014-04-19 01:48:14.

Flavor Version Tinstall Tcheck Ttotal Status Flags
r-devel-linux-x86_64-debian-clang 3.0 2.38 24.15 26.53 NOTE
r-devel-linux-x86_64-debian-gcc NOTE
r-devel-linux-x86_64-fedora-clang 3.0 51.31 NOTE
r-devel-linux-x86_64-fedora-gcc 3.0 47.89 NOTE
r-devel-macosx-x86_64-clang 3.0 50.16 NOTE
r-devel-macosx-x86_64-gcc 3.0 NOTE
r-devel-windows-ix86+x86_64 3.0 5.00 38.00 43.00 NOTE
r-patched-linux-x86_64 3.0 2.04 24.79 26.84 NOTE
r-patched-solaris-sparc 3.0 284.30 NOTE
r-patched-solaris-x86 3.0 62.80 NOTE
r-release-linux-ix86 3.0 5.00 66.00 71.00 NOTE
r-release-linux-x86_64 3.0 2.02 25.04 27.06 NOTE
r-release-windows-ix86+x86_64 3.0 6.00 38.00 44.00 NOTE
r-oldrel-windows-ix86+x86_64 3.0 7.00 36.00 43.00 NOTE

Check Details

Version: 3.0
Check: dependencies in R code
Result: NOTE
    Packages in Depends field not imported from:
     ‘actuar’ ‘hypergeo’ ‘reliaR’
     These packages need to be imported from (in the NAMESPACE file)
     for when this namespace is loaded but not attached.
    See the information on DESCRIPTION files in the chapter ‘Creating R
    packages’ of the ‘Writing R Extensions’ manual.
Flavors: r-devel-linux-x86_64-debian-clang, r-devel-linux-x86_64-debian-gcc, r-devel-linux-x86_64-fedora-clang, r-devel-linux-x86_64-fedora-gcc, r-devel-macosx-x86_64-clang, r-devel-macosx-x86_64-gcc, r-devel-windows-ix86+x86_64, r-patched-linux-x86_64, r-patched-solaris-sparc, r-patched-solaris-x86, r-release-linux-ix86, r-release-linux-x86_64, r-release-windows-ix86+x86_64, r-oldrel-windows-ix86+x86_64