CRAN Package Check Results for Package ActuDistns

Last updated on 2014-09-03 05:47:36.

Flavor Version Tinstall Tcheck Ttotal Status Flags
r-devel-linux-x86_64-debian-clang 3.0 2.02 22.56 24.58 NOTE
r-devel-linux-x86_64-debian-gcc 3.0 2.35 22.23 24.58 NOTE
r-devel-linux-x86_64-fedora-clang 3.0 49.83 NOTE
r-devel-linux-x86_64-fedora-gcc 3.0 48.09 NOTE
r-devel-osx-x86_64-clang 3.0 46.22 NOTE
r-devel-windows-ix86+x86_64 3.0 7.00 38.00 45.00 NOTE
r-patched-linux-x86_64 3.0 2.38 23.56 25.94 NOTE
r-patched-solaris-sparc 3.0 298.40 NOTE
r-patched-solaris-x86 3.0 63.00 NOTE
r-release-linux-ix86 3.0 2.59 31.08 33.67 NOTE
r-release-linux-x86_64 3.0 1.96 24.29 26.26 NOTE
r-release-osx-x86_64-mavericks 3.0 NOTE
r-release-windows-ix86+x86_64 3.0 6.00 38.00 44.00 NOTE
r-oldrel-windows-ix86+x86_64 3.0 7.00 40.00 47.00 NOTE

Check Details

Version: 3.0
Check: dependencies in R code
Result: NOTE
    Packages in Depends field not imported from:
     ‘actuar’ ‘hypergeo’ ‘reliaR’
     These packages need to be imported from (in the NAMESPACE file)
     for when this namespace is loaded but not attached.
    See the information on DESCRIPTION files in the chapter ‘Creating R
    packages’ of the ‘Writing R Extensions’ manual.
Flavors: r-devel-linux-x86_64-debian-clang, r-devel-linux-x86_64-debian-gcc, r-devel-linux-x86_64-fedora-clang, r-devel-linux-x86_64-fedora-gcc, r-devel-osx-x86_64-clang, r-devel-windows-ix86+x86_64, r-patched-linux-x86_64, r-patched-solaris-sparc, r-patched-solaris-x86, r-release-linux-ix86, r-release-linux-x86_64, r-release-osx-x86_64-mavericks, r-release-windows-ix86+x86_64, r-oldrel-windows-ix86+x86_64

Version: 3.0
Check: R code for possible problems
Result: NOTE
    dburrx: no visible global function definition for ‘dburrX’
    dee: no visible global function definition for ‘dgen.exp’
    del: no visible global function definition for ‘dexpo.logistic’
    dew: no visible global function definition for ‘dexpo.weibull’
    dgumbeld: no visible global function definition for ‘dgumbel’
    dige: no visible global function definition for ‘dinv.genexp’
    dle: no visible global function definition for ‘dlogis.exp’
    dlgammad: no visible global function definition for ‘dlgamma’
    dlr: no visible global function definition for ‘dlogis.rayleigh’
    hburrx: no visible global function definition for ‘dburrX’
    hburrx: no visible global function definition for ‘pburrX’
    hee: no visible global function definition for ‘dgen.exp’
    hee: no visible global function definition for ‘pgen.exp’
    hel: no visible global function definition for ‘dexpo.logistic’
    hel: no visible global function definition for ‘pexpo.logistic’
    hew: no visible global function definition for ‘dexpo.weibull’
    hew: no visible global function definition for ‘pexpo.weibull’
    hgumbel: no visible global function definition for ‘dgumbel’
    hgumbel: no visible global function definition for ‘pgumbel’
    hige: no visible global function definition for ‘dinv.genexp’
    hige: no visible global function definition for ‘pinv.genexp’
    hle: no visible global function definition for ‘dlogis.exp’
    hle: no visible global function definition for ‘plogis.exp’
    hlgamma: no visible global function definition for ‘dlgamma’
    hlgamma: no visible global function definition for ‘plgamma’
    hlr: no visible global function definition for ‘dlogis.rayleigh’
    hlr: no visible global function definition for ‘plogis.rayleigh’
    iburrx: no visible global function definition for ‘pburrX’
    iee: no visible global function definition for ‘pgen.exp’
    iel: no visible global function definition for ‘pexpo.logistic’
    iew: no visible global function definition for ‘pexpo.weibull’
    igumbel: no visible global function definition for ‘pgumbel’
    iige: no visible global function definition for ‘pinv.genexp’
    ilai: no visible global function definition for ‘genhypergeo’
    ile: no visible global function definition for ‘plogis.exp’
    ilgamma: no visible global function definition for ‘plgamma’
    ilr: no visible global function definition for ‘plogis.rayleigh’
    qburrx: no visible global function definition for ‘qburrX’
    qburrx: no visible global function definition for ‘pburrX’
    qee: no visible global function definition for ‘qgen.exp’
    qee: no visible global function definition for ‘pgen.exp’
    qel: no visible global function definition for ‘qexpo.logistic’
    qel: no visible global function definition for ‘pexpo.logistic’
    qew: no visible global function definition for ‘qexpo.weibull’
    qew: no visible global function definition for ‘pexpo.weibull’
    qgumbeld: no visible global function definition for ‘qgumbel’
    qgumbeld: no visible global function definition for ‘pgumbel’
    qige: no visible global function definition for ‘qinv.genexp’
    qige: no visible global function definition for ‘pinv.genexp’
    qlai : ff: no visible global function definition for ‘genhypergeo’
    qle: no visible global function definition for ‘qlogis.exp’
    qle: no visible global function definition for ‘plogis.exp’
    qlgammad: no visible global function definition for ‘qlgamma’
    qlgammad: no visible global function definition for ‘plgamma’
    qlr: no visible global function definition for ‘qlogis.rayleigh’
    qlr: no visible global function definition for ‘plogis.rayleigh’
Flavors: r-devel-linux-x86_64-debian-clang, r-devel-linux-x86_64-debian-gcc, r-devel-linux-x86_64-fedora-clang, r-devel-linux-x86_64-fedora-gcc, r-devel-osx-x86_64-clang, r-devel-windows-ix86+x86_64