CRAN Package Check Results for Package ActuDistns

Last updated on 2014-07-25 17:47:56.

Flavor Version Tinstall Tcheck Ttotal Status Flags
r-devel-linux-x86_64-debian-clang 3.0 2.07 23.73 25.80 NOTE
r-devel-linux-x86_64-debian-gcc 3.0 2.06 23.89 25.94 NOTE
r-devel-linux-x86_64-fedora-clang 3.0 52.57 NOTE
r-devel-linux-x86_64-fedora-gcc 3.0 48.86 NOTE
r-devel-osx-x86_64-clang 3.0 48.29 NOTE
r-devel-windows-ix86+x86_64 3.0 7.00 39.00 46.00 NOTE
r-patched-linux-x86_64 3.0 1.92 23.24 25.16 NOTE
r-patched-solaris-sparc 3.0 284.30 NOTE
r-patched-solaris-x86 3.0 62.10 NOTE
r-release-linux-ix86 3.0 3.53 31.06 34.59 NOTE
r-release-linux-x86_64 3.0 2.12 23.50 25.62 NOTE
r-release-osx-x86_64-mavericks 3.0 NOTE
r-release-windows-ix86+x86_64 3.0 6.00 38.00 44.00 NOTE
r-oldrel-windows-ix86+x86_64 3.0 6.00 37.00 43.00 NOTE

Check Details

Version: 3.0
Check: dependencies in R code
Result: NOTE
    Packages in Depends field not imported from:
     ‘actuar’ ‘hypergeo’ ‘reliaR’
     These packages need to be imported from (in the NAMESPACE file)
     for when this namespace is loaded but not attached.
    See the information on DESCRIPTION files in the chapter ‘Creating R
    packages’ of the ‘Writing R Extensions’ manual.
Flavors: r-devel-linux-x86_64-debian-clang, r-devel-linux-x86_64-debian-gcc, r-devel-linux-x86_64-fedora-clang, r-devel-linux-x86_64-fedora-gcc, r-devel-osx-x86_64-clang, r-devel-windows-ix86+x86_64, r-patched-linux-x86_64, r-patched-solaris-sparc, r-patched-solaris-x86, r-release-linux-ix86, r-release-linux-x86_64, r-release-osx-x86_64-mavericks, r-release-windows-ix86+x86_64, r-oldrel-windows-ix86+x86_64