CRAN Package Check Results for Package AdMit

Last updated on 2014-07-23 08:49:43.

Flavor Version Tinstall Tcheck Ttotal Status Flags
r-devel-linux-x86_64-debian-clang 2.0.1 1.11 27.49 28.60 NOTE
r-devel-linux-x86_64-debian-gcc 2.0.1 1.03 27.16 28.19 NOTE
r-devel-linux-x86_64-fedora-clang 2.0.1 65.97 NOTE
r-devel-linux-x86_64-fedora-gcc 2.0.1 59.71 NOTE
r-devel-osx-x86_64-clang 2.0.1 56.54 NOTE
r-devel-windows-ix86+x86_64 2.0.1 7.00 58.00 65.00 NOTE
r-patched-linux-x86_64 2.0.1 1.10 27.20 28.30 NOTE
r-patched-solaris-sparc 2.0.1 352.50 NOTE
r-patched-solaris-x86 2.0.1 84.10 NOTE
r-release-linux-ix86 2.0.1 1.60 40.40 42.00 NOTE
r-release-linux-x86_64 2.0.1 1.22 27.48 28.70 NOTE
r-release-osx-x86_64-mavericks 2.0.1 NOTE
r-release-osx-x86_64-snowleopard 2.0.1 OK
r-release-windows-ix86+x86_64 2.0.1 8.00 57.00 65.00 NOTE
r-oldrel-windows-ix86+x86_64 2.0.1 9.00 58.00 67.00 NOTE

Check Details

Version: 2.0.1
Check: dependencies in R code
Result: NOTE
    Package in Depends field not imported from: ‘mvtnorm’
     These packages need to be imported from (in the NAMESPACE file)
     for when this namespace is loaded but not attached.
    See the information on DESCRIPTION files in the chapter ‘Creating R
    packages’ of the ‘Writing R Extensions’ manual.
Flavors: r-devel-linux-x86_64-debian-clang, r-devel-linux-x86_64-debian-gcc, r-devel-linux-x86_64-fedora-clang, r-devel-linux-x86_64-fedora-gcc, r-devel-osx-x86_64-clang, r-devel-windows-ix86+x86_64, r-patched-linux-x86_64, r-patched-solaris-sparc, r-patched-solaris-x86, r-release-linux-ix86, r-release-linux-x86_64, r-release-osx-x86_64-mavericks, r-release-windows-ix86+x86_64, r-oldrel-windows-ix86+x86_64

Version: 2.0.1
Check: foreign function calls
Result: NOTE
    Calls with DUP = FALSE:
     .C("fnMH_C", theta = as.double(as.vector(t(theta))), N = as.integer(N),
     k = as.integer(k), lnw = as.double(lnw), u = as.double(runif(N)),
     draws = vector("double", N * k), ns = as.integer(0), PACKAGE = "AdMit",
     NAOK = TRUE, DUP = FALSE)
     .C("fnlnf_C", lnp = as.double(log(fn.lambdap(lambda))), lnk = as.double(as.vector(t(lnK))),
     lnd = as.double(as.vector(t(lnD))), Np = as.integer(Np),
     H = as.integer(H), f = as.double(0), grad = vector("double",
     H), PACKAGE = "AdMit", NAOK = TRUE, DUP = FALSE)
    DUP = FALSE is deprecated and may be disabled in future versions of R.
Flavors: r-devel-linux-x86_64-debian-clang, r-devel-linux-x86_64-debian-gcc, r-devel-linux-x86_64-fedora-clang, r-devel-linux-x86_64-fedora-gcc, r-devel-osx-x86_64-clang, r-devel-windows-ix86+x86_64, r-patched-linux-x86_64, r-patched-solaris-sparc, r-patched-solaris-x86, r-release-linux-ix86, r-release-linux-x86_64, r-release-osx-x86_64-mavericks, r-release-windows-ix86+x86_64