CRAN Package Check Results for Package AdMit

Last updated on 2014-04-23 17:47:40.

Flavor Version Tinstall Tcheck Ttotal Status Flags
r-devel-linux-x86_64-debian-clang 2.0.1 1.11 29.26 30.38 NOTE
r-devel-linux-x86_64-debian-gcc 2.0.1 1.15 29.96 31.11 NOTE
r-devel-linux-x86_64-fedora-clang 2.0.1 64.84 NOTE
r-devel-linux-x86_64-fedora-gcc 2.0.1 63.46 NOTE
r-devel-osx-x86_64-clang 2.0.1 57.68 NOTE
r-devel-osx-x86_64-gcc 2.0.1 NOTE
r-devel-windows-ix86+x86_64 2.0.1 7.00 59.00 66.00 NOTE
r-patched-linux-x86_64 2.0.1 1.08 28.62 29.69 NOTE
r-patched-solaris-sparc 2.0.1 352.50 NOTE
r-patched-solaris-x86 2.0.1 87.10 NOTE
r-release-linux-ix86 2.0.1 2.00 55.00 57.00 NOTE
r-release-linux-x86_64 2.0.1 1.10 28.52 29.62 NOTE
r-release-osx-x86_64-mavericks 2.0.1 WARN
r-release-osx-x86_64-snowleopard 2.0.1 OK
r-release-windows-ix86+x86_64 2.0.1 8.00 59.00 67.00 NOTE
r-oldrel-windows-ix86+x86_64 2.0.1 8.00 58.00 66.00 NOTE

Check Details

Version: 2.0.1
Check: dependencies in R code
Result: NOTE
    Package in Depends field not imported from: ‘mvtnorm’
     These packages need to be imported from (in the NAMESPACE file)
     for when this namespace is loaded but not attached.
    See the information on DESCRIPTION files in the chapter ‘Creating R
    packages’ of the ‘Writing R Extensions’ manual.
Flavors: r-devel-linux-x86_64-debian-clang, r-devel-linux-x86_64-debian-gcc, r-devel-linux-x86_64-fedora-clang, r-devel-linux-x86_64-fedora-gcc, r-devel-osx-x86_64-clang, r-devel-osx-x86_64-gcc, r-devel-windows-ix86+x86_64, r-patched-linux-x86_64, r-patched-solaris-sparc, r-patched-solaris-x86, r-release-linux-ix86, r-release-linux-x86_64, r-release-osx-x86_64-mavericks, r-release-windows-ix86+x86_64, r-oldrel-windows-ix86+x86_64

Version: 2.0.1
Check: foreign function calls
Result: NOTE
    Calls with DUP = FALSE:
     .C("fnMH_C", theta = as.double(as.vector(t(theta))), N = as.integer(N),
     k = as.integer(k), lnw = as.double(lnw), u = as.double(runif(N)),
     draws = vector("double", N * k), ns = as.integer(0), PACKAGE = "AdMit",
     NAOK = TRUE, DUP = FALSE)
     .C("fnlnf_C", lnp = as.double(log(fn.lambdap(lambda))), lnk = as.double(as.vector(t(lnK))),
     lnd = as.double(as.vector(t(lnD))), Np = as.integer(Np),
     H = as.integer(H), f = as.double(0), grad = vector("double",
     H), PACKAGE = "AdMit", NAOK = TRUE, DUP = FALSE)
    DUP = FALSE is deprecated and may be disabled in future versions of R.
Flavors: r-devel-linux-x86_64-debian-clang, r-devel-linux-x86_64-debian-gcc, r-devel-linux-x86_64-fedora-clang, r-devel-linux-x86_64-fedora-gcc, r-devel-osx-x86_64-clang, r-devel-osx-x86_64-gcc, r-devel-windows-ix86+x86_64, r-patched-linux-x86_64, r-patched-solaris-sparc, r-patched-solaris-x86, r-release-linux-ix86, r-release-linux-x86_64, r-release-osx-x86_64-mavericks, r-release-windows-ix86+x86_64

Version: 2.0.1
Check: PDF version of manual
Result: WARNING
    LaTeX errors when creating PDF version.
    This typically indicates Rd problems.
    LaTeX errors found:
    ! LaTeX Error: File `upquote.sty' not found.
    
    Type X to quit or <RETURN> to proceed,
    or enter new name. (Default extension: sty)
    
    218954e/Rd2.tex:8: ==> Fatal error occurred, no output PDF file produced!
Flavor: r-release-osx-x86_64-mavericks