CRAN Package Check Results for Package AdMit

Last updated on 2018-05-21 10:49:42 CEST.

Flavor Version Tinstall Tcheck Ttotal Status Flags
r-devel-linux-x86_64-debian-clang 2.1.3 2.42 36.54 38.96 NOTE
r-devel-linux-x86_64-debian-gcc 2.1.3 1.53 30.73 32.26 NOTE
r-devel-linux-x86_64-fedora-clang 2.1.3 55.58 NOTE
r-devel-linux-x86_64-fedora-gcc 2.1.3 53.62 NOTE
r-devel-windows-ix86+x86_64 2.1.3 13.00 66.00 79.00 OK
r-patched-linux-x86_64 2.1.3 2.09 38.40 40.49 NOTE
r-patched-solaris-x86 2.1.3 69.90 OK
r-release-linux-x86_64 2.1.3 1.96 38.16 40.12 NOTE
r-release-windows-ix86+x86_64 2.1.3 13.00 85.00 98.00 OK
r-release-osx-x86_64 2.1.3 OK
r-oldrel-windows-ix86+x86_64 2.1.3 9.00 87.00 96.00 OK
r-oldrel-osx-x86_64 2.1.3 OK

Check Details

Version: 2.1.3
Check: compiled code
Result: NOTE
    File ‘AdMit/libs/AdMit.so’:
     Found no calls to: ‘R_registerRoutines’, ‘R_useDynamicSymbols’
    
    It is good practice to register native routines and to disable symbol
    search.
    
    See ‘Writing portable packages’ in the ‘Writing R Extensions’ manual.
Flavors: r-devel-linux-x86_64-debian-clang, r-devel-linux-x86_64-debian-gcc, r-devel-linux-x86_64-fedora-clang, r-devel-linux-x86_64-fedora-gcc, r-patched-linux-x86_64, r-release-linux-x86_64