CRAN Package Check Results for Package AdMit

Last updated on 2017-09-22 05:47:48.

Flavor Version Tinstall Tcheck Ttotal Status Flags
r-devel-linux-x86_64-debian-clang 2.1.3 1.21 28.66 29.88 NOTE
r-devel-linux-x86_64-debian-gcc 2.1.3 1.24 27.40 28.64 NOTE
r-devel-linux-x86_64-fedora-clang 2.1.3 53.08 NOTE
r-devel-linux-x86_64-fedora-gcc 2.1.3 52.02 NOTE
r-devel-windows-ix86+x86_64 2.1.3 7.00 62.00 69.00 OK
r-patched-linux-x86_64 2.1.3 1.17 27.63 28.80 NOTE
r-patched-solaris-x86 2.1.3 67.10 OK
r-release-linux-x86_64 2.1.3 2.30 27.53 29.83 NOTE
r-release-windows-ix86+x86_64 2.1.3 7.00 70.00 77.00 OK
r-release-osx-x86_64 2.1.3 OK
r-oldrel-windows-ix86+x86_64 2.1.3 7.00 64.00 71.00 OK
r-oldrel-osx-x86_64 2.1.3 OK

Check Details

Version: 2.1.3
Check: compiled code
Result: NOTE
    File ‘AdMit/libs/AdMit.so’:
     Found no calls to: ‘R_registerRoutines’, ‘R_useDynamicSymbols’
    
    It is good practice to register native routines and to disable symbol
    search.
    
    See ‘Writing portable packages’ in the ‘Writing R Extensions’ manual.
Flavors: r-devel-linux-x86_64-debian-clang, r-devel-linux-x86_64-debian-gcc, r-devel-linux-x86_64-fedora-clang, r-devel-linux-x86_64-fedora-gcc, r-patched-linux-x86_64, r-release-linux-x86_64