CRAN Package Check Results for Package AdMit

Last updated on 2017-07-25 07:46:33.

Flavor Version Tinstall Tcheck Ttotal Status Flags
r-devel-linux-x86_64-debian-clang 2.1.3 1.24 34.77 36.01 NOTE
r-devel-linux-x86_64-debian-gcc 2.1.3 1.30 34.10 35.40 NOTE
r-devel-linux-x86_64-fedora-clang 2.1.3 57.32 NOTE
r-devel-linux-x86_64-fedora-gcc 2.1.3 60.47 NOTE
r-devel-windows-ix86+x86_64 2.1.3 8.00 70.00 78.00 OK
r-patched-linux-x86_64 2.1.3 1.20 34.29 35.49 NOTE
r-patched-solaris-x86 2.1.3 62.00 OK
r-release-linux-x86_64 2.1.3 1.23 34.10 35.33 NOTE
r-release-windows-ix86+x86_64 2.1.3 7.00 82.00 89.00 OK
r-release-osx-x86_64 2.1.3 OK
r-oldrel-windows-ix86+x86_64 2.1.3 8.00 71.00 79.00 OK
r-oldrel-osx-x86_64 2.1.3 OK

Check Details

Version: 2.1.3
Check: compiled code
Result: NOTE
    File ‘AdMit/libs/AdMit.so’:
     Found no calls to: ‘R_registerRoutines’, ‘R_useDynamicSymbols’
    
    It is good practice to register native routines and to disable symbol
    search.
    
    See ‘Writing portable packages’ in the ‘Writing R Extensions’ manual.
Flavors: r-devel-linux-x86_64-debian-clang, r-devel-linux-x86_64-debian-gcc, r-devel-linux-x86_64-fedora-clang, r-devel-linux-x86_64-fedora-gcc, r-patched-linux-x86_64, r-release-linux-x86_64