CRAN Package Check Results for Package AdMit

Last updated on 2019-11-14 22:49:09 CET.

Flavor Version Tinstall Tcheck Ttotal Status Flags
r-devel-linux-x86_64-debian-clang 2.1.3 3.11 41.49 44.60 OK
r-devel-linux-x86_64-debian-gcc 2.1.3 2.33 31.49 33.82 OK
r-devel-linux-x86_64-fedora-clang 2.1.3 59.79 NOTE
r-devel-linux-x86_64-fedora-gcc 2.1.3 53.49 NOTE
r-devel-windows-ix86+x86_64 2.1.3 21.00 96.00 117.00 OK
r-patched-linux-x86_64 2.1.3 2.70 39.11 41.81 OK
r-patched-solaris-x86 2.1.3 73.30 OK
r-release-linux-x86_64 2.1.3 2.58 38.47 41.05 OK
r-release-windows-ix86+x86_64 2.1.3 9.00 94.00 103.00 OK
r-release-osx-x86_64 2.1.3 OK
r-oldrel-windows-ix86+x86_64 2.1.3 8.00 90.00 98.00 OK
r-oldrel-osx-x86_64 2.1.3 OK

Check Details

Version: 2.1.3
Check: compiled code
Result: NOTE
    File ‘AdMit/libs/AdMit.so’:
     Found no calls to: ‘R_registerRoutines’, ‘R_useDynamicSymbols’
    
    It is good practice to register native routines and to disable symbol
    search.
    
    See ‘Writing portable packages’ in the ‘Writing R Extensions’ manual.
Flavors: r-devel-linux-x86_64-fedora-clang, r-devel-linux-x86_64-fedora-gcc