CRAN Package Check Results for Package AdMit

Last updated on 2018-01-18 20:48:47 CET.

Flavor Version Tinstall Tcheck Ttotal Status Flags
r-devel-linux-x86_64-debian-clang 2.1.3 1.67 38.93 40.60 NOTE
r-devel-linux-x86_64-debian-gcc 2.1.3 1.22 32.23 33.45 NOTE
r-devel-linux-x86_64-fedora-clang 2.1.3 53.89 NOTE
r-devel-linux-x86_64-fedora-gcc 2.1.3 56.95 NOTE
r-devel-windows-ix86+x86_64 2.1.3 8.00 92.00 100.00 OK
r-patched-linux-x86_64 2.1.3 1.57 41.22 42.79 NOTE
r-patched-solaris-x86 2.1.3 70.50 OK
r-release-linux-x86_64 2.1.3 1.54 41.29 42.83 NOTE
r-release-windows-ix86+x86_64 2.1.3 7.00 92.00 99.00 OK
r-release-osx-x86_64 2.1.3 OK
r-oldrel-windows-ix86+x86_64 2.1.3 8.00 85.00 93.00 OK
r-oldrel-osx-x86_64 2.1.3 OK

Check Details

Version: 2.1.3
Check: compiled code
Result: NOTE
    File ‘AdMit/libs/AdMit.so’:
     Found no calls to: ‘R_registerRoutines’, ‘R_useDynamicSymbols’
    
    It is good practice to register native routines and to disable symbol
    search.
    
    See ‘Writing portable packages’ in the ‘Writing R Extensions’ manual.
Flavors: r-devel-linux-x86_64-debian-clang, r-devel-linux-x86_64-debian-gcc, r-devel-linux-x86_64-fedora-clang, r-devel-linux-x86_64-fedora-gcc, r-patched-linux-x86_64, r-release-linux-x86_64