CRAN Package Check Results for Package AdMit

Last updated on 2017-11-20 23:49:14 CET.

Flavor Version Tinstall Tcheck Ttotal Status Flags
r-devel-linux-x86_64-debian-clang 2.1.3 1.20 26.63 27.82 NOTE
r-devel-linux-x86_64-debian-gcc 2.1.3 3.65 69.10 72.75 NOTE
r-devel-linux-x86_64-fedora-clang 2.1.3 48.19 NOTE
r-devel-linux-x86_64-fedora-gcc 2.1.3 52.05 NOTE
r-devel-windows-ix86+x86_64 2.1.3 12.00 69.00 81.00 OK
r-patched-linux-x86_64 2.1.3 1.34 27.02 28.37 NOTE
r-patched-solaris-x86 2.1.3 64.50 OK
r-release-linux-x86_64 2.1.3 1.31 26.82 28.13 NOTE
r-release-windows-ix86+x86_64 2.1.3 7.00 94.00 101.00 OK
r-release-osx-x86_64 2.1.3 OK
r-oldrel-windows-ix86+x86_64 2.1.3 8.00 81.00 89.00 OK
r-oldrel-osx-x86_64 2.1.3 OK

Check Details

Version: 2.1.3
Check: compiled code
Result: NOTE
    File ‘AdMit/libs/AdMit.so’:
     Found no calls to: ‘R_registerRoutines’, ‘R_useDynamicSymbols’
    
    It is good practice to register native routines and to disable symbol
    search.
    
    See ‘Writing portable packages’ in the ‘Writing R Extensions’ manual.
Flavors: r-devel-linux-x86_64-debian-clang, r-devel-linux-x86_64-debian-gcc, r-devel-linux-x86_64-fedora-clang, r-devel-linux-x86_64-fedora-gcc, r-patched-linux-x86_64, r-release-linux-x86_64