CRAN Package Check Results for Package AdMit

Last updated on 2017-03-29 03:50:15.

Flavor Version Tinstall Tcheck Ttotal Status Flags
r-devel-linux-x86_64-debian-clang 2.1.3 1.34 28.13 29.47 NOTE
r-devel-linux-x86_64-debian-gcc 2.1.3 1.21 27.55 28.76 NOTE
r-devel-linux-x86_64-fedora-clang 2.1.3 55.97 NOTE --no-stop-on-test-error
r-devel-linux-x86_64-fedora-gcc 2.1.3 59.40 NOTE --no-stop-on-test-error
r-devel-macos-x86_64-clang 2.1.3 38.20 NOTE --no-stop-on-test-error
r-devel-windows-ix86+x86_64 2.1.3 20.00 72.00 92.00 OK
r-patched-linux-x86_64 2.1.3 1.33 27.70 29.03 NOTE
r-patched-solaris-sparc 2.1.3 298.30 OK
r-patched-solaris-x86 2.1.3 62.20 OK
r-release-linux-x86_64 2.1.3 1.25 24.30 25.54 OK
r-release-osx-x86_64-mavericks 2.1.3 OK
r-release-windows-ix86+x86_64 2.1.3 10.00 131.00 141.00 OK
r-oldrel-windows-ix86+x86_64 2.1.3 7.00 70.00 77.00 OK

Check Details

Version: 2.1.3
Check: compiled code
Result: NOTE
    File ‘AdMit/libs/AdMit.so’:
     Found no calls to: ‘R_registerRoutines’, ‘R_useDynamicSymbols’
    
    It is good practice to register native routines and to disable symbol
    search.
    
    See ‘Writing portable packages’ in the ‘Writing R Extensions’ manual.
Flavors: r-devel-linux-x86_64-debian-clang, r-devel-linux-x86_64-debian-gcc, r-patched-linux-x86_64

Version: 2.1.3
Flags: --no-stop-on-test-error
Check: compiled code
Result: NOTE
    File ‘AdMit/libs/AdMit.so’:
     Found no calls to: ‘R_registerRoutines’, ‘R_useDynamicSymbols’
    
    It is good practice to register native routines and to disable symbol
    search.
    
    See ‘Writing portable packages’ in the ‘Writing R Extensions’ manual.
Flavors: r-devel-linux-x86_64-fedora-clang, r-devel-linux-x86_64-fedora-gcc, r-devel-macos-x86_64-clang