CRAN Package Check Results for Package AdMit

Last updated on 2015-06-30 12:47:04.

Flavor Version Tinstall Tcheck Ttotal Status Flags
r-devel-linux-x86_64-debian-clang 2.0.1 1.07 28.68 29.76 NOTE
r-devel-linux-x86_64-debian-gcc 2.0.1 1.26 28.10 29.36 NOTE
r-devel-linux-x86_64-fedora-clang 2.0.1 57.00 NOTE
r-devel-linux-x86_64-fedora-gcc 2.0.1 54.81 NOTE
r-devel-osx-x86_64-clang 2.0.1 49.12 NOTE
r-devel-windows-ix86+x86_64 2.0.1 13.00 78.00 91.00 NOTE
r-patched-linux-x86_64 2.0.1 1.08 28.19 29.26 NOTE
r-patched-solaris-sparc 2.0.1 367.20 NOTE
r-patched-solaris-x86 2.0.1 72.60 NOTE
r-release-linux-x86_64 2.0.1 1.14 28.54 29.68 NOTE
r-release-osx-x86_64-mavericks 2.0.1 NOTE
r-release-windows-ix86+x86_64 2.0.1 11.00 83.00 94.00 NOTE
r-oldrel-windows-ix86+x86_64 2.0.1 10.00 63.00 73.00 NOTE

Check Details

Version: 2.0.1
Check: dependencies in R code
Result: NOTE
    Package in Depends field not imported from: ‘mvtnorm’
     These packages need to be imported from (in the NAMESPACE file)
     for when this namespace is loaded but not attached.
Flavors: r-devel-linux-x86_64-debian-clang, r-devel-linux-x86_64-debian-gcc, r-devel-linux-x86_64-fedora-clang, r-devel-linux-x86_64-fedora-gcc, r-devel-osx-x86_64-clang, r-devel-windows-ix86+x86_64, r-patched-linux-x86_64, r-patched-solaris-sparc, r-patched-solaris-x86, r-release-linux-x86_64, r-release-osx-x86_64-mavericks, r-release-windows-ix86+x86_64, r-oldrel-windows-ix86+x86_64

Version: 2.0.1
Check: foreign function calls
Result: NOTE
    Calls with DUP:
     .C("fnMH_C", theta = as.double(as.vector(t(theta))), N = as.integer(N),
     k = as.integer(k), lnw = as.double(lnw), u = as.double(runif(N)),
     draws = vector("double", N * k), ns = as.integer(0), PACKAGE = "AdMit",
     NAOK = TRUE, DUP = FALSE)
     .C("fnlnf_C", lnp = as.double(log(fn.lambdap(lambda))), lnk = as.double(as.vector(t(lnK))),
     lnd = as.double(as.vector(t(lnD))), Np = as.integer(Np),
     H = as.integer(H), f = as.double(0), grad = vector("double",
     H), PACKAGE = "AdMit", NAOK = TRUE, DUP = FALSE)
    DUP is no longer supported and will be ignored.
Flavors: r-devel-linux-x86_64-debian-clang, r-devel-linux-x86_64-debian-gcc, r-devel-linux-x86_64-fedora-clang, r-devel-linux-x86_64-fedora-gcc, r-devel-osx-x86_64-clang, r-devel-windows-ix86+x86_64, r-patched-linux-x86_64, r-patched-solaris-sparc, r-patched-solaris-x86, r-release-linux-x86_64, r-release-osx-x86_64-mavericks, r-release-windows-ix86+x86_64

Version: 2.0.1
Check: R code for possible problems
Result: NOTE
    AdMitMH: no visible global function definition for ‘runif’
    fn.CV: no visible global function definition for ‘sd’
    fn.dmvt: no visible global function definition for ‘dmvt’
    fn.optmu : fn.optmu_sub: no visible global function definition for
     ‘optim’
    fn.optp: no visible global function definition for ‘nlminb’
    fn.optp: no visible global function definition for ‘optim’
    fn.rmvt: no visible global function definition for ‘rmvt’
Flavors: r-devel-linux-x86_64-debian-clang, r-devel-linux-x86_64-debian-gcc, r-devel-windows-ix86+x86_64

Version: 2.0.1
Check: R code for possible problems
Result: NOTE
    fn.dmvt: no visible global function definition for ‘dmvt’
    fn.rmvt: no visible global function definition for ‘rmvt’
Flavors: r-devel-linux-x86_64-fedora-clang, r-devel-linux-x86_64-fedora-gcc, r-devel-osx-x86_64-clang, r-patched-linux-x86_64, r-patched-solaris-sparc, r-patched-solaris-x86, r-release-linux-x86_64, r-release-osx-x86_64-mavericks, r-release-windows-ix86+x86_64, r-oldrel-windows-ix86+x86_64

Version: 2.0.1
Check: foreign function calls
Result: NOTE
    Calls with DUP != TRUE:
     .C("fnMH_C", theta = as.double(as.vector(t(theta))), N = as.integer(N),
     k = as.integer(k), lnw = as.double(lnw), u = as.double(runif(N)),
     draws = vector("double", N * k), ns = as.integer(0), PACKAGE = "AdMit",
     NAOK = TRUE, DUP = FALSE)
     .C("fnlnf_C", lnp = as.double(log(fn.lambdap(lambda))), lnk = as.double(as.vector(t(lnK))),
     lnd = as.double(as.vector(t(lnD))), Np = as.integer(Np),
     H = as.integer(H), f = as.double(0), grad = vector("double",
     H), PACKAGE = "AdMit", NAOK = TRUE, DUP = FALSE)
    DUP = FALSE is deprecated and will be disabled in future versions of R.
Flavor: r-oldrel-windows-ix86+x86_64