CRAN Package Check Results for Package AdMit

Last updated on 2017-02-19 23:47:55.

Flavor Version Tinstall Tcheck Ttotal Status Flags
r-devel-linux-x86_64-debian-clang 2.1.3 1.26 28.36 29.62 NOTE
r-devel-linux-x86_64-debian-gcc 2.1.3 1.20 27.31 28.51 NOTE
r-devel-linux-x86_64-fedora-clang 2.1.3 55.80 NOTE --no-stop-on-test-error
r-devel-linux-x86_64-fedora-gcc 2.1.3 57.23 NOTE --no-stop-on-test-error
r-devel-macos-x86_64-clang 2.1.3 39.69 NOTE --no-stop-on-test-error
r-devel-windows-ix86+x86_64 2.1.3 8.00 96.00 104.00 OK
r-patched-linux-x86_64 2.1.3 1.20 23.65 24.85 OK
r-patched-solaris-sparc 2.1.3 264.80 OK
r-patched-solaris-x86 2.1.3 53.80 OK
r-release-linux-x86_64 2.1.3 1.16 23.50 24.66 OK
r-release-osx-x86_64-mavericks 2.1.3 OK
r-release-windows-ix86+x86_64 2.1.3 6.00 61.00 67.00 OK
r-oldrel-windows-ix86+x86_64 2.1.3 13.00 88.00 101.00 OK

Check Details

Version: 2.1.3
Check: compiled code
Result: NOTE
    File ‘AdMit/libs/AdMit.so’:
     Found no calls to: ‘R_registerRoutines’, ‘R_useDynamicSymbols’
    
    It is good practice to register native routines and to disable symbol
    search.
    
    See ‘Writing portable packages’ in the ‘Writing R Extensions’ manual.
Flavors: r-devel-linux-x86_64-debian-clang, r-devel-linux-x86_64-debian-gcc

Version: 2.1.3
Flags: --no-stop-on-test-error
Check: compiled code
Result: NOTE
    File ‘AdMit/libs/AdMit.so’:
     Found no calls to: ‘R_registerRoutines’, ‘R_useDynamicSymbols’
    
    It is good practice to register native routines and to disable symbol
    search.
    
    See ‘Writing portable packages’ in the ‘Writing R Extensions’ manual.
Flavors: r-devel-linux-x86_64-fedora-clang, r-devel-linux-x86_64-fedora-gcc, r-devel-macos-x86_64-clang