CRAN Package Check Results for Package AdMit

Last updated on 2014-09-01 11:48:49.

Flavor Version Tinstall Tcheck Ttotal Status Flags
r-devel-linux-x86_64-debian-clang 2.0.1 1.07 26.53 27.60 NOTE
r-devel-linux-x86_64-debian-gcc 2.0.1 1.08 26.41 27.49 NOTE
r-devel-linux-x86_64-fedora-clang 2.0.1 62.54 NOTE
r-devel-linux-x86_64-fedora-gcc 2.0.1 60.88 NOTE
r-devel-osx-x86_64-clang 2.0.1 54.31 NOTE
r-devel-windows-ix86+x86_64 2.0.1 7.00 57.00 64.00 NOTE
r-patched-linux-x86_64 2.0.1 1.17 27.24 28.41 NOTE
r-patched-solaris-sparc 2.0.1 358.90 NOTE
r-patched-solaris-x86 2.0.1 84.40 NOTE
r-release-linux-ix86 2.0.1 1.62 40.23 41.85 NOTE
r-release-linux-x86_64 2.0.1 1.08 27.47 28.55 NOTE
r-release-osx-x86_64-mavericks 2.0.1 NOTE
r-release-osx-x86_64-snowleopard 2.0.1 OK
r-release-windows-ix86+x86_64 2.0.1 7.00 83.00 90.00 NOTE
r-oldrel-windows-ix86+x86_64 2.0.1 11.00 61.00 72.00 NOTE

Check Details

Version: 2.0.1
Check: dependencies in R code
Result: NOTE
    Package in Depends field not imported from: ‘mvtnorm’
     These packages need to be imported from (in the NAMESPACE file)
     for when this namespace is loaded but not attached.
    See the information on DESCRIPTION files in the chapter ‘Creating R
    packages’ of the ‘Writing R Extensions’ manual.
Flavors: r-devel-linux-x86_64-debian-clang, r-devel-linux-x86_64-debian-gcc, r-devel-linux-x86_64-fedora-clang, r-devel-linux-x86_64-fedora-gcc, r-devel-osx-x86_64-clang, r-devel-windows-ix86+x86_64, r-patched-linux-x86_64, r-patched-solaris-sparc, r-patched-solaris-x86, r-release-linux-ix86, r-release-linux-x86_64, r-release-osx-x86_64-mavericks, r-release-windows-ix86+x86_64, r-oldrel-windows-ix86+x86_64

Version: 2.0.1
Check: foreign function calls
Result: NOTE
    Calls with DUP = FALSE:
     .C("fnMH_C", theta = as.double(as.vector(t(theta))), N = as.integer(N),
     k = as.integer(k), lnw = as.double(lnw), u = as.double(runif(N)),
     draws = vector("double", N * k), ns = as.integer(0), PACKAGE = "AdMit",
     NAOK = TRUE, DUP = FALSE)
     .C("fnlnf_C", lnp = as.double(log(fn.lambdap(lambda))), lnk = as.double(as.vector(t(lnK))),
     lnd = as.double(as.vector(t(lnD))), Np = as.integer(Np),
     H = as.integer(H), f = as.double(0), grad = vector("double",
     H), PACKAGE = "AdMit", NAOK = TRUE, DUP = FALSE)
    DUP = FALSE is deprecated and may be disabled in future versions of R.
Flavors: r-devel-linux-x86_64-debian-clang, r-devel-linux-x86_64-debian-gcc, r-devel-linux-x86_64-fedora-clang, r-devel-linux-x86_64-fedora-gcc, r-devel-osx-x86_64-clang, r-devel-windows-ix86+x86_64, r-patched-linux-x86_64, r-patched-solaris-sparc, r-patched-solaris-x86, r-release-linux-ix86, r-release-linux-x86_64, r-release-osx-x86_64-mavericks, r-release-windows-ix86+x86_64

Version: 2.0.1
Check: R code for possible problems
Result: NOTE
    fn.dmvt: no visible global function definition for ‘dmvt’
    fn.rmvt: no visible global function definition for ‘rmvt’
Flavors: r-devel-linux-x86_64-debian-clang, r-devel-linux-x86_64-debian-gcc, r-devel-linux-x86_64-fedora-clang, r-devel-linux-x86_64-fedora-gcc, r-devel-osx-x86_64-clang, r-devel-windows-ix86+x86_64