CRAN Package Check Results for Package AdMit

Last updated on 2017-05-25 17:47:47.

Flavor Version Tinstall Tcheck Ttotal Status Flags
r-devel-linux-x86_64-debian-clang 2.1.3 1.29 28.98 30.28 NOTE
r-devel-linux-x86_64-debian-gcc 2.1.3 1.24 27.52 28.76 NOTE
r-devel-linux-x86_64-fedora-clang 2.1.3 58.56 NOTE --no-stop-on-test-error
r-devel-linux-x86_64-fedora-gcc 2.1.3 55.38 NOTE --no-stop-on-test-error
r-devel-windows-ix86+x86_64 2.1.3 7.00 87.00 94.00 OK
r-patched-linux-x86_64 2.1.3 1.20 27.32 28.52 NOTE
r-patched-solaris-sparc 2.1.3 298.30 OK
r-patched-solaris-x86 2.1.3 62.40 OK
r-release-linux-x86_64 2.1.3 1.22 27.21 28.43 NOTE
r-release-windows-ix86+x86_64 2.1.3 15.00 239.00 254.00 OK
r-release-osx-x86_64 2.1.3 OK
r-oldrel-windows-ix86+x86_64 2.1.3 12.00 79.00 91.00 OK
r-oldrel-osx-x86_64 2.1.3 OK

Check Details

Version: 2.1.3
Check: compiled code
Result: NOTE
    File ‘AdMit/libs/AdMit.so’:
     Found no calls to: ‘R_registerRoutines’, ‘R_useDynamicSymbols’
    
    It is good practice to register native routines and to disable symbol
    search.
    
    See ‘Writing portable packages’ in the ‘Writing R Extensions’ manual.
Flavors: r-devel-linux-x86_64-debian-clang, r-devel-linux-x86_64-debian-gcc, r-patched-linux-x86_64, r-release-linux-x86_64

Version: 2.1.3
Flags: --no-stop-on-test-error
Check: compiled code
Result: NOTE
    File ‘AdMit/libs/AdMit.so’:
     Found no calls to: ‘R_registerRoutines’, ‘R_useDynamicSymbols’
    
    It is good practice to register native routines and to disable symbol
    search.
    
    See ‘Writing portable packages’ in the ‘Writing R Extensions’ manual.
Flavors: r-devel-linux-x86_64-fedora-clang, r-devel-linux-x86_64-fedora-gcc