CRAN Package Check Results for Package AdapEnetClass

Last updated on 2014-12-21 09:51:21.

Flavor Version Tinstall Tcheck Ttotal Status Flags
r-devel-linux-x86_64-debian-clang 1.1 3.80 52.52 56.32 WARN
r-devel-linux-x86_64-debian-gcc 1.1 3.62 51.89 55.51 WARN
r-devel-linux-x86_64-fedora-clang 1.1 129.39 WARN
r-devel-linux-x86_64-fedora-gcc 1.1 124.34 WARN
r-devel-osx-x86_64-clang 1.1 105.79 WARN
r-devel-windows-ix86+x86_64 1.1 13.00 83.00 96.00 WARN
r-patched-linux-x86_64 1.1 4.08 54.37 58.45 WARN
r-patched-solaris-sparc 1.1 724.00 WARN
r-patched-solaris-x86 1.1 170.50 WARN
r-release-linux-ix86 1.1 4.67 60.23 64.90 OK
r-release-linux-x86_64 1.1 3.96 52.63 56.59 OK
r-release-osx-x86_64-mavericks 1.1 OK
r-release-osx-x86_64-snowleopard 1.1 OK
r-release-windows-ix86+x86_64 1.1 12.00 80.00 92.00 OK
r-oldrel-windows-ix86+x86_64 1.1 11.00 82.00 93.00 OK

Check Details

Version: 1.1
Check: for unstated dependencies in examples
Result: WARN
    Warning: parse error in file ‘AdapEnetClass-Ex.R’:
    360:19: unexpected symbol
    359: plot<-plotObsEst(y, yEst, delta, xlab = NULL, ylab = NULL,
    360: title = Predicted versus
     ^
Flavors: r-devel-linux-x86_64-debian-clang, r-devel-linux-x86_64-debian-gcc, r-devel-linux-x86_64-fedora-clang, r-devel-linux-x86_64-fedora-gcc, r-devel-osx-x86_64-clang, r-patched-linux-x86_64, r-patched-solaris-sparc, r-patched-solaris-x86

Version: 1.1
Check: for unstated dependencies in examples
Result: WARN
    Warning: parse error in file 'AdapEnetClass-Ex.R':
    361:19: unexpected symbol
    360: plot<-plotObsEst(y, yEst, delta, xlab = NULL, ylab = NULL,
    361: title = Predicted versus
     ^
Flavor: r-devel-windows-ix86+x86_64