CRAN Package Check Results for Package AdapEnetClass

Last updated on 2014-07-25 14:47:32.

Flavor Version Tinstall Tcheck Ttotal Status Flags
r-devel-linux-x86_64-debian-clang 1.0 3.80 47.14 50.94 NOTE
r-devel-linux-x86_64-debian-gcc 1.0 3.98 47.87 51.85 NOTE
r-devel-linux-x86_64-fedora-clang 1.0 116.04 NOTE
r-devel-linux-x86_64-fedora-gcc 1.0 111.10 NOTE
r-devel-osx-x86_64-clang 1.0 91.91 NOTE
r-devel-windows-ix86+x86_64 1.0 10.00 66.00 76.00 NOTE
r-patched-linux-x86_64 1.0 3.78 45.82 49.61 NOTE
r-patched-solaris-sparc 1.0 638.40 NOTE
r-patched-solaris-x86 1.0 151.00 NOTE
r-release-linux-ix86 1.0 4.70 56.93 61.63 NOTE
r-release-linux-x86_64 1.0 3.93 48.20 52.13 NOTE
r-release-osx-x86_64-mavericks 1.0 NOTE
r-release-osx-x86_64-snowleopard 1.0 OK
r-release-windows-ix86+x86_64 1.0 11.00 74.00 85.00 NOTE
r-oldrel-windows-ix86+x86_64 1.0 11.00 67.00 78.00 NOTE

Check Details

Version: 1.0
Check: dependencies in R code
Result: NOTE
    Packages in Depends field not imported from:
     ‘glmnet’ ‘imputeYn’ ‘lars’
     These packages need to be imported from (in the NAMESPACE file)
     for when this namespace is loaded but not attached.
    See the information on DESCRIPTION files in the chapter ‘Creating R
    packages’ of the ‘Writing R Extensions’ manual.
Flavors: r-devel-linux-x86_64-debian-clang, r-devel-linux-x86_64-debian-gcc, r-devel-linux-x86_64-fedora-clang, r-devel-linux-x86_64-fedora-gcc, r-devel-osx-x86_64-clang, r-devel-windows-ix86+x86_64, r-patched-linux-x86_64, r-patched-solaris-sparc, r-patched-solaris-x86, r-release-linux-ix86, r-release-linux-x86_64, r-release-osx-x86_64-mavericks, r-release-windows-ix86+x86_64, r-oldrel-windows-ix86+x86_64