CRAN Package Check Results for Package AdapEnetClass

Last updated on 2014-10-21 19:47:32.

Flavor Version Tinstall Tcheck Ttotal Status Flags
r-devel-linux-x86_64-debian-clang 1.1 3.89 52.80 56.69 OK
r-devel-linux-x86_64-debian-gcc 1.1 0.32 1.49 1.81 ERROR
r-devel-linux-x86_64-fedora-clang 1.1 80.85 OK
r-devel-linux-x86_64-fedora-gcc 1.1 79.34 OK
r-devel-osx-x86_64-clang 1.1 64.06 OK
r-devel-windows-ix86+x86_64 1.1 11.00 71.00 82.00 OK
r-patched-linux-x86_64 1.1 3.98 52.26 56.24 OK
r-patched-solaris-sparc 1.1 637.70 OK
r-patched-solaris-x86 1.1 131.30 OK
r-release-linux-ix86 1.0 4.97 55.68 60.65 NOTE
r-release-linux-x86_64 1.0 3.82 48.03 51.85 NOTE
r-release-osx-x86_64-mavericks 1.1 OK
r-release-osx-x86_64-snowleopard 1.1 OK
r-release-windows-ix86+x86_64 1.1 10.00 67.00 77.00 OK
r-oldrel-windows-ix86+x86_64 1.1 10.00 76.00 86.00 OK

Check Details

Version: 1.1
Check: package dependencies
Result: ERROR
    Package required but not available: ‘imputeYn’
    
    See the information on DESCRIPTION files in the chapter ‘Creating R
    packages’ of the ‘Writing R Extensions’ manual.
Flavor: r-devel-linux-x86_64-debian-gcc

Version: 1.0
Check: dependencies in R code
Result: NOTE
    Packages in Depends field not imported from:
     ‘glmnet’ ‘imputeYn’ ‘lars’
     These packages need to be imported from (in the NAMESPACE file)
     for when this namespace is loaded but not attached.
    See the information on DESCRIPTION files in the chapter ‘Creating R
    packages’ of the ‘Writing R Extensions’ manual.
Flavors: r-release-linux-ix86, r-release-linux-x86_64