CRAN Package Check Results for Package AdapEnetClass

Last updated on 2015-02-01 11:47:05.

Flavor Version Tinstall Tcheck Ttotal Status Flags
r-devel-linux-x86_64-debian-clang 1.1 2.98 39.43 42.41 WARN
r-devel-linux-x86_64-debian-gcc 1.1 2.82 38.33 41.14 WARN
r-devel-linux-x86_64-fedora-clang 1.1 121.30 WARN
r-devel-linux-x86_64-fedora-gcc 1.1 86.18 WARN
r-devel-osx-x86_64-clang 1.1 85.54 WARN
r-devel-windows-ix86+x86_64 1.1 13.00 58.00 71.00 WARN
r-patched-linux-x86_64 1.1 3.96 51.02 54.98 WARN
r-patched-solaris-sparc 1.1 747.50 WARN
r-patched-solaris-x86 1.1 167.50 WARN
r-release-linux-ix86 1.1 4.67 61.89 66.56 OK
r-release-linux-x86_64 1.1 3.86 52.44 56.30 OK
r-release-osx-x86_64-mavericks 1.1 WARN
r-release-osx-x86_64-snowleopard 1.1 OK
r-release-windows-ix86+x86_64 1.1 13.00 82.00 95.00 OK
r-oldrel-windows-ix86+x86_64 1.1 11.00 78.00 89.00 OK

Check Details

Version: 1.1
Check: for unstated dependencies in examples
Result: WARN
    Warning: parse error in file ‘AdapEnetClass-Ex.R’:
    360:19: unexpected symbol
    359: plot<-plotObsEst(y, yEst, delta, xlab = NULL, ylab = NULL,
    360: title = Predicted versus
     ^
Flavors: r-devel-linux-x86_64-debian-clang, r-devel-linux-x86_64-debian-gcc, r-devel-linux-x86_64-fedora-clang, r-devel-linux-x86_64-fedora-gcc, r-devel-osx-x86_64-clang, r-patched-linux-x86_64, r-patched-solaris-sparc, r-patched-solaris-x86, r-release-osx-x86_64-mavericks

Version: 1.1
Check: for unstated dependencies in examples
Result: WARN
    Warning: parse error in file 'AdapEnetClass-Ex.R':
    361:19: unexpected symbol
    360: plot<-plotObsEst(y, yEst, delta, xlab = NULL, ylab = NULL,
    361: title = Predicted versus
     ^
Flavor: r-devel-windows-ix86+x86_64