CRAN Package Check Results for Package AdapEnetClass

Last updated on 2014-09-23 19:47:57.

Flavor Version Tinstall Tcheck Ttotal Status Flags
r-devel-linux-x86_64-debian-clang 1.0 3.66 45.54 49.20 NOTE
r-devel-linux-x86_64-debian-gcc 1.0 3.56 42.83 46.39 NOTE
r-devel-linux-x86_64-fedora-clang 1.0 114.75 NOTE
r-devel-linux-x86_64-fedora-gcc 1.0 101.65 NOTE
r-devel-osx-x86_64-clang 1.0 87.98 NOTE
r-devel-windows-ix86+x86_64 1.0 11.00 65.00 76.00 NOTE
r-patched-linux-x86_64 1.0 3.90 46.46 50.36 NOTE
r-patched-solaris-sparc 1.0 658.30 NOTE
r-patched-solaris-x86 1.0 151.00 NOTE
r-release-linux-ix86 1.0 4.70 58.23 62.92 NOTE
r-release-linux-x86_64 1.0 4.06 46.86 50.92 NOTE
r-release-osx-x86_64-mavericks 1.0 NOTE
r-release-osx-x86_64-snowleopard 1.0 OK
r-release-windows-ix86+x86_64 1.0 12.00 70.00 82.00 NOTE
r-oldrel-windows-ix86+x86_64 1.0 12.00 71.00 83.00 NOTE

Check Details

Version: 1.0
Check: dependencies in R code
Result: NOTE
    Packages in Depends field not imported from:
     ‘glmnet’ ‘imputeYn’ ‘lars’
     These packages need to be imported from (in the NAMESPACE file)
     for when this namespace is loaded but not attached.
    See the information on DESCRIPTION files in the chapter ‘Creating R
    packages’ of the ‘Writing R Extensions’ manual.
Flavors: r-devel-linux-x86_64-debian-clang, r-devel-linux-x86_64-debian-gcc, r-devel-linux-x86_64-fedora-clang, r-devel-linux-x86_64-fedora-gcc, r-devel-osx-x86_64-clang, r-devel-windows-ix86+x86_64, r-patched-linux-x86_64, r-patched-solaris-sparc, r-patched-solaris-x86, r-release-linux-ix86, r-release-linux-x86_64, r-release-osx-x86_64-mavericks, r-release-windows-ix86+x86_64, r-oldrel-windows-ix86+x86_64

Version: 1.0
Check: R code for possible problems
Result: NOTE
    AEnet.aft: no visible global function definition for ‘aft.kmweight’
    AEnetCC.aft: no visible global function definition for ‘aft.kmweight’
    AEnetCC.aft: no visible global function definition for
     ‘solve.QP.compact’
    Enet.wls: no visible global function definition for ‘aft.kmweight’
    Enet.wls: no visible global function definition for ‘glmnet’
    WEnet.aft: no visible global function definition for ‘aft.kmweight’
    WEnetCC.aft: no visible global function definition for ‘aft.kmweight’
    WEnetCC.aft: no visible global function definition for
     ‘solve.QP.compact’
    cv.AWEnet : cv.Enet: no visible global function definition for
     ‘cv.folds’
    cv.AWEnet : cv.Enet: no visible global function definition for
     ‘plotCVLars’
    cv.AWEnetCC: no visible global function definition for ‘aft.kmweight’
Flavors: r-devel-linux-x86_64-debian-clang, r-devel-linux-x86_64-debian-gcc, r-devel-linux-x86_64-fedora-clang, r-devel-linux-x86_64-fedora-gcc, r-devel-osx-x86_64-clang, r-devel-windows-ix86+x86_64