CRAN Package Check Results for Package AdaptFit

Last updated on 2015-07-04 23:47:04.

Flavor Version Tinstall Tcheck Ttotal Status Flags
r-devel-linux-x86_64-debian-clang 0.2-2 0.73 29.59 30.32 NOTE
r-devel-linux-x86_64-debian-gcc 0.2-2 0.72 28.63 29.35 NOTE
r-devel-linux-x86_64-fedora-clang 0.2-2 56.15 NOTE
r-devel-linux-x86_64-fedora-gcc 0.2-2 55.19 NOTE
r-devel-osx-x86_64-clang 0.2-2 49.01 NOTE
r-devel-windows-ix86+x86_64 0.2-2 7.00 49.00 56.00 NOTE
r-patched-linux-x86_64 0.2-2 0.76 29.91 30.66 NOTE
r-patched-solaris-sparc 0.2-2 547.00 NOTE
r-patched-solaris-x86 0.2-2 74.60 NOTE
r-release-linux-x86_64 0.2-2 0.76 31.18 31.94 NOTE
r-release-osx-x86_64-mavericks 0.2-2 NOTE
r-release-windows-ix86+x86_64 0.2-2 5.00 51.00 56.00 NOTE
r-oldrel-windows-ix86+x86_64 0.2-2 5.00 77.00 82.00 NOTE

Check Details

Version: 0.2-2
Check: dependencies in R code
Result: NOTE
    'library' or 'require' calls to packages already attached by Depends:
     ‘MASS’ ‘SemiPar’ ‘nlme’
     Please remove these calls from your code.
Flavors: r-devel-linux-x86_64-debian-clang, r-devel-linux-x86_64-debian-gcc, r-devel-linux-x86_64-fedora-clang, r-devel-linux-x86_64-fedora-gcc, r-devel-osx-x86_64-clang, r-devel-windows-ix86+x86_64, r-patched-linux-x86_64, r-patched-solaris-sparc, r-patched-solaris-x86, r-release-linux-x86_64, r-release-osx-x86_64-mavericks, r-release-windows-ix86+x86_64, r-oldrel-windows-ix86+x86_64

Version: 0.2-2
Check: R code for possible problems
Result: NOTE
    asp: no visible global function definition for ‘as.formula’
    asp: no visible global function definition for ‘var’
    aspm: no visible binding for global variable ‘X.Declan’
    aspm: no visible binding for global variable ‘Z.Jaida’
    aspm: no visible binding for global variable ‘group.vec.Handan’
    aspm: no visible global function definition for ‘as.formula’
    aspm: no visible global function definition for ‘glm’
    aspm: Error while checking: invalid ‘envir’ argument
    Undefined global functions or variables:
     X.Declan Z.Jaida as.formula glm group.vec.Handan var
    
    Found the following assignments to the global environment:
    File ‘AdaptFit/R/aspm.R’:
     assign("group.vec.Handan", group.vec, pos = 1)
     assign("X.Declan", X, pos = 1)
     assign("Z.Jaida", Z, pos = 1)
    
    Found the following calls to attach():
    File ‘AdaptFit/R/asp.R’:
     attach(theta.frame)
     attach(theta.frame)
    See section ‘Good practice’ in ‘?attach’.
Flavors: r-devel-linux-x86_64-debian-clang, r-devel-linux-x86_64-debian-gcc

Version: 0.2-2
Check: Rd line widths
Result: NOTE
    Rd file 'asp.Rd':
     \usage lines wider than 90 characters:
     spar.method="REML",omit.missing=NULL,niter=20,niter.var=50,tol=1e-06,returnFit=FALSE,weights=NULL,correlation=NULL,cont ... [TRUNCATED]
    
    These lines will be truncated in the PDF manual.
Flavors: r-devel-linux-x86_64-debian-clang, r-devel-linux-x86_64-debian-gcc, r-devel-linux-x86_64-fedora-clang, r-devel-linux-x86_64-fedora-gcc, r-patched-linux-x86_64, r-release-linux-x86_64

Version: 0.2-2
Check: R code for possible problems
Result: NOTE
    asp: no visible global function definition for ‘as.formula’
    asp: no visible global function definition for ‘var’
    aspm: no visible binding for global variable ‘X.Declan’
    aspm: no visible binding for global variable ‘Z.Jaida’
    aspm: no visible binding for global variable ‘group.vec.Handan’
    aspm: no visible global function definition for ‘as.formula’
    aspm: no visible global function definition for ‘glm’
    aspm: Error while checking: invalid 'envir' argument
    Undefined global functions or variables:
     X.Declan Z.Jaida as.formula glm group.vec.Handan var
    
    Found the following assignments to the global environment:
    File ‘AdaptFit/R/aspm.R’:
     assign("group.vec.Handan", group.vec, pos = 1)
     assign("X.Declan", X, pos = 1)
     assign("Z.Jaida", Z, pos = 1)
Flavor: r-devel-linux-x86_64-fedora-clang

Version: 0.2-2
Check: R code for possible problems
Result: NOTE
    asp: no visible global function definition for ‘as.formula’
    asp: no visible global function definition for ‘var’
    aspm: no visible binding for global variable ‘X.Declan’
    aspm: no visible binding for global variable ‘Z.Jaida’
    aspm: no visible binding for global variable ‘group.vec.Handan’
    aspm: no visible global function definition for ‘as.formula’
    aspm: no visible global function definition for ‘glm’
    aspm: Error while checking: invalid 'envir' argument
    Undefined global functions or variables:
     X.Declan Z.Jaida as.formula glm group.vec.Handan var
Flavor: r-devel-linux-x86_64-fedora-gcc

Version: 0.2-2
Check: R code for possible problems
Result: NOTE
    aspm: no visible binding for global variable ‘X.Declan’
    aspm: no visible binding for global variable ‘Z.Jaida’
    aspm: no visible binding for global variable ‘group.vec.Handan’
    Undefined global functions or variables:
     X.Declan Z.Jaida group.vec.Handan
    
    Found the following assignments to the global environment:
    File ‘AdaptFit/R/aspm.R’:
     assign("group.vec.Handan", group.vec, pos = 1)
     assign("X.Declan", X, pos = 1)
     assign("Z.Jaida", Z, pos = 1)
Flavor: r-devel-osx-x86_64-clang

Version: 0.2-2
Check: R code for possible problems
Result: NOTE
    asp: no visible global function definition for 'as.formula'
    asp: no visible global function definition for 'var'
    aspm: no visible binding for global variable 'X.Declan'
    aspm: no visible binding for global variable 'Z.Jaida'
    aspm: no visible binding for global variable 'group.vec.Handan'
    aspm: no visible global function definition for 'as.formula'
    aspm: no visible global function definition for 'glm'
    aspm: no visible global function definition for 'binomial'
    aspm: no visible global function definition for 'poisson'
    Undefined global functions or variables:
     X.Declan Z.Jaida as.formula binomial glm group.vec.Handan poisson var
Flavor: r-devel-windows-ix86+x86_64

Version: 0.2-2
Check: R code for possible problems
Result: NOTE
    aspm: no visible binding for global variable ‘X.Declan’
    aspm: no visible binding for global variable ‘Z.Jaida’
    aspm: no visible binding for global variable ‘group.vec.Handan’
    
    Found the following assignments to the global environment:
    File ‘AdaptFit/R/aspm.R’:
     assign("group.vec.Handan", group.vec, pos = 1)
     assign("X.Declan", X, pos = 1)
     assign("Z.Jaida", Z, pos = 1)
    
    Found the following calls to attach():
    File ‘AdaptFit/R/asp.R’:
     attach(theta.frame)
     attach(theta.frame)
    See section ‘Good practice’ in ‘?attach’.
Flavors: r-patched-linux-x86_64, r-release-linux-x86_64

Version: 0.2-2
Check: R code for possible problems
Result: NOTE
    aspm: no visible binding for global variable ‘X.Declan’
    aspm: no visible binding for global variable ‘Z.Jaida’
    aspm: no visible binding for global variable ‘group.vec.Handan’
Flavors: r-patched-solaris-sparc, r-patched-solaris-x86, r-release-osx-x86_64-mavericks, r-release-windows-ix86+x86_64, r-oldrel-windows-ix86+x86_64