CRAN Package Check Results for Package AdaptFit

Last updated on 2016-02-06 11:48:03.

Flavor Version Tinstall Tcheck Ttotal Status Flags
r-devel-linux-x86_64-debian-gcc 0.2-2 0.72 28.62 29.34 NOTE
r-devel-linux-x86_64-fedora-clang 0.2-2 54.06 NOTE
r-devel-linux-x86_64-fedora-gcc 0.2-2 51.36 NOTE
r-devel-osx-x86_64-clang 0.2-2 55.47 NOTE
r-devel-windows-ix86+x86_64 0.2-2 4.00 57.00 61.00 NOTE
r-patched-linux-x86_64 0.2-2 0.96 30.23 31.19 NOTE
r-patched-solaris-sparc 0.2-2 444.80 NOTE
r-patched-solaris-x86 0.2-2 69.90 NOTE
r-release-linux-x86_64 0.2-2 0.84 29.97 30.80 NOTE
r-release-osx-x86_64-mavericks 0.2-2 NOTE
r-release-windows-ix86+x86_64 0.2-2 4.00 53.00 57.00 NOTE
r-oldrel-windows-ix86+x86_64 0.2-2 8.00 78.00 86.00 NOTE

Check Details

Version: 0.2-2
Check: dependencies in R code
Result: NOTE
    'library' or 'require' calls to packages already attached by Depends:
     ‘MASS’ ‘SemiPar’ ‘nlme’
     Please remove these calls from your code.
Flavors: r-devel-linux-x86_64-debian-gcc, r-devel-linux-x86_64-fedora-clang, r-devel-linux-x86_64-fedora-gcc, r-devel-osx-x86_64-clang, r-devel-windows-ix86+x86_64, r-patched-linux-x86_64, r-patched-solaris-sparc, r-patched-solaris-x86, r-release-linux-x86_64, r-release-osx-x86_64-mavericks, r-release-windows-ix86+x86_64, r-oldrel-windows-ix86+x86_64

Version: 0.2-2
Check: R code for possible problems
Result: NOTE
    asp: no visible global function definition for ‘as.formula’
    asp: no visible global function definition for ‘var’
    aspm: no visible binding for global variable ‘X.Declan’
    aspm: no visible binding for global variable ‘Z.Jaida’
    aspm: no visible binding for global variable ‘group.vec.Handan’
    aspm: no visible global function definition for ‘as.formula’
    aspm: no visible global function definition for ‘glm’
    aspm: no visible global function definition for ‘binomial’
    aspm: no visible global function definition for ‘poisson’
    Undefined global functions or variables:
     X.Declan Z.Jaida as.formula binomial glm group.vec.Handan poisson var
    Consider adding
     importFrom("stats", "as.formula", "binomial", "glm", "poisson", "var")
    to your NAMESPACE.
    
    Found the following assignments to the global environment:
    File ‘AdaptFit/R/aspm.R’:
     assign("group.vec.Handan", group.vec, pos = 1)
     assign("X.Declan", X, pos = 1)
     assign("Z.Jaida", Z, pos = 1)
    
    Found the following calls to attach():
    File ‘AdaptFit/R/asp.R’:
     attach(theta.frame)
     attach(theta.frame)
    See section ‘Good practice’ in ‘?attach’.
Flavor: r-devel-linux-x86_64-debian-gcc

Version: 0.2-2
Check: Rd line widths
Result: NOTE
    Rd file 'asp.Rd':
     \usage lines wider than 90 characters:
     spar.method="REML",omit.missing=NULL,niter=20,niter.var=50,tol=1e-06,returnFit=FALSE,weights=NULL,correlation=NULL,cont ... [TRUNCATED]
    
    These lines will be truncated in the PDF manual.
Flavors: r-devel-linux-x86_64-debian-gcc, r-devel-linux-x86_64-fedora-clang, r-devel-linux-x86_64-fedora-gcc, r-patched-linux-x86_64, r-release-linux-x86_64

Version: 0.2-2
Check: R code for possible problems
Result: NOTE
    asp: no visible global function definition for ‘as.formula’
    asp: no visible global function definition for ‘var’
    aspm: no visible binding for global variable ‘X.Declan’
    aspm: no visible binding for global variable ‘Z.Jaida’
    aspm: no visible binding for global variable ‘group.vec.Handan’
    aspm: no visible global function definition for ‘as.formula’
    aspm: no visible global function definition for ‘glm’
    aspm: no visible global function definition for ‘binomial’
    aspm: no visible global function definition for ‘poisson’
    Undefined global functions or variables:
     X.Declan Z.Jaida as.formula binomial glm group.vec.Handan poisson var
    Consider adding
     importFrom("stats", "as.formula", "binomial", "glm", "poisson", "var")
    to your NAMESPACE.
    
    Found the following assignments to the global environment:
    File ‘AdaptFit/R/aspm.R’:
     assign("group.vec.Handan", group.vec, pos = 1)
     assign("X.Declan", X, pos = 1)
     assign("Z.Jaida", Z, pos = 1)
Flavor: r-devel-linux-x86_64-fedora-clang

Version: 0.2-2
Check: R code for possible problems
Result: NOTE
    asp: no visible global function definition for ‘as.formula’
    asp: no visible global function definition for ‘var’
    aspm: no visible binding for global variable ‘X.Declan’
    aspm: no visible binding for global variable ‘Z.Jaida’
    aspm: no visible binding for global variable ‘group.vec.Handan’
    aspm: no visible global function definition for ‘as.formula’
    aspm: no visible global function definition for ‘glm’
    aspm: no visible global function definition for ‘binomial’
    aspm: no visible global function definition for ‘poisson’
    Undefined global functions or variables:
     X.Declan Z.Jaida as.formula binomial glm group.vec.Handan poisson var
    Consider adding
     importFrom("stats", "as.formula", "binomial", "glm", "poisson", "var")
    to your NAMESPACE.
Flavors: r-devel-linux-x86_64-fedora-gcc, r-devel-windows-ix86+x86_64

Version: 0.2-2
Check: R code for possible problems
Result: NOTE
    asp: no visible global function definition for ‘as.formula’
    asp: no visible global function definition for ‘var’
    aspm: no visible binding for global variable ‘X.Declan’
    aspm: no visible binding for global variable ‘Z.Jaida’
    aspm: no visible binding for global variable ‘group.vec.Handan’
    aspm: no visible global function definition for ‘as.formula’
    aspm: no visible global function definition for ‘glm’
    aspm: no visible global function definition for ‘binomial’
    aspm: no visible global function definition for ‘poisson’
    Undefined global functions or variables:
     X.Declan Z.Jaida as.formula binomial glm group.vec.Handan poisson var
    Consider adding
     importFrom("stats", "as.formula", "binomial", "glm", "poisson", "var")
    to your NAMESPACE file.
    
    Found the following assignments to the global environment:
    File ‘AdaptFit/R/aspm.R’:
     assign("group.vec.Handan", group.vec, pos = 1)
     assign("X.Declan", X, pos = 1)
     assign("Z.Jaida", Z, pos = 1)
Flavor: r-devel-osx-x86_64-clang

Version: 0.2-2
Check: R code for possible problems
Result: NOTE
    aspm: no visible binding for global variable ‘X.Declan’
    aspm: no visible binding for global variable ‘Z.Jaida’
    aspm: no visible binding for global variable ‘group.vec.Handan’
    
    Found the following assignments to the global environment:
    File ‘AdaptFit/R/aspm.R’:
     assign("group.vec.Handan", group.vec, pos = 1)
     assign("X.Declan", X, pos = 1)
     assign("Z.Jaida", Z, pos = 1)
    
    Found the following calls to attach():
    File ‘AdaptFit/R/asp.R’:
     attach(theta.frame)
     attach(theta.frame)
    See section ‘Good practice’ in ‘?attach’.
Flavors: r-patched-linux-x86_64, r-release-linux-x86_64

Version: 0.2-2
Check: R code for possible problems
Result: NOTE
    aspm: no visible binding for global variable ‘X.Declan’
    aspm: no visible binding for global variable ‘Z.Jaida’
    aspm: no visible binding for global variable ‘group.vec.Handan’
Flavors: r-patched-solaris-sparc, r-patched-solaris-x86, r-release-osx-x86_64-mavericks, r-release-windows-ix86+x86_64, r-oldrel-windows-ix86+x86_64