CRAN Package Check Results for Package AdaptFit

Last updated on 2015-03-29 11:51:08.

Flavor Version Tinstall Tcheck Ttotal Status Flags
r-devel-linux-x86_64-debian-clang 0.2-2 0.76 36.39 37.15 NOTE
r-devel-linux-x86_64-debian-gcc 0.2-2 0.77 35.54 36.30 NOTE
r-devel-linux-x86_64-fedora-clang 0.2-2 69.91 NOTE
r-devel-linux-x86_64-fedora-gcc 0.2-2 70.44 NOTE
r-devel-osx-x86_64-clang 0.2-2 67.61 NOTE
r-prerel-windows-ix86+x86_64 0.2-2 7.00 63.00 70.00 NOTE
r-prerel-linux-x86_64 0.2-2 0.83 35.25 36.08 NOTE
r-prerel-solaris-sparc 0.2-2 541.40 NOTE
r-prerel-solaris-x86 0.2-2 89.10 NOTE
r-release-linux-x86_64 0.2-2 1.19 39.00 40.19 NOTE
r-release-osx-x86_64-mavericks 0.2-2 NOTE
r-release-osx-x86_64-snowleopard 0.2-2 NOTE
r-release-windows-ix86+x86_64 0.2-2 5.00 68.00 73.00 NOTE
r-oldrel-windows-ix86+x86_64 0.2-2 5.00 77.00 82.00 NOTE

Check Details

Version: 0.2-2
Check: dependencies in R code
Result: NOTE
    'library' or 'require' calls to packages already attached by Depends:
     ‘MASS’ ‘SemiPar’ ‘nlme’
     Please remove these calls from your code.
Flavors: r-devel-linux-x86_64-debian-clang, r-devel-linux-x86_64-debian-gcc, r-devel-linux-x86_64-fedora-clang, r-devel-linux-x86_64-fedora-gcc, r-devel-osx-x86_64-clang, r-prerel-windows-ix86+x86_64, r-prerel-linux-x86_64, r-prerel-solaris-sparc, r-prerel-solaris-x86, r-release-linux-x86_64, r-release-windows-ix86+x86_64

Version: 0.2-2
Check: R code for possible problems
Result: NOTE
    aspm: no visible binding for global variable ‘X.Declan’
    aspm: no visible binding for global variable ‘Z.Jaida’
    aspm: no visible binding for global variable ‘group.vec.Handan’
    
    Found the following assignments to the global environment:
    File ‘AdaptFit/R/aspm.R’:
     assign("group.vec.Handan", group.vec, pos = 1)
     assign("X.Declan", X, pos = 1)
     assign("Z.Jaida", Z, pos = 1)
    
    Found the following calls to attach():
    File ‘AdaptFit/R/asp.R’:
     attach(theta.frame)
     attach(theta.frame)
    See section ‘Good practice’ in ‘?attach’.
Flavors: r-devel-linux-x86_64-debian-clang, r-devel-linux-x86_64-debian-gcc, r-prerel-linux-x86_64, r-release-linux-x86_64

Version: 0.2-2
Check: Rd line widths
Result: NOTE
    Rd file 'asp.Rd':
     \usage lines wider than 90 characters:
     spar.method="REML",omit.missing=NULL,niter=20,niter.var=50,tol=1e-06,returnFit=FALSE,weights=NULL,correlation=NULL,cont ... [TRUNCATED]
    
    These lines will be truncated in the PDF manual.
Flavors: r-devel-linux-x86_64-debian-clang, r-devel-linux-x86_64-debian-gcc, r-devel-linux-x86_64-fedora-clang, r-devel-linux-x86_64-fedora-gcc, r-prerel-linux-x86_64, r-release-linux-x86_64

Version: 0.2-2
Check: R code for possible problems
Result: NOTE
    aspm: no visible binding for global variable ‘X.Declan’
    aspm: no visible binding for global variable ‘Z.Jaida’
    aspm: no visible binding for global variable ‘group.vec.Handan’
    
    Found the following assignments to the global environment:
    File ‘AdaptFit/R/aspm.R’:
     assign("group.vec.Handan", group.vec, pos = 1)
     assign("X.Declan", X, pos = 1)
     assign("Z.Jaida", Z, pos = 1)
Flavors: r-devel-linux-x86_64-fedora-clang, r-devel-osx-x86_64-clang

Version: 0.2-2
Check: R code for possible problems
Result: NOTE
    aspm: no visible binding for global variable ‘X.Declan’
    aspm: no visible binding for global variable ‘Z.Jaida’
    aspm: no visible binding for global variable ‘group.vec.Handan’
Flavors: r-devel-linux-x86_64-fedora-gcc, r-prerel-windows-ix86+x86_64, r-prerel-solaris-sparc, r-prerel-solaris-x86, r-release-osx-x86_64-mavericks, r-release-osx-x86_64-snowleopard, r-release-windows-ix86+x86_64, r-oldrel-windows-ix86+x86_64

Version: 0.2-2
Check: dependencies in R code
Result: NOTE
    'library' or 'require' calls to packages already attached by Depends:
     ‘MASS’ ‘SemiPar’ ‘nlme’
     Please remove these calls from your code.
    See the information on DESCRIPTION files in the chapter ‘Creating R
    packages’ of the ‘Writing R Extensions’ manual.
Flavors: r-release-osx-x86_64-mavericks, r-release-osx-x86_64-snowleopard, r-oldrel-windows-ix86+x86_64