CRAN Package Check Results for Package AdaptFit

Last updated on 2014-07-31 23:47:06.

Flavor Version Tinstall Tcheck Ttotal Status Flags
r-devel-linux-x86_64-debian-clang 0.2-2 0.87 39.82 40.69 NOTE
r-devel-linux-x86_64-debian-gcc 0.2-2 0.87 40.03 40.90 NOTE
r-devel-linux-x86_64-fedora-clang 0.2-2 80.44 NOTE
r-devel-linux-x86_64-fedora-gcc 0.2-2 76.43 NOTE
r-devel-osx-x86_64-clang 0.2-2 68.37 NOTE
r-devel-windows-ix86+x86_64 0.2-2 4.00 66.00 70.00 NOTE
r-patched-linux-x86_64 0.2-2 0.90 38.72 39.62 NOTE
r-patched-solaris-sparc 0.2-2 564.10 NOTE
r-patched-solaris-x86 0.2-2 95.80 NOTE
r-release-linux-ix86 0.2-2 1.30 49.65 50.95 NOTE
r-release-linux-x86_64 0.2-2 0.92 39.03 39.95 NOTE
r-release-osx-x86_64-mavericks 0.2-2 NOTE
r-release-osx-x86_64-snowleopard 0.2-2 NOTE
r-release-windows-ix86+x86_64 0.2-2 7.00 89.00 96.00 NOTE
r-oldrel-windows-ix86+x86_64 0.2-2 7.00 92.00 99.00 NOTE

Check Details

Version: 0.2-2
Check: dependencies in R code
Result: NOTE
    'library' or 'require' calls to packages already attached by Depends:
     MASS SemiPar nlme
     Please remove these calls from your code.
    See the information on DESCRIPTION files in the chapter Creating R
    packages of the Writing R Extensions manual.
Flavors: r-devel-linux-x86_64-debian-clang, r-devel-linux-x86_64-debian-gcc, r-devel-linux-x86_64-fedora-clang, r-devel-linux-x86_64-fedora-gcc, r-devel-osx-x86_64-clang, r-devel-windows-ix86+x86_64, r-patched-linux-x86_64, r-patched-solaris-sparc, r-patched-solaris-x86, r-release-linux-ix86, r-release-linux-x86_64, r-release-osx-x86_64-mavericks, r-release-osx-x86_64-snowleopard, r-release-windows-ix86+x86_64, r-oldrel-windows-ix86+x86_64

Version: 0.2-2
Check: R code for possible problems
Result: NOTE
    aspm: no visible binding for global variable X.Declan
    aspm: no visible binding for global variable Z.Jaida
    aspm: no visible binding for global variable group.vec.Handan
    
    Found the following assignments to the global environment:
    File AdaptFit/R/aspm.R :
     assign("group.vec.Handan", group.vec, pos = 1)
     assign("X.Declan", X, pos = 1)
     assign("Z.Jaida", Z, pos = 1)
Flavors: r-devel-linux-x86_64-debian-clang, r-devel-linux-x86_64-debian-gcc, r-devel-linux-x86_64-fedora-clang, r-devel-osx-x86_64-clang, r-patched-linux-x86_64, r-release-linux-ix86, r-release-linux-x86_64

Version: 0.2-2
Check: Rd line widths
Result: NOTE
    Rd file 'asp.Rd':
     \usage lines wider than 90 characters:
     spar.method="REML",omit.missing=NULL,niter=20,niter.var=50,tol=1e-06,returnFit=FALSE,weights=NULL,correlation=NULL,cont ... [TRUNCATED]
    
    These lines will be truncated in the PDF manual.
Flavors: r-devel-linux-x86_64-fedora-clang, r-devel-linux-x86_64-fedora-gcc

Version: 0.2-2
Check: R code for possible problems
Result: NOTE
    aspm: no visible binding for global variable X.Declan
    aspm: no visible binding for global variable Z.Jaida
    aspm: no visible binding for global variable group.vec.Handan
Flavors: r-devel-linux-x86_64-fedora-gcc, r-devel-windows-ix86+x86_64, r-patched-solaris-sparc, r-patched-solaris-x86, r-release-osx-x86_64-mavericks, r-release-osx-x86_64-snowleopard, r-release-windows-ix86+x86_64, r-oldrel-windows-ix86+x86_64