CRAN Package Check Results for Package AdaptFitOS

Last updated on 2014-04-23 12:48:13.

Flavor Version Tinstall Tcheck Ttotal Status Flags
r-devel-linux-x86_64-debian-clang 0.50 4.42 54.43 58.85 OK
r-devel-linux-x86_64-debian-gcc 0.50 4.52 54.95 59.46 OK
r-devel-linux-x86_64-fedora-clang 0.50 127.44 OK
r-devel-linux-x86_64-fedora-gcc 0.50 121.96 OK
r-devel-osx-x86_64-clang 0.50 103.48 OK
r-devel-osx-x86_64-gcc 0.50 OK
r-devel-windows-ix86+x86_64 0.50 16.00 90.00 106.00 OK
r-patched-linux-x86_64 0.50 4.68 53.92 58.60 OK
r-patched-solaris-sparc 0.50 664.80 OK
r-patched-solaris-x86 0.50 158.50 OK
r-release-linux-ix86 0.50 7.00 83.00 90.00 OK
r-release-linux-x86_64 0.50 4.62 53.71 58.33 OK
r-release-osx-x86_64-mavericks 0.50 WARN
r-release-osx-x86_64-snowleopard 0.50 OK
r-release-windows-ix86+x86_64 0.50 15.00 92.00 107.00 OK
r-oldrel-windows-ix86+x86_64 0.50 17.00 98.00 115.00 OK

Check Details

Version: 0.50
Check: PDF version of manual
Result: WARNING
    LaTeX errors when creating PDF version.
    This typically indicates Rd problems.
    LaTeX errors found:
    ! LaTeX Error: File `upquote.sty' not found.
    
    Type X to quit or <RETURN> to proceed,
    or enter new name. (Default extension: sty)
    
    47963b7c/Rd2.tex:8: ==> Fatal error occurred, no output PDF file produced!
Flavor: r-release-osx-x86_64-mavericks