CRAN Package Check Results for Package AdaptFitOS

Last updated on 2015-02-27 05:47:54.

Flavor Version Tinstall Tcheck Ttotal Status Flags
r-devel-linux-x86_64-debian-clang 0.54 3.34 44.97 48.31 NOTE
r-devel-linux-x86_64-debian-gcc 0.54 3.41 42.13 45.54 NOTE
r-devel-linux-x86_64-fedora-clang 0.54 105.10 NOTE
r-devel-linux-x86_64-fedora-gcc 0.54 83.58 NOTE
r-devel-osx-x86_64-clang 0.54 82.20 NOTE
r-devel-windows-ix86+x86_64 0.54 20.00 76.00 96.00 NOTE
r-patched-linux-x86_64 0.54 5.50 54.76 60.26 NOTE
r-patched-solaris-sparc 0.54 722.80 NOTE
r-patched-solaris-x86 0.54 161.10 NOTE
r-release-linux-ix86 0.54 5.77 62.86 68.63 OK
r-release-linux-x86_64 0.54 4.69 53.93 58.62 OK
r-release-osx-x86_64-mavericks 0.54 OK
r-release-osx-x86_64-snowleopard 0.54 OK
r-release-windows-ix86+x86_64 0.54 17.00 92.00 109.00 OK
r-oldrel-windows-ix86+x86_64 0.54 17.00 94.00 111.00 OK

Check Details

Version: 0.54
Check: dependencies in R code
Result: NOTE
    'library' or 'require' call to ‘splines’ in package code.
     Please use :: or requireNamespace() instead.
     See section 'Suggested packages' in the 'Writing R Extensions' manual.
Flavors: r-devel-linux-x86_64-debian-clang, r-devel-linux-x86_64-debian-gcc, r-devel-linux-x86_64-fedora-clang, r-devel-linux-x86_64-fedora-gcc, r-devel-osx-x86_64-clang, r-devel-windows-ix86+x86_64, r-patched-linux-x86_64, r-patched-solaris-sparc, r-patched-solaris-x86

Version: 0.54
Check: S3 generic/method consistency
Result: NOTE
    Found the following apparent S3 methods exported but not registered:
     Predict.matrix.lme Predict.matrix.ospline.smooth
     Predict.matrix.tlspline.smooth fitted.asp plot.asp plot.scbTest
     plot.scbm predict.asp print.asp residuals.asp
     smooth.construct.os.smooth.spec smooth.construct.tl.smooth.spec
     summary.asp
    See section ‘Registering S3 methods’ in the ‘Writing R Extensions’
    manual.
Flavors: r-devel-linux-x86_64-debian-clang, r-devel-linux-x86_64-debian-gcc, r-devel-linux-x86_64-fedora-clang, r-devel-linux-x86_64-fedora-gcc, r-devel-osx-x86_64-clang