CRAN Package Check Results for Package AdaptFitOS

Last updated on 2015-03-30 08:49:51.

Flavor Version Tinstall Tcheck Ttotal Status Flags
r-devel-linux-x86_64-debian-clang 0.54 3.28 43.30 46.58 NOTE
r-devel-linux-x86_64-debian-gcc 0.54 3.45 45.08 48.54 NOTE
r-devel-linux-x86_64-fedora-clang 0.54 92.91 NOTE
r-devel-linux-x86_64-fedora-gcc 0.54 92.94 NOTE
r-devel-osx-x86_64-clang 0.54 86.84 NOTE
r-prerel-windows-ix86+x86_64 0.54 13.00 74.00 87.00 NOTE
r-prerel-linux-x86_64 0.54 3.39 42.50 45.89 NOTE
r-prerel-solaris-sparc 0.54 569.60 NOTE
r-prerel-solaris-x86 0.54 118.60 NOTE
r-release-linux-x86_64 0.54 4.65 55.50 60.15 NOTE
r-release-osx-x86_64-mavericks 0.54 OK
r-release-osx-x86_64-snowleopard 0.54 OK
r-release-windows-ix86+x86_64 0.54 17.00 97.00 114.00 NOTE
r-oldrel-windows-ix86+x86_64 0.54 15.00 102.00 117.00 OK

Check Details

Version: 0.54
Check: dependencies in R code
Result: NOTE
    'library' or 'require' call to ‘splines’ in package code.
     Please use :: or requireNamespace() instead.
     See section 'Suggested packages' in the 'Writing R Extensions' manual.
Flavors: r-devel-linux-x86_64-debian-clang, r-devel-linux-x86_64-debian-gcc, r-devel-linux-x86_64-fedora-clang, r-devel-linux-x86_64-fedora-gcc, r-devel-osx-x86_64-clang, r-prerel-windows-ix86+x86_64, r-prerel-linux-x86_64, r-prerel-solaris-sparc, r-prerel-solaris-x86, r-release-linux-x86_64, r-release-windows-ix86+x86_64

Version: 0.54
Check: S3 generic/method consistency
Result: NOTE
    Found the following apparent S3 methods exported but not registered:
     Predict.matrix.lme Predict.matrix.ospline.smooth
     Predict.matrix.tlspline.smooth fitted.asp plot.asp plot.scbTest
     plot.scbm predict.asp print.asp residuals.asp
     smooth.construct.os.smooth.spec smooth.construct.tl.smooth.spec
     summary.asp
    See section ‘Registering S3 methods’ in the ‘Writing R Extensions’
    manual.
Flavors: r-devel-linux-x86_64-debian-clang, r-devel-linux-x86_64-debian-gcc, r-devel-linux-x86_64-fedora-clang, r-devel-linux-x86_64-fedora-gcc, r-devel-osx-x86_64-clang, r-prerel-linux-x86_64