CRAN Package Check Results for Package AdaptFitOS

Last updated on 2015-09-01 03:48:46.

Flavor Version Tinstall Tcheck Ttotal Status Flags
r-devel-linux-x86_64-debian-clang 0.62 3.18 47.35 50.53 NOTE
r-devel-linux-x86_64-debian-gcc 0.62 3.16 46.24 49.40 NOTE
r-devel-linux-x86_64-fedora-clang 0.62 99.74 NOTE
r-devel-linux-x86_64-fedora-gcc 0.62 93.63 NOTE
r-devel-osx-x86_64-clang 0.62 81.71 OK
r-devel-windows-ix86+x86_64 0.62 22.00 105.00 127.00 NOTE
r-patched-linux-x86_64 0.62 3.43 47.82 51.25 OK
r-patched-solaris-sparc 0.62 670.80 OK
r-patched-solaris-x86 0.62 143.50 OK
r-release-linux-x86_64 0.62 3.54 50.34 53.88 OK
r-release-osx-x86_64-mavericks 0.62 OK
r-release-windows-ix86+x86_64 0.62 18.00 101.00 119.00 OK
r-oldrel-windows-ix86+x86_64 0.62 22.00 133.00 155.00 OK

Check Details

Version: 0.62
Check: R code for possible problems
Result: NOTE
    Predict.matrix.lme: no visible global function definition for
     ‘integrate’
    asp2: no visible global function definition for ‘as.formula’
    asp2: no visible global function definition for ‘var’
    aspHetero: no visible global function definition for ‘fitted’
    aspHetero: no visible global function definition for ‘var’
    aspOS: no visible global function definition for ‘as.formula’
    aspOS: no visible global function definition for ‘var’
    aspmFormReadOS: no visible global function definition for
     ‘model.matrix’
    aspmFormReadOS: no visible global function definition for ‘as.formula’
    aspmFormReadOS: no visible binding for global variable ‘contrasts’
    aspmOS: no visible global function definition for ‘as.formula’
    aspmOS: no visible binding for global variable ‘glm.fit’
    aspmOS: no visible global function definition for ‘binomial’
    aspmOS: no visible global function definition for ‘poisson’
    default.knots: no visible global function definition for ‘quantile’
    plot.asp: no visible global function definition for ‘grey’
    plot.scbTest: no visible global function definition for ‘grey’
    plot.scbTest: no visible global function definition for ‘par’
    plot.scbTest: no visible global function definition for ‘polygon’
    plot.scbTest: no visible global function definition for ‘lines’
    plot.scbTest: no visible global function definition for ‘abline’
    plot.scbm: no visible global function definition for ‘grey’
    plot.scbm: no visible global function definition for ‘par’
    plot.scbm: no visible global function definition for ‘dev.interactive’
    plot.scbm: no visible global function definition for ‘devAskNewPage’
    plot.scbm: no visible global function definition for ‘polygon’
    plot.scbm: no visible global function definition for ‘lines’
    plot.scbm: no visible global function definition for ‘points’
    plot.scbm: no visible global function definition for ‘abline’
    predict.asp: no visible global function definition for ‘model.matrix’
    predict.asp: no visible global function definition for ‘as.formula’
    smooth.construct.os.smooth.spec: no visible global function definition
     for ‘integrate’
    smooth.construct.tl.smooth.spec: no visible global function definition
     for ‘quantile’
    spmDesignOS: no visible global function definition for ‘dist’
    spmOS: no visible global function definition for ‘as.formula’
    spmOS: no visible global function definition for ‘lm’
    spmOS: no visible global function definition for ‘glm’
    spmOS: no visible global function definition for ‘binomial’
    spmOS: no visible global function definition for ‘poisson’
    summary.asp: no visible global function definition for ‘pt’
    Undefined global functions or variables:
     abline as.formula binomial contrasts dev.interactive devAskNewPage
     dist fitted glm glm.fit grey integrate lines lm model.matrix par
     points poisson polygon pt quantile var
    Consider adding
     importFrom("grDevices", "dev.interactive", "devAskNewPage", "grey")
     importFrom("graphics", "abline", "lines", "par", "points", "polygon")
     importFrom("stats", "as.formula", "binomial", "contrasts", "dist",
     "fitted", "glm", "glm.fit", "integrate", "lm",
     "model.matrix", "poisson", "pt", "quantile", "var")
    to your NAMESPACE.
Flavors: r-devel-linux-x86_64-debian-clang, r-devel-linux-x86_64-debian-gcc, r-devel-linux-x86_64-fedora-clang, r-devel-linux-x86_64-fedora-gcc, r-devel-windows-ix86+x86_64