CRAN Package Check Results for Package AdaptFitOS

Last updated on 2015-01-27 21:47:48.

Flavor Version Tinstall Tcheck Ttotal Status Flags
r-devel-linux-x86_64-debian-clang 0.54 4.57 49.77 54.34 NOTE
r-devel-linux-x86_64-debian-gcc 0.54 3.91 45.33 49.24 NOTE
r-devel-linux-x86_64-fedora-clang 0.54 129.22 NOTE
r-devel-linux-x86_64-fedora-gcc 0.54 127.02 NOTE
r-devel-osx-x86_64-clang 0.54 103.37 NOTE
r-devel-windows-ix86+x86_64 0.54 15.00 77.00 92.00 NOTE
r-patched-linux-x86_64 0.54 4.45 55.01 59.46 OK
r-patched-solaris-sparc 0.54 719.30 OK
r-patched-solaris-x86 0.54 157.80 OK
r-release-linux-ix86 0.54 5.33 61.43 66.76 OK
r-release-linux-x86_64 0.54 4.51 52.58 57.08 OK
r-release-osx-x86_64-mavericks 0.54 OK
r-release-osx-x86_64-snowleopard 0.54 OK
r-release-windows-ix86+x86_64 0.54 16.00 94.00 110.00 OK
r-oldrel-windows-ix86+x86_64 0.54 16.00 90.00 106.00 OK

Check Details

Version: 0.54
Check: dependencies in R code
Result: NOTE
    'library' or 'require' call to ‘splines’ in package code.
     Please use :: or requireNamespace() instead.
     See section 'Suggested packages' in the 'Writing R Extensions' manual.
Flavors: r-devel-linux-x86_64-debian-clang, r-devel-linux-x86_64-debian-gcc, r-devel-linux-x86_64-fedora-clang, r-devel-linux-x86_64-fedora-gcc, r-devel-osx-x86_64-clang, r-devel-windows-ix86+x86_64

Version: 0.54
Check: S3 generic/method consistency
Result: NOTE
    Found the following apparent S3 methods exported but not registered:
     Predict.matrix.lme Predict.matrix.ospline.smooth
     Predict.matrix.tlspline.smooth print.asp summary.asp plot.asp
     plot.scbTest plot.scbm fitted.asp predict.asp residuals.asp
     smooth.construct.os.smooth.spec smooth.construct.tl.smooth.spec
    See section ‘Registering S3 methods’ in the ‘Writing R Extensions’
    manual.
Flavors: r-devel-linux-x86_64-debian-clang, r-devel-linux-x86_64-debian-gcc, r-devel-linux-x86_64-fedora-clang, r-devel-linux-x86_64-fedora-gcc, r-devel-osx-x86_64-clang