CRAN Package Check Results for Package AdaptFitOS

Last updated on 2015-07-02 11:48:01.

Flavor Version Tinstall Tcheck Ttotal Status Flags
r-devel-linux-x86_64-debian-clang 0.62 3.30 46.98 50.28 NOTE
r-devel-linux-x86_64-debian-gcc 0.62 3.30 47.07 50.37 NOTE
r-devel-linux-x86_64-fedora-clang 0.62 100.14 NOTE
r-devel-linux-x86_64-fedora-gcc 0.62 96.03 NOTE
r-devel-osx-x86_64-clang 0.62 89.14 OK
r-devel-windows-ix86+x86_64 0.62 13.00 92.00 105.00 NOTE
r-patched-linux-x86_64 0.62 3.40 46.73 50.13 OK
r-patched-solaris-sparc 0.62 672.60 OK
r-patched-solaris-x86 0.62 139.10 OK
r-release-linux-x86_64 0.62 3.33 47.47 50.80 OK
r-release-osx-x86_64-mavericks 0.62 OK
r-release-windows-ix86+x86_64 0.62 13.00 92.00 105.00 OK
r-oldrel-windows-ix86+x86_64 0.62 16.00 122.00 138.00 OK

Check Details

Version: 0.62
Check: R code for possible problems
Result: NOTE
    Predict.matrix.lme: no visible global function definition for
     ‘integrate’
    asp2: no visible global function definition for ‘as.formula’
    asp2: no visible global function definition for ‘var’
    aspHetero: no visible global function definition for ‘fitted’
    aspHetero: no visible global function definition for ‘var’
    aspOS: no visible global function definition for ‘as.formula’
    aspOS: no visible global function definition for ‘var’
    aspmFormReadOS: no visible global function definition for
     ‘model.matrix’
    aspmFormReadOS: no visible global function definition for ‘as.formula’
    aspmFormReadOS: no visible binding for global variable ‘contrasts’
    aspmOS: no visible global function definition for ‘as.formula’
    aspmOS: no visible binding for global variable ‘glm.fit’
    aspmOS: Error while checking: invalid ‘envir’ argument
    default.knots: no visible global function definition for ‘quantile’
    plot.asp: no visible global function definition for ‘grey’
    plot.scbTest: no visible global function definition for ‘grey’
    plot.scbTest: no visible global function definition for ‘par’
    plot.scbTest: no visible global function definition for ‘polygon’
    plot.scbTest: no visible global function definition for ‘lines’
    plot.scbTest: no visible global function definition for ‘abline’
    plot.scbm: no visible global function definition for ‘grey’
    plot.scbm: no visible global function definition for ‘par’
    plot.scbm: no visible global function definition for ‘dev.interactive’
    plot.scbm: no visible global function definition for ‘devAskNewPage’
    plot.scbm: no visible global function definition for ‘polygon’
    plot.scbm: no visible global function definition for ‘lines’
    plot.scbm: no visible global function definition for ‘points’
    plot.scbm: no visible global function definition for ‘abline’
    predict.asp: no visible global function definition for ‘model.matrix’
    predict.asp: no visible global function definition for ‘as.formula’
    smooth.construct.os.smooth.spec: no visible global function definition
     for ‘integrate’
    smooth.construct.tl.smooth.spec: no visible global function definition
     for ‘quantile’
    spmDesignOS: no visible global function definition for ‘dist’
    spmOS: no visible global function definition for ‘as.formula’
    spmOS: no visible global function definition for ‘lm’
    spmOS: no visible global function definition for ‘glm’
    spmOS: Error while checking: invalid ‘envir’ argument
    summary.asp: no visible global function definition for ‘pt’
Flavors: r-devel-linux-x86_64-debian-clang, r-devel-linux-x86_64-debian-gcc, r-devel-linux-x86_64-fedora-gcc, r-devel-windows-ix86+x86_64

Version: 0.62
Check: R code for possible problems
Result: NOTE
    Predict.matrix.lme: no visible global function definition for
     ‘integrate’
    asp2: no visible global function definition for ‘as.formula’
    asp2: no visible global function definition for ‘var’
    aspHetero: no visible global function definition for ‘fitted’
    aspHetero: no visible global function definition for ‘var’
    aspOS: no visible global function definition for ‘as.formula’
    aspOS: no visible global function definition for ‘var’
    aspmFormReadOS: no visible global function definition for
     ‘model.matrix’
    aspmFormReadOS: no visible global function definition for ‘as.formula’
    aspmFormReadOS: no visible binding for global variable ‘contrasts’
    aspmOS: no visible global function definition for ‘as.formula’
    aspmOS: no visible binding for global variable ‘glm.fit’
    aspmOS: Error while checking: invalid 'envir' argument
    default.knots: no visible global function definition for ‘quantile’
    plot.asp: no visible global function definition for ‘grey’
    plot.scbTest: no visible global function definition for ‘grey’
    plot.scbTest: no visible global function definition for ‘par’
    plot.scbTest: no visible global function definition for ‘polygon’
    plot.scbTest: no visible global function definition for ‘lines’
    plot.scbTest: no visible global function definition for ‘abline’
    plot.scbm: no visible global function definition for ‘grey’
    plot.scbm: no visible global function definition for ‘par’
    plot.scbm: no visible global function definition for ‘dev.interactive’
    plot.scbm: no visible global function definition for ‘devAskNewPage’
    plot.scbm: no visible global function definition for ‘polygon’
    plot.scbm: no visible global function definition for ‘lines’
    plot.scbm: no visible global function definition for ‘points’
    plot.scbm: no visible global function definition for ‘abline’
    predict.asp: no visible global function definition for ‘model.matrix’
    predict.asp: no visible global function definition for ‘as.formula’
    smooth.construct.os.smooth.spec: no visible global function definition
     for ‘integrate’
    smooth.construct.tl.smooth.spec: no visible global function definition
     for ‘quantile’
    spmDesignOS: no visible global function definition for ‘dist’
    spmOS: no visible global function definition for ‘as.formula’
    spmOS: no visible global function definition for ‘lm’
    spmOS: no visible global function definition for ‘glm’
    spmOS: Error while checking: invalid 'envir' argument
    summary.asp: no visible global function definition for ‘pt’
    Undefined global functions or variables:
     abline as.formula contrasts dev.interactive devAskNewPage dist fitted
     glm glm.fit grey integrate lines lm model.matrix par points polygon
     pt quantile var
Flavor: r-devel-linux-x86_64-fedora-clang