CRAN Package Check Results for Package AdaptFitOS

Last updated on 2015-04-19 23:49:06.

Flavor Version Tinstall Tcheck Ttotal Status Flags
r-devel-linux-x86_64-debian-clang 0.54 3.54 44.22 47.76 NOTE
r-devel-linux-x86_64-debian-gcc 0.54 3.38 43.95 47.32 NOTE
r-devel-linux-x86_64-fedora-clang 0.54 93.31 NOTE
r-devel-linux-x86_64-fedora-gcc 0.54 92.45 NOTE
r-devel-osx-x86_64-clang 0.54 79.01 NOTE
r-devel-windows-ix86+x86_64 0.54 22.00 74.00 96.00 NOTE
r-patched-linux-x86_64 0.54 3.46 43.28 46.74 NOTE
r-patched-solaris-sparc 0.54 569.60 NOTE
r-patched-solaris-x86 0.54 119.60 NOTE
r-release-linux-x86_64 0.54 3.34 42.64 45.97 NOTE
r-release-osx-x86_64-mavericks 0.54 NOTE
r-release-osx-x86_64-snowleopard 0.54 NOTE
r-release-windows-ix86+x86_64 0.54 11.00 73.00 84.00 NOTE
r-oldrel-windows-ix86+x86_64 0.54 14.00 88.00 102.00 NOTE

Check Details

Version: 0.54
Check: dependencies in R code
Result: NOTE
    'library' or 'require' call to ‘splines’ in package code.
     Please use :: or requireNamespace() instead.
     See section 'Suggested packages' in the 'Writing R Extensions' manual.
Flavors: r-devel-linux-x86_64-debian-clang, r-devel-linux-x86_64-debian-gcc, r-devel-linux-x86_64-fedora-clang, r-devel-linux-x86_64-fedora-gcc, r-devel-osx-x86_64-clang, r-devel-windows-ix86+x86_64, r-patched-linux-x86_64, r-patched-solaris-sparc, r-patched-solaris-x86, r-release-linux-x86_64, r-release-osx-x86_64-mavericks, r-release-osx-x86_64-snowleopard, r-release-windows-ix86+x86_64, r-oldrel-windows-ix86+x86_64

Version: 0.54
Check: S3 generic/method consistency
Result: NOTE
    Found the following apparent S3 methods exported but not registered:
     Predict.matrix.lme Predict.matrix.ospline.smooth
     Predict.matrix.tlspline.smooth fitted.asp plot.asp plot.scbTest
     plot.scbm predict.asp print.asp residuals.asp
     smooth.construct.os.smooth.spec smooth.construct.tl.smooth.spec
     summary.asp
    See section ‘Registering S3 methods’ in the ‘Writing R Extensions’
    manual.
Flavors: r-devel-linux-x86_64-debian-clang, r-devel-linux-x86_64-debian-gcc, r-devel-linux-x86_64-fedora-clang, r-devel-linux-x86_64-fedora-gcc, r-devel-osx-x86_64-clang, r-patched-linux-x86_64, r-release-linux-x86_64