CRAN Package Check Results for Package AdaptFitOS

Last updated on 2017-12-15 02:48:12 CET.

Flavor Version Tinstall Tcheck Ttotal Status Flags
r-devel-linux-x86_64-debian-clang 0.65 4.56 50.64 55.20 FAIL
r-devel-linux-x86_64-debian-gcc 0.65 4.04 57.10 61.14 OK
r-devel-linux-x86_64-fedora-clang 0.65 95.68 OK
r-devel-linux-x86_64-fedora-gcc 0.65 93.89 OK
r-devel-windows-ix86+x86_64 0.65 18.00 151.00 169.00 OK
r-patched-linux-x86_64 0.65 4.52 81.52 86.04 OK
r-patched-solaris-x86 0.65 147.10 OK
r-release-linux-x86_64 0.65 4.84 77.93 82.77 OK
r-release-windows-ix86+x86_64 0.65 12.00 115.00 127.00 OK
r-release-osx-x86_64 0.65 OK
r-oldrel-windows-ix86+x86_64 0.65 11.00 122.00 133.00 OK
r-oldrel-osx-x86_64 0.65 OK

Check Details

Version: 0.65
Check: pragmas in C/C++ headers and code
Result: FAIL
    
Flavor: r-devel-linux-x86_64-debian-clang