CRAN Package Check Results for Package AdequacyModel

Last updated on 2015-07-05 22:47:17.

Flavor Version Tinstall Tcheck Ttotal Status Flags
r-devel-linux-x86_64-debian-clang 1.0.8 0.58 10.51 11.09 NOTE
r-devel-linux-x86_64-debian-gcc 1.0.8 0.72 10.93 11.65 NOTE
r-devel-linux-x86_64-fedora-clang 1.0.8 19.81 NOTE
r-devel-linux-x86_64-fedora-gcc 1.0.8 19.60 NOTE
r-devel-osx-x86_64-clang 1.0.8 21.62 NOTE
r-devel-windows-ix86+x86_64 1.0.8 4.00 17.00 21.00 NOTE
r-patched-linux-x86_64 1.0.8 0.56 11.40 11.96 NOTE
r-patched-solaris-sparc 1.0.8 162.30 NOTE
r-patched-solaris-x86 1.0.8 30.90 NOTE
r-release-linux-x86_64 1.0.8 0.59 11.12 11.71 NOTE
r-release-osx-x86_64-mavericks 1.0.8 NOTE
r-release-windows-ix86+x86_64 1.0.8 3.00 18.00 21.00 NOTE
r-oldrel-windows-ix86+x86_64 1.0.8 4.00 24.00 28.00 OK

Check Details

Version: 1.0.8
Check: DESCRIPTION meta-information
Result: NOTE
    Malformed Title field: should not end in a period.
Flavors: r-devel-linux-x86_64-debian-clang, r-devel-linux-x86_64-debian-gcc, r-devel-linux-x86_64-fedora-clang, r-devel-linux-x86_64-fedora-gcc, r-devel-osx-x86_64-clang, r-devel-windows-ix86+x86_64, r-patched-linux-x86_64, r-patched-solaris-sparc, r-patched-solaris-x86, r-release-linux-x86_64, r-release-osx-x86_64-mavericks, r-release-windows-ix86+x86_64

Version: 1.0.8
Check: R code for possible problems
Result: NOTE
    TTT: no visible global function definition for ‘plot’
    TTT: no visible global function definition for ‘lines’
    descriptive : mode: no visible global function definition for ‘hist’
    descriptive: no visible global function definition for ‘median’
    descriptive: no visible global function definition for ‘var’
    goodness.fit: no visible global function definition for ‘missingArg’
    goodness.fit : myintegrate: no visible global function definition for
     ‘integrate’
    goodness.fit: no visible global function definition for ‘optim’
    goodness.fit: no visible global function definition for ‘qnorm’
    goodness.fit: no visible global function definition for ‘pnorm’
    goodness.fit: no visible global function definition for ‘var’
    goodness.fit : ks.testg: no visible global function definition for
     ‘ks.test’
    goodness.fit: no visible global function definition for ‘ks.test’
    rew: no visible global function definition for ‘runif’
    rkwbs: no visible global function definition for ‘runif’
    rkwbs: no visible global function definition for ‘qnorm’
    rkwp: no visible global function definition for ‘runif’
    rkwweibull: no visible global function definition for ‘runif’
    Undefined global functions or variables:
     hist integrate ks.test lines median missingArg optim plot pnorm qnorm
     runif var
Flavors: r-devel-linux-x86_64-debian-clang, r-devel-linux-x86_64-debian-gcc, r-devel-linux-x86_64-fedora-clang, r-devel-linux-x86_64-fedora-gcc, r-devel-windows-ix86+x86_64