CRAN Package Check Results for Package AdequacyModel

Last updated on 2015-05-29 15:46:26.

Flavor Version Tinstall Tcheck Ttotal Status Flags
r-devel-linux-x86_64-debian-clang 1.0.8 0.63 10.90 11.53 NOTE
r-devel-linux-x86_64-debian-gcc 1.0.8 0.55 11.30 11.86 NOTE
r-devel-linux-x86_64-fedora-clang 1.0.8 21.91 NOTE
r-devel-linux-x86_64-fedora-gcc 1.0.8 20.42 NOTE
r-devel-osx-x86_64-clang 1.0.8 23.28 NOTE
r-devel-windows-ix86+x86_64 1.0.8 3.00 17.00 20.00 NOTE
r-patched-linux-x86_64 1.0.8 0.56 10.86 11.42 NOTE
r-patched-solaris-sparc 1.0.8 162.30 NOTE
r-patched-solaris-x86 1.0.8 31.80 NOTE
r-release-linux-x86_64 1.0.8 0.60 10.78 11.38 NOTE
r-release-osx-x86_64-mavericks 1.0.8 NOTE
r-release-osx-x86_64-snowleopard 1.0.8 NOTE
r-release-windows-ix86+x86_64 1.0.8 2.00 16.00 18.00 NOTE
r-oldrel-windows-ix86+x86_64 1.0.8 4.00 24.00 28.00 OK

Check Details

Version: 1.0.8
Check: DESCRIPTION meta-information
Result: NOTE
    Malformed Title field: should not end in a period.
Flavors: r-devel-linux-x86_64-debian-clang, r-devel-linux-x86_64-debian-gcc, r-devel-linux-x86_64-fedora-clang, r-devel-linux-x86_64-fedora-gcc, r-devel-osx-x86_64-clang, r-devel-windows-ix86+x86_64, r-patched-linux-x86_64, r-patched-solaris-sparc, r-patched-solaris-x86, r-release-linux-x86_64, r-release-osx-x86_64-mavericks, r-release-osx-x86_64-snowleopard, r-release-windows-ix86+x86_64