CRAN Package Check Results for Package AdequacyModel

Last updated on 2015-04-02 02:48:06.

Flavor Version Tinstall Tcheck Ttotal Status Flags
r-devel-linux-x86_64-debian-clang 1.0.8 0.57 11.62 12.19 NOTE
r-devel-linux-x86_64-debian-gcc 1.0.8 0.56 11.40 11.96 NOTE
r-devel-linux-x86_64-fedora-clang 1.0.8 21.80 NOTE
r-devel-linux-x86_64-fedora-gcc 1.0.8 21.07 NOTE
r-devel-osx-x86_64-clang 1.0.8 26.97 NOTE
r-prerel-windows-ix86+x86_64 1.0.8 4.00 18.00 22.00 NOTE
r-prerel-linux-x86_64 1.0.8 0.56 11.67 12.22 NOTE
r-prerel-solaris-sparc 1.0.8 159.30 NOTE
r-prerel-solaris-x86 1.0.8 30.60 NOTE
r-release-linux-x86_64 1.0.8 0.66 11.79 12.45 OK
r-release-osx-x86_64-mavericks 1.0.8 OK
r-release-osx-x86_64-snowleopard 1.0.8 OK
r-release-windows-ix86+x86_64 1.0.8 4.00 24.00 28.00 OK
r-oldrel-windows-ix86+x86_64 1.0.8 2.00 18.00 20.00 OK

Check Details

Version: 1.0.8
Check: DESCRIPTION meta-information
Result: NOTE
    Malformed Title field: should not end in a period.
Flavors: r-devel-linux-x86_64-debian-clang, r-devel-linux-x86_64-debian-gcc, r-devel-linux-x86_64-fedora-clang, r-devel-linux-x86_64-fedora-gcc, r-devel-osx-x86_64-clang, r-prerel-windows-ix86+x86_64, r-prerel-linux-x86_64, r-prerel-solaris-sparc, r-prerel-solaris-x86