CRAN Package Check Results for Package AggregateR

Last updated on 2023-06-03 13:55:19 CEST.

Flavor Version Tinstall Tcheck Ttotal Status Flags
r-devel-linux-x86_64-debian-clang 0.1.1 5.22 44.09 49.31 NOTE
r-devel-linux-x86_64-debian-gcc 0.1.1 3.53 33.30 36.83 NOTE
r-devel-linux-x86_64-fedora-clang 0.1.1 60.11 NOTE
r-devel-linux-x86_64-fedora-gcc 0.1.1 65.87 NOTE
r-devel-windows-x86_64 0.1.1 6.00 59.00 65.00 NOTE
r-patched-linux-x86_64 0.1.1 NOTE
r-release-linux-x86_64 0.1.1 5.14 41.58 46.72 NOTE
r-release-macos-arm64 0.1.1 23.00 NOTE
r-release-macos-x86_64 0.1.1 33.00 NOTE
r-release-windows-x86_64 0.1.1 7.00 61.00 68.00 NOTE
r-oldrel-macos-arm64 0.1.1 22.00 NOTE
r-oldrel-macos-x86_64 0.1.1 31.00 NOTE
r-oldrel-windows-x86_64 0.1.1 7.00 65.00 72.00 NOTE

Check Details

Version: 0.1.1
Check: LazyData
Result: NOTE
     'LazyData' is specified without a 'data' directory
Flavors: r-devel-linux-x86_64-debian-clang, r-devel-linux-x86_64-debian-gcc, r-devel-linux-x86_64-fedora-clang, r-devel-linux-x86_64-fedora-gcc, r-devel-windows-x86_64, r-patched-linux-x86_64, r-release-linux-x86_64, r-release-macos-arm64, r-release-macos-x86_64, r-release-windows-x86_64, r-oldrel-macos-arm64, r-oldrel-macos-x86_64, r-oldrel-windows-x86_64