CRAN Package Check Results for Package Ake

Last updated on 2024-02-29 01:55:16 CET.

Flavor Version Tinstall Tcheck Ttotal Status Flags
r-devel-linux-x86_64-debian-clang 1.0.1 2.72 30.71 33.43 NOTE
r-devel-linux-x86_64-debian-gcc 1.0.1 2.40 23.82 26.22 NOTE
r-devel-linux-x86_64-fedora-clang 1.0.1 41.53 NOTE
r-devel-linux-x86_64-fedora-gcc 1.0.1 41.95 NOTE
r-devel-windows-x86_64 1.0.1 4.00 44.00 48.00 OK
r-patched-linux-x86_64 1.0.1 3.52 30.42 33.94 OK
r-release-linux-x86_64 1.0.1 2.80 29.61 32.41 OK
r-release-macos-arm64 1.0.1 16.00 OK
r-release-macos-x86_64 1.0.1 22.00 OK
r-release-windows-x86_64 1.0.1 4.00 45.00 49.00 OK
r-oldrel-macos-arm64 1.0.1 17.00 OK
r-oldrel-windows-x86_64 1.0.1 4.00 48.00 52.00 OK

Check Details

Version: 1.0.1
Check: Rd files
Result: NOTE checkRd: (-1) plot.dke.fun.Rd:33: Lost braces; missing escapes or markup? 33 | \item{las}{ Numeric in {0,1,2,3}; the style of axis labels. | ^ Flavors: r-devel-linux-x86_64-debian-clang, r-devel-linux-x86_64-debian-gcc, r-devel-linux-x86_64-fedora-clang, r-devel-linux-x86_64-fedora-gcc