CRAN Package Check Results for Package AlgDesign

Last updated on 2016-06-29 07:46:45.

Flavor Version Tinstall Tcheck Ttotal Status Flags
r-devel-linux-x86_64-debian-gcc 1.1-7.3 4.16 20.65 24.81 NOTE
r-devel-linux-x86_64-fedora-clang 1.1-7.3 42.92 NOTE
r-devel-linux-x86_64-fedora-gcc 1.1-7.3 34.91 NOTE
r-devel-osx-x86_64-clang 1.1-7.3 33.77 NOTE
r-devel-windows-ix86+x86_64 1.1-7.3 17.00 46.00 63.00 NOTE
r-patched-linux-x86_64 1.1-7.3 4.40 20.03 24.44 NOTE
r-patched-solaris-sparc 1.1-7.3 239.30 NOTE
r-patched-solaris-x86 1.1-7.3 58.20 NOTE
r-release-linux-x86_64 1.1-7.3 3.92 18.71 22.62 NOTE
r-release-osx-x86_64-mavericks 1.1-7.3 NOTE
r-release-windows-ix86+x86_64 1.1-7.3 16.00 45.00 61.00 NOTE
r-oldrel-windows-ix86+x86_64 1.1-7.3 13.00 33.00 46.00 OK

Check Details

Version: 1.1-7.3
Check: R code for possible problems
Result: NOTE
    eval.blockdesign: no visible global function definition for
     ‘model.matrix’
    eval.design: no visible global function definition for ‘model.matrix’
    expand.formula: no visible global function definition for ‘as.formula’
    model.matrix.formula: no visible global function definition for
     ‘model.matrix.default’
    model.matrix.terms: no visible global function definition for
     ‘model.matrix.default’
    optBlock : set.factors: no visible global function definition for ‘C’
    optBlock : remove.nesting: no visible global function definition for
     ‘as.formula’
    optBlock: no visible global function definition for ‘formula’
    optBlock: no visible global function definition for ‘model.matrix’
    optFederov: no visible global function definition for ‘formula’
    optFederov: no visible global function definition for ‘model.matrix’
    optMonteCarlo : RandomLevels: no visible global function definition for
     ‘runif’
    optMonteCarlo : RandomMixture: no visible global function definition
     for ‘rexp’
    optMonteCarlo : expand: no visible global function definition for
     ‘model.matrix’
    optMonteCarlo: no visible global function definition for ‘as.formula’
    Undefined global functions or variables:
     C as.formula formula model.matrix model.matrix.default rexp runif
    Consider adding
     importFrom("stats", "C", "as.formula", "formula", "model.matrix",
     "model.matrix.default", "rexp", "runif")
    to your NAMESPACE file.
Flavors: r-devel-linux-x86_64-debian-gcc, r-devel-linux-x86_64-fedora-clang, r-devel-linux-x86_64-fedora-gcc, r-devel-osx-x86_64-clang, r-devel-windows-ix86+x86_64, r-patched-linux-x86_64, r-patched-solaris-sparc, r-patched-solaris-x86, r-release-linux-x86_64, r-release-osx-x86_64-mavericks, r-release-windows-ix86+x86_64