CRAN Package Check Results for Package AlgDesign

Last updated on 2017-10-16 23:47:17.

Flavor Version Tinstall Tcheck Ttotal Status Flags
r-devel-linux-x86_64-debian-clang 1.1-7.3 5.27 22.48 27.75 NOTE
r-devel-linux-x86_64-debian-gcc 1.1-7.3 4.26 25.42 29.69 NOTE
r-devel-linux-x86_64-fedora-clang 1.1-7.3 49.30 NOTE
r-devel-linux-x86_64-fedora-gcc 1.1-7.3 43.96 NOTE
r-devel-windows-ix86+x86_64 1.1-7.3 20.00 46.00 66.00 NOTE
r-patched-linux-x86_64 1.1-7.3 4.15 21.92 26.07 NOTE
r-patched-solaris-x86 1.1-7.3 63.10 NOTE
r-release-linux-x86_64 1.1-7.3 4.07 22.17 26.24 NOTE
r-release-windows-ix86+x86_64 1.1-7.3 14.00 51.00 65.00 NOTE
r-release-osx-x86_64 1.1-7.3 NOTE
r-oldrel-windows-ix86+x86_64 1.1-7.3 27.00 44.00 71.00 NOTE
r-oldrel-osx-x86_64 1.1-7.3 NOTE

Additional issues

rchk

Check Details

Version: 1.1-7.3
Check: R code for possible problems
Result: NOTE
    eval.blockdesign: no visible global function definition for
     ‘model.matrix’
    eval.design: no visible global function definition for ‘model.matrix’
    expand.formula: no visible global function definition for ‘as.formula’
    model.matrix.formula: no visible global function definition for
     ‘model.matrix.default’
    model.matrix.terms: no visible global function definition for
     ‘model.matrix.default’
    optBlock : set.factors: no visible global function definition for ‘C’
    optBlock : remove.nesting: no visible global function definition for
     ‘as.formula’
    optBlock: no visible global function definition for ‘formula’
    optBlock: no visible global function definition for ‘model.matrix’
    optFederov: no visible global function definition for ‘formula’
    optFederov: no visible global function definition for ‘model.matrix’
    optMonteCarlo : RandomLevels: no visible global function definition for
     ‘runif’
    optMonteCarlo : RandomMixture: no visible global function definition
     for ‘rexp’
    optMonteCarlo : expand: no visible global function definition for
     ‘model.matrix’
    optMonteCarlo: no visible global function definition for ‘as.formula’
    Undefined global functions or variables:
     C as.formula formula model.matrix model.matrix.default rexp runif
    Consider adding
     importFrom("stats", "C", "as.formula", "formula", "model.matrix",
     "model.matrix.default", "rexp", "runif")
    to your NAMESPACE file.
Flavors: r-devel-linux-x86_64-debian-clang, r-devel-linux-x86_64-debian-gcc, r-devel-linux-x86_64-fedora-clang, r-devel-linux-x86_64-fedora-gcc, r-devel-windows-ix86+x86_64, r-patched-linux-x86_64, r-patched-solaris-x86, r-release-linux-x86_64, r-release-windows-ix86+x86_64, r-release-osx-x86_64, r-oldrel-windows-ix86+x86_64, r-oldrel-osx-x86_64

Version: 1.1-7.3
Check: compiled code
Result: NOTE
    File ‘AlgDesign/libs/AlgDesign.so’:
     Found no calls to: ‘R_registerRoutines’, ‘R_useDynamicSymbols’
    
    It is good practice to register native routines and to disable symbol
    search.
    
    See ‘Writing portable packages’ in the ‘Writing R Extensions’ manual.
Flavors: r-devel-linux-x86_64-debian-clang, r-devel-linux-x86_64-debian-gcc, r-devel-linux-x86_64-fedora-clang, r-devel-linux-x86_64-fedora-gcc, r-patched-linux-x86_64, r-release-linux-x86_64