CRAN Package Check Results for Package AlgDesign

Last updated on 2015-07-29 17:47:49.

Flavor Version Tinstall Tcheck Ttotal Status Flags
r-devel-linux-x86_64-debian-clang 1.1-7.3 3.25 18.02 21.28 NOTE
r-devel-linux-x86_64-debian-gcc 1.1-7.3 3.77 18.15 21.92 NOTE
r-devel-linux-x86_64-fedora-clang 1.1-7.3 40.76 NOTE
r-devel-linux-x86_64-fedora-gcc 1.1-7.3 39.14 NOTE
r-devel-osx-x86_64-clang 1.1-7.3 38.93 OK
r-devel-windows-ix86+x86_64 1.1-7.3 21.00 30.00 51.00 NOTE
r-patched-linux-x86_64 1.1-7.3 3.98 19.13 23.11 OK
r-patched-solaris-sparc 1.1-7.3 253.80 OK
r-patched-solaris-x86 1.1-7.3 60.20 OK
r-release-linux-x86_64 1.1-7.3 3.84 18.08 21.92 OK
r-release-osx-x86_64-mavericks 1.1-7.3 OK
r-release-windows-ix86+x86_64 1.1-7.3 14.00 34.00 48.00 OK
r-oldrel-windows-ix86+x86_64 1.1-7.3 19.00 42.00 61.00 OK

Check Details

Version: 1.1-7.3
Check: R code for possible problems
Result: NOTE
    eval.blockdesign: no visible global function definition for
     ‘model.matrix’
    eval.design: no visible global function definition for ‘model.matrix’
    expand.formula: no visible global function definition for ‘as.formula’
    model.matrix.formula: no visible global function definition for
     ‘model.matrix.default’
    model.matrix.terms: no visible global function definition for
     ‘model.matrix.default’
    optBlock : set.factors: no visible global function definition for ‘C’
    optBlock : remove.nesting: no visible global function definition for
     ‘as.formula’
    optBlock: no visible global function definition for ‘formula’
    optBlock: no visible global function definition for ‘model.matrix’
    optFederov: no visible global function definition for ‘formula’
    optFederov: no visible global function definition for ‘model.matrix’
    optMonteCarlo : RandomLevels: no visible global function definition for
     ‘runif’
    optMonteCarlo : RandomMixture: no visible global function definition
     for ‘rexp’
    optMonteCarlo : expand: no visible global function definition for
     ‘model.matrix’
    optMonteCarlo: no visible global function definition for ‘as.formula’
    Undefined global functions or variables:
     C as.formula formula model.matrix model.matrix.default rexp runif
    Consider adding
     importFrom("stats", "C", "as.formula", "formula", "model.matrix",
     "model.matrix.default", "rexp", "runif")
    to your NAMESPACE.
Flavors: r-devel-linux-x86_64-debian-clang, r-devel-linux-x86_64-debian-gcc, r-devel-linux-x86_64-fedora-clang, r-devel-linux-x86_64-fedora-gcc, r-devel-windows-ix86+x86_64