CRAN Package Check Results for Package AlgDesign

Last updated on 2016-07-26 13:48:48.

Flavor Version Tinstall Tcheck Ttotal Status Flags
r-devel-linux-x86_64-debian-clang 1.1-7.3 5.64 23.78 29.42 NOTE
r-devel-linux-x86_64-debian-gcc 1.1-7.3 4.85 22.46 27.31 NOTE
r-devel-linux-x86_64-fedora-clang 1.1-7.3 45.85 NOTE
r-devel-linux-x86_64-fedora-gcc 1.1-7.3 35.42 NOTE
r-devel-osx-x86_64-clang 1.1-7.3 33.52 NOTE
r-devel-windows-ix86+x86_64 1.1-7.3 11.00 43.00 54.00 NOTE
r-patched-linux-x86_64 1.1-7.3 4.45 21.94 26.40 NOTE
r-patched-solaris-sparc 1.1-7.3 239.30 NOTE
r-patched-solaris-x86 1.1-7.3 54.90 NOTE
r-release-linux-x86_64 1.1-7.3 4.78 22.76 27.55 NOTE
r-release-osx-x86_64-mavericks 1.1-7.3 NOTE
r-release-windows-ix86+x86_64 1.1-7.3 16.00 45.00 61.00 NOTE
r-oldrel-windows-ix86+x86_64 1.1-7.3 13.00 33.00 46.00 OK

Check Details

Version: 1.1-7.3
Check: R code for possible problems
Result: NOTE
    eval.blockdesign: no visible global function definition for
     ‘model.matrix’
    eval.design: no visible global function definition for ‘model.matrix’
    expand.formula: no visible global function definition for ‘as.formula’
    model.matrix.formula: no visible global function definition for
     ‘model.matrix.default’
    model.matrix.terms: no visible global function definition for
     ‘model.matrix.default’
    optBlock : set.factors: no visible global function definition for ‘C’
    optBlock : remove.nesting: no visible global function definition for
     ‘as.formula’
    optBlock: no visible global function definition for ‘formula’
    optBlock: no visible global function definition for ‘model.matrix’
    optFederov: no visible global function definition for ‘formula’
    optFederov: no visible global function definition for ‘model.matrix’
    optMonteCarlo : RandomLevels: no visible global function definition for
     ‘runif’
    optMonteCarlo : RandomMixture: no visible global function definition
     for ‘rexp’
    optMonteCarlo : expand: no visible global function definition for
     ‘model.matrix’
    optMonteCarlo: no visible global function definition for ‘as.formula’
    Undefined global functions or variables:
     C as.formula formula model.matrix model.matrix.default rexp runif
    Consider adding
     importFrom("stats", "C", "as.formula", "formula", "model.matrix",
     "model.matrix.default", "rexp", "runif")
    to your NAMESPACE file.
Flavors: r-devel-linux-x86_64-debian-clang, r-devel-linux-x86_64-debian-gcc, r-devel-linux-x86_64-fedora-clang, r-devel-linux-x86_64-fedora-gcc, r-devel-osx-x86_64-clang, r-devel-windows-ix86+x86_64, r-patched-linux-x86_64, r-patched-solaris-sparc, r-patched-solaris-x86, r-release-linux-x86_64, r-release-osx-x86_64-mavericks, r-release-windows-ix86+x86_64