CRAN Package Check Results for Package AlgDesign

Last updated on 2015-06-30 19:47:36.

Flavor Version Tinstall Tcheck Ttotal Status Flags
r-devel-linux-x86_64-debian-clang 1.1-7.3 3.21 17.53 20.74 NOTE
r-devel-linux-x86_64-debian-gcc 1.1-7.3 4.54 17.42 21.96 NOTE
r-devel-linux-x86_64-fedora-clang 1.1-7.3 40.16 NOTE
r-devel-linux-x86_64-fedora-gcc 1.1-7.3 37.24 OK
r-devel-osx-x86_64-clang 1.1-7.3 38.75 OK
r-devel-windows-ix86+x86_64 1.1-7.3 20.00 32.00 52.00 OK
r-patched-linux-x86_64 1.1-7.3 3.91 18.77 22.68 OK
r-patched-solaris-sparc 1.1-7.3 272.00 OK
r-patched-solaris-x86 1.1-7.3 59.30 OK
r-release-linux-x86_64 1.1-7.3 3.84 18.00 21.84 OK
r-release-osx-x86_64-mavericks 1.1-7.3 OK
r-release-windows-ix86+x86_64 1.1-7.3 10.00 31.00 41.00 OK
r-oldrel-windows-ix86+x86_64 1.1-7.3 19.00 42.00 61.00 OK

Check Details

Version: 1.1-7.3
Check: R code for possible problems
Result: NOTE
    eval.blockdesign: no visible global function definition for
     ‘model.matrix’
    eval.design: no visible global function definition for ‘model.matrix’
    expand.formula: no visible global function definition for ‘as.formula’
    model.matrix.formula: no visible global function definition for
     ‘model.matrix.default’
    model.matrix.terms: no visible global function definition for
     ‘model.matrix.default’
    optBlock : set.factors: no visible global function definition for ‘C’
    optBlock : remove.nesting: no visible global function definition for
     ‘as.formula’
    optBlock: no visible global function definition for ‘formula’
    optBlock: no visible global function definition for ‘model.matrix’
    optFederov: no visible global function definition for ‘formula’
    optFederov: no visible global function definition for ‘model.matrix’
    optMonteCarlo : RandomLevels: no visible global function definition for
     ‘runif’
    optMonteCarlo : RandomMixture: no visible global function definition
     for ‘rexp’
    optMonteCarlo : expand: no visible global function definition for
     ‘model.matrix’
    optMonteCarlo: no visible global function definition for ‘as.formula’
Flavors: r-devel-linux-x86_64-debian-clang, r-devel-linux-x86_64-debian-gcc, r-devel-linux-x86_64-fedora-clang